{"id":981,"date":"2023-07-05T16:19:14","date_gmt":"2023-07-05T19:19:14","guid":{"rendered":"https:\/\/site.ifes.edu.br\/lab-instrumentacao\/?page_id=981"},"modified":"2023-07-06T05:48:28","modified_gmt":"2023-07-06T08:48:28","slug":"tubo-antigravidade","status":"publish","type":"page","link":"https:\/\/site.ifes.edu.br\/lab-instrumentacao\/tubo-antigravidade\/","title":{"rendered":"Tubo Antigravidade"},"content":{"rendered":"\n<h2 class=\"wp-block-heading\">Tubo Antigravidade<\/h2>\n\n\n\n<p>O roteiro do experimento &#8220;Tubo Antigravidade&#8221; viabiliza a demonstra\u00e7\u00e3o experimental dos conceitos relacionados aos materiais ferromagn\u00e9ticos, diamagn\u00e9ticos e paramagn\u00e9ticos, bem como do eletromagnetismo, com foco espec\u00edfico na lei de Lenz-Faraday. Tal experimento propicia a oportunidade de abordar o ensino investigativo no campo da f\u00edsica.<\/p>\n\n\n\n<p><\/p>\n\n\n\n<div class=\"wp-block-file\"><a href=\"https:\/\/site.ifes.edu.br\/lab-instrumentacao\/wp-content\/uploads\/sites\/15\/2023\/07\/Roteiro-Tubo-Antigravidade.pdf\">Roteiro-Tubo-Antigravidade<\/a><a href=\"https:\/\/site.ifes.edu.br\/lab-instrumentacao\/wp-content\/uploads\/sites\/15\/2023\/07\/Roteiro-Tubo-Antigravidade.pdf\" class=\"wp-block-file__button\" download>Baixar<\/a><\/div>\n\n\n\n<p><\/p>\n","protected":false},"excerpt":{"rendered":"<p>Tubo Antigravidade O roteiro do experimento &#8220;Tubo Antigravidade&#8221; viabiliza a demonstra\u00e7\u00e3o experimental dos conceitos relacionados aos materiais ferromagn\u00e9ticos, diamagn\u00e9ticos e paramagn\u00e9ticos, bem como do eletromagnetismo, com foco espec\u00edfico na lei de Lenz-Faraday. Tal experimento propicia a oportunidade de abordar o ensino investigativo no campo da f\u00edsica.<\/p>\n","protected":false},"author":12,"featured_media":0,"parent":0,"menu_order":0,"comment_status":"closed","ping_status":"closed","template":"","meta":{"footnotes":""},"class_list":["post-981","page","type-page","status-publish","hentry"],"_links":{"self":[{"href":"https:\/\/site.ifes.edu.br\/lab-instrumentacao\/wp-json\/wp\/v2\/pages\/981"}],"collection":[{"href":"https:\/\/site.ifes.edu.br\/lab-instrumentacao\/wp-json\/wp\/v2\/pages"}],"about":[{"href":"https:\/\/site.ifes.edu.br\/lab-instrumentacao\/wp-json\/wp\/v2\/types\/page"}],"author":[{"embeddable":true,"href":"https:\/\/site.ifes.edu.br\/lab-instrumentacao\/wp-json\/wp\/v2\/users\/12"}],"replies":[{"embeddable":true,"href":"https:\/\/site.ifes.edu.br\/lab-instrumentacao\/wp-json\/wp\/v2\/comments?post=981"}],"version-history":[{"count":1,"href":"https:\/\/site.ifes.edu.br\/lab-instrumentacao\/wp-json\/wp\/v2\/pages\/981\/revisions"}],"predecessor-version":[{"id":983,"href":"https:\/\/site.ifes.edu.br\/lab-instrumentacao\/wp-json\/wp\/v2\/pages\/981\/revisions\/983"}],"wp:attachment":[{"href":"https:\/\/site.ifes.edu.br\/lab-instrumentacao\/wp-json\/wp\/v2\/media?parent=981"}],"curies":[{"name":"wp","href":"https:\/\/api.w.org\/{rel}","templated":true}]}}