{"id":929,"date":"2023-07-05T10:03:15","date_gmt":"2023-07-05T13:03:15","guid":{"rendered":"https:\/\/site.ifes.edu.br\/lab-instrumentacao\/?page_id=929"},"modified":"2024-12-28T19:06:15","modified_gmt":"2024-12-28T22:06:15","slug":"intervencoes-realizadas-nas-escolas","status":"publish","type":"page","link":"https:\/\/site.ifes.edu.br\/lab-instrumentacao\/intervencoes-realizadas-nas-escolas\/","title":{"rendered":"Interven\u00e7\u00f5es realizadas nas escolas"},"content":{"rendered":"\r\n<h4 style=\"text-align: left\">1 &#8211; Aplica\u00e7\u00e3o F\u00edsica Nuclear<\/h4>\r\n<p><a href=\"https:\/\/site.ifes.edu.br\/lab-instrumentacao\/wp-content\/uploads\/sites\/15\/2024\/04\/f718755b-feb8-4227-9895-25d2c0b66498.jpeg\"><img fetchpriority=\"high\" decoding=\"async\" class=\"alignnone\" src=\"https:\/\/s1.static.brasilescola.uol.com.br\/img\/2018\/10\/fissao-nuclear.jpg\" width=\"453\" height=\"320\" \/><\/a><\/p>\r\n<p class=\"wp-block-media-text alignwide is-stacked-on-mobile\"><strong><a href=\"https:\/\/site.ifes.edu.br\/lab-instrumentacao\/fisica-nuclear\/\">F\u00edsica Nuclear<\/a><\/strong><\/p>\r\n<h4 class=\"wp-block-media-text alignwide is-stacked-on-mobile\" style=\"text-align: left\">2 &#8211; Aplica\u00e7\u00e3o Catapulta<\/h4>\r\n<div class=\"wp-block-media-text alignwide is-stacked-on-mobile\">\r\n<h4><strong><a href=\"https:\/\/site.ifes.edu.br\/lab-instrumentacao\/intervencao-usando-catapulta\/\"><img decoding=\"async\" class=\"alignnone\" src=\"https:\/\/site.ifes.edu.br\/lab-instrumentacao\/wp-content\/uploads\/sites\/15\/2022\/07\/99f06c0c-3e3c-4054-996e-3c58a4888bfb-1.jpeg\" width=\"454\" height=\"381\" \/><\/a><\/strong><\/h4>\r\n<p>&nbsp;<\/p>\r\n<p style=\"text-align: left\"><strong><a href=\"https:\/\/site.ifes.edu.br\/lab-instrumentacao\/intervencao-usando-catapulta\/\">Catapulta<\/a><\/strong><\/p>\r\n<p>&nbsp;<\/p>\r\n<h4 style=\"text-align: left\">3 &#8211; Aplica\u00e7\u00e3o RGB<\/h4>\r\n<\/div>\r\n<p><a href=\"https:\/\/site.ifes.edu.br\/lab-instrumentacao\/wp-content\/uploads\/sites\/15\/2024\/12\/Imagem-do-WhatsApp-de-2024-11-25-as-09.26.03_60d1fd0d-scaled.jpg\"><img decoding=\"async\" class=\"wp-image-1948 alignnone\" src=\"https:\/\/site.ifes.edu.br\/lab-instrumentacao\/wp-content\/uploads\/sites\/15\/2024\/12\/Imagem-do-WhatsApp-de-2024-11-25-as-09.26.03_60d1fd0d-scaled.jpg\" alt=\"\" width=\"455\" height=\"341\" srcset=\"https:\/\/site.ifes.edu.br\/lab-instrumentacao\/wp-content\/uploads\/sites\/15\/2024\/12\/Imagem-do-WhatsApp-de-2024-11-25-as-09.26.03_60d1fd0d-scaled.jpg 2560w, https:\/\/site.ifes.edu.br\/lab-instrumentacao\/wp-content\/uploads\/sites\/15\/2024\/12\/Imagem-do-WhatsApp-de-2024-11-25-as-09.26.03_60d1fd0d-300x225.jpg 300w, https:\/\/site.ifes.edu.br\/lab-instrumentacao\/wp-content\/uploads\/sites\/15\/2024\/12\/Imagem-do-WhatsApp-de-2024-11-25-as-09.26.03_60d1fd0d-1024x768.jpg 1024w, https:\/\/site.ifes.edu.br\/lab-instrumentacao\/wp-content\/uploads\/sites\/15\/2024\/12\/Imagem-do-WhatsApp-de-2024-11-25-as-09.26.03_60d1fd0d-768x576.jpg 768w, https:\/\/site.ifes.edu.br\/lab-instrumentacao\/wp-content\/uploads\/sites\/15\/2024\/12\/Imagem-do-WhatsApp-de-2024-11-25-as-09.26.03_60d1fd0d-1536x1152.jpg 1536w, https:\/\/site.ifes.edu.br\/lab-instrumentacao\/wp-content\/uploads\/sites\/15\/2024\/12\/Imagem-do-WhatsApp-de-2024-11-25-as-09.26.03_60d1fd0d-2048x1536.jpg 2048w\" sizes=\"(max-width: 455px) 100vw, 455px\" \/><\/a><\/p>\r\n<div class=\"wp-block-media-text alignwide is-stacked-on-mobile\">\r\n<p style=\"text-align: left\"><strong><a href=\"https:\/\/site.ifes.edu.br\/lab-instrumentacao\/rgb\/\">RBG<\/a><\/strong><\/p>\r\n<p>&nbsp;<\/p>\r\n<h4 style=\"text-align: left\">4 &#8211; Blindagem Eletroest\u00e1tica<\/h4>\r\n<p>&nbsp;<\/p>\r\n<p><a href=\"https:\/\/site.ifes.edu.br\/lab-instrumentacao\/wp-content\/uploads\/sites\/15\/2024\/12\/WhatsApp-Image-2024-12-13-at-13.04.11.jpeg\"><img loading=\"lazy\" decoding=\"async\" class=\"wp-image-1898 alignnone\" src=\"https:\/\/site.ifes.edu.br\/lab-instrumentacao\/wp-content\/uploads\/sites\/15\/2024\/12\/WhatsApp-Image-2024-12-13-at-13.04.11.jpeg\" alt=\"\" width=\"335\" height=\"367\" srcset=\"https:\/\/site.ifes.edu.br\/lab-instrumentacao\/wp-content\/uploads\/sites\/15\/2024\/12\/WhatsApp-Image-2024-12-13-at-13.04.11.jpeg 636w, https:\/\/site.ifes.edu.br\/lab-instrumentacao\/wp-content\/uploads\/sites\/15\/2024\/12\/WhatsApp-Image-2024-12-13-at-13.04.11-274x300.jpeg 274w\" sizes=\"(max-width: 335px) 100vw, 335px\" \/><\/a><\/p>\r\n<p>&nbsp;<\/p>\r\n<p><a href=\"https:\/\/site.ifes.edu.br\/lab-instrumentacao\/wp-content\/uploads\/sites\/15\/2024\/12\/O-ENSINO-DE-BLINDAGEM-ELETROSTATICA-ATRAVES-DE-VIDEOS-E-DA-PLATAFORMA-EDUCACIONAL-NIVELAMENTO-ONLINE-NiO.pdf\">Blindagem Eletroest\u00e1tica<\/a><\/p>\r\n<p>&nbsp;<\/p>\r\n<p>&nbsp;<\/p>\r\n<p>&nbsp;<\/p>\r\n<\/div>\r\n","protected":false},"excerpt":{"rendered":"<p>1 &#8211; Aplica\u00e7\u00e3o F\u00edsica Nuclear F\u00edsica Nuclear 2 &#8211; Aplica\u00e7\u00e3o Catapulta &nbsp; Catapulta &nbsp; 3 &#8211; Aplica\u00e7\u00e3o RGB RBG &nbsp; 4 &#8211; Blindagem Eletroest\u00e1tica &nbsp; &nbsp; Blindagem Eletroest\u00e1tica &nbsp; &nbsp; &nbsp;<\/p>\n","protected":false},"author":12,"featured_media":0,"parent":0,"menu_order":0,"comment_status":"closed","ping_status":"closed","template":"","meta":{"footnotes":""},"class_list":["post-929","page","type-page","status-publish","hentry"],"_links":{"self":[{"href":"https:\/\/site.ifes.edu.br\/lab-instrumentacao\/wp-json\/wp\/v2\/pages\/929"}],"collection":[{"href":"https:\/\/site.ifes.edu.br\/lab-instrumentacao\/wp-json\/wp\/v2\/pages"}],"about":[{"href":"https:\/\/site.ifes.edu.br\/lab-instrumentacao\/wp-json\/wp\/v2\/types\/page"}],"author":[{"embeddable":true,"href":"https:\/\/site.ifes.edu.br\/lab-instrumentacao\/wp-json\/wp\/v2\/users\/12"}],"replies":[{"embeddable":true,"href":"https:\/\/site.ifes.edu.br\/lab-instrumentacao\/wp-json\/wp\/v2\/comments?post=929"}],"version-history":[{"count":72,"href":"https:\/\/site.ifes.edu.br\/lab-instrumentacao\/wp-json\/wp\/v2\/pages\/929\/revisions"}],"predecessor-version":[{"id":2080,"href":"https:\/\/site.ifes.edu.br\/lab-instrumentacao\/wp-json\/wp\/v2\/pages\/929\/revisions\/2080"}],"wp:attachment":[{"href":"https:\/\/site.ifes.edu.br\/lab-instrumentacao\/wp-json\/wp\/v2\/media?parent=929"}],"curies":[{"name":"wp","href":"https:\/\/api.w.org\/{rel}","templated":true}]}}