{"id":890,"date":"2023-07-04T10:10:03","date_gmt":"2023-07-04T13:10:03","guid":{"rendered":"https:\/\/site.ifes.edu.br\/lab-instrumentacao\/?page_id=890"},"modified":"2023-07-04T10:17:53","modified_gmt":"2023-07-04T13:17:53","slug":"atividade-baseada-em-videos-produto-didatico-roteiro-do-trabalho-savio-heringer-e-roger-broetto","status":"publish","type":"page","link":"https:\/\/site.ifes.edu.br\/lab-instrumentacao\/produto-didatico-baseado-em-videos\/atividade-baseada-em-videos-produto-didatico-roteiro-do-trabalho-savio-heringer-e-roger-broetto\/","title":{"rendered":"Atividade baseada em v\u00eddeos (Produto did\u00e1tico\/Roteiro do trabalho) &#8211; S\u00e1vio Heringer e Roger Broetto"},"content":{"rendered":"\n<div class=\"wp-block-file\"><a href=\"https:\/\/site.ifes.edu.br\/lab-instrumentacao\/wp-content\/uploads\/sites\/15\/2023\/06\/Plano-de-Aula-Sequ\u00eancia-Did\u00e1tica-Videos-S\u00e1vio-e-Roger.pdf\">Atividade investigativa &#8211; Capacitores<\/a><a href=\"https:\/\/site.ifes.edu.br\/lab-instrumentacao\/wp-content\/uploads\/sites\/15\/2023\/06\/Plano-de-Aula-Sequ\u00eancia-Did\u00e1tica-Videos-S\u00e1vio-e-Roger.pdf\" class=\"wp-block-file__button\" download>Baixar<\/a><\/div>\n","protected":false},"excerpt":{"rendered":"","protected":false},"author":12,"featured_media":0,"parent":492,"menu_order":1,"comment_status":"closed","ping_status":"closed","template":"","meta":{"footnotes":""},"class_list":["post-890","page","type-page","status-publish","hentry"],"_links":{"self":[{"href":"https:\/\/site.ifes.edu.br\/lab-instrumentacao\/wp-json\/wp\/v2\/pages\/890"}],"collection":[{"href":"https:\/\/site.ifes.edu.br\/lab-instrumentacao\/wp-json\/wp\/v2\/pages"}],"about":[{"href":"https:\/\/site.ifes.edu.br\/lab-instrumentacao\/wp-json\/wp\/v2\/types\/page"}],"author":[{"embeddable":true,"href":"https:\/\/site.ifes.edu.br\/lab-instrumentacao\/wp-json\/wp\/v2\/users\/12"}],"replies":[{"embeddable":true,"href":"https:\/\/site.ifes.edu.br\/lab-instrumentacao\/wp-json\/wp\/v2\/comments?post=890"}],"version-history":[{"count":1,"href":"https:\/\/site.ifes.edu.br\/lab-instrumentacao\/wp-json\/wp\/v2\/pages\/890\/revisions"}],"predecessor-version":[{"id":891,"href":"https:\/\/site.ifes.edu.br\/lab-instrumentacao\/wp-json\/wp\/v2\/pages\/890\/revisions\/891"}],"up":[{"embeddable":true,"href":"https:\/\/site.ifes.edu.br\/lab-instrumentacao\/wp-json\/wp\/v2\/pages\/492"}],"wp:attachment":[{"href":"https:\/\/site.ifes.edu.br\/lab-instrumentacao\/wp-json\/wp\/v2\/media?parent=890"}],"curies":[{"name":"wp","href":"https:\/\/api.w.org\/{rel}","templated":true}]}}