{"id":537,"date":"2022-12-14T11:03:47","date_gmt":"2022-12-14T14:03:47","guid":{"rendered":"https:\/\/site.ifes.edu.br\/lab-instrumentacao\/?page_id=537"},"modified":"2022-12-14T11:03:48","modified_gmt":"2022-12-14T14:03:48","slug":"proposta-de-atividade-para-a-etapa-do-ensino-medio-area-do-conhecimento-ciencias-da-natureza-e-suas-tecnologias","status":"publish","type":"page","link":"https:\/\/site.ifes.edu.br\/lab-instrumentacao\/proposta-de-atividade-para-a-etapa-do-ensino-medio-area-do-conhecimento-ciencias-da-natureza-e-suas-tecnologias\/","title":{"rendered":"Proposta de atividade para a etapa do Ensino M\u00e9dio, \u00e1rea do conhecimento: Ci\u00eancias da Natureza e suas Tecnologias"},"content":{"rendered":"\n<p>Compet\u00eancia espec\u00edfica 2: Analisar e utilizar interpreta\u00e7\u00f5es sobre a din\u00e2mica da Vida, da Terra e do Cosmos para elaborar argumentos, realizar previs\u00f5es sobre o funcionamento e a evolu\u00e7\u00e3o dos seres vivos e do Universo, e fundamentar e defender decis\u00f5es \u00e9ticas e respons\u00e1veis.<\/p>\n\n\n\n<p>Habilidade contemplada de forma adequada. (EM13CNT205) Interpretar resultados e realizar previs\u00f5es sobre atividades experimentais, fen\u00f4menos naturais e processos tecnol\u00f3gicos, com base nas no\u00e7\u00f5es de probabilidade e incerteza, reconhecendo os limites explicativos das ci\u00eancias.<\/p>\n\n\n\n<p>Com o objetivo de ensinar din\u00e2mica e consequ\u00eancias do Efeito Estufa por meio da habilidade acima mencionada.<\/p>\n\n\n\n<div class=\"wp-block-file\"><a href=\"https:\/\/site.ifes.edu.br\/lab-instrumentacao\/wp-content\/uploads\/sites\/15\/2022\/12\/proposta_atividade_etapa_ensino_m\u00e9dio.pdf\">proposta_atividade_etapa_ensino_m\u00e9dio<\/a><a href=\"https:\/\/site.ifes.edu.br\/lab-instrumentacao\/wp-content\/uploads\/sites\/15\/2022\/12\/proposta_atividade_etapa_ensino_m\u00e9dio.pdf\" class=\"wp-block-file__button\" download>Baixar<\/a><\/div>\n","protected":false},"excerpt":{"rendered":"<p>Compet\u00eancia espec\u00edfica 2: Analisar e utilizar interpreta\u00e7\u00f5es sobre a din\u00e2mica da Vida, da Terra e do Cosmos para elaborar argumentos, realizar previs\u00f5es sobre o funcionamento e a evolu\u00e7\u00e3o dos seres vivos e do Universo, e fundamentar e defender decis\u00f5es \u00e9ticas e respons\u00e1veis. Habilidade contemplada de forma adequada. (EM13CNT205) Interpretar resultados &hellip; <\/p>\n","protected":false},"author":12,"featured_media":0,"parent":0,"menu_order":0,"comment_status":"closed","ping_status":"closed","template":"","meta":{"footnotes":""},"class_list":["post-537","page","type-page","status-publish","hentry"],"_links":{"self":[{"href":"https:\/\/site.ifes.edu.br\/lab-instrumentacao\/wp-json\/wp\/v2\/pages\/537"}],"collection":[{"href":"https:\/\/site.ifes.edu.br\/lab-instrumentacao\/wp-json\/wp\/v2\/pages"}],"about":[{"href":"https:\/\/site.ifes.edu.br\/lab-instrumentacao\/wp-json\/wp\/v2\/types\/page"}],"author":[{"embeddable":true,"href":"https:\/\/site.ifes.edu.br\/lab-instrumentacao\/wp-json\/wp\/v2\/users\/12"}],"replies":[{"embeddable":true,"href":"https:\/\/site.ifes.edu.br\/lab-instrumentacao\/wp-json\/wp\/v2\/comments?post=537"}],"version-history":[{"count":1,"href":"https:\/\/site.ifes.edu.br\/lab-instrumentacao\/wp-json\/wp\/v2\/pages\/537\/revisions"}],"predecessor-version":[{"id":539,"href":"https:\/\/site.ifes.edu.br\/lab-instrumentacao\/wp-json\/wp\/v2\/pages\/537\/revisions\/539"}],"wp:attachment":[{"href":"https:\/\/site.ifes.edu.br\/lab-instrumentacao\/wp-json\/wp\/v2\/media?parent=537"}],"curies":[{"name":"wp","href":"https:\/\/api.w.org\/{rel}","templated":true}]}}