{"id":492,"date":"2022-12-13T14:35:41","date_gmt":"2022-12-13T17:35:41","guid":{"rendered":"https:\/\/site.ifes.edu.br\/lab-instrumentacao\/?page_id=492"},"modified":"2024-12-19T18:40:51","modified_gmt":"2024-12-19T21:40:51","slug":"produto-didatico-baseado-em-videos","status":"publish","type":"page","link":"https:\/\/site.ifes.edu.br\/lab-instrumentacao\/produto-didatico-baseado-em-videos\/","title":{"rendered":"Produto Did\u00e1tico baseado em V\u00eddeos"},"content":{"rendered":"<h2><span style=\"color: #000080\"><\/span><\/h2>\r\n<h4><span style=\"color: #000080\"><a style=\"color: #000080\" href=\"https:\/\/site.ifes.edu.br\/lab-instrumentacao\/cinematica-linear\/\"><strong>1 &#8211; Cinem\u00e1tica Linear<\/strong><\/a><\/span><\/h4>\r\n<h2><span style=\"color: #000080\"><span id=\"sample-permalink\"><\/span>\u00a0\u200e<a style=\"color: #000080\" href=\"https:\/\/site.ifes.edu.br\/lab-instrumentacao\/wp-content\/uploads\/sites\/15\/2024\/07\/Screenshot_256.png\"><img fetchpriority=\"high\" decoding=\"async\" class=\"alignnone size-full wp-image-1549\" src=\"https:\/\/site.ifes.edu.br\/lab-instrumentacao\/wp-content\/uploads\/sites\/15\/2024\/07\/Screenshot_256.png\" alt=\"\" width=\"561\" height=\"426\" srcset=\"https:\/\/site.ifes.edu.br\/lab-instrumentacao\/wp-content\/uploads\/sites\/15\/2024\/07\/Screenshot_256.png 561w, https:\/\/site.ifes.edu.br\/lab-instrumentacao\/wp-content\/uploads\/sites\/15\/2024\/07\/Screenshot_256-300x228.png 300w, https:\/\/site.ifes.edu.br\/lab-instrumentacao\/wp-content\/uploads\/sites\/15\/2024\/07\/Screenshot_256-79x60.png 79w\" sizes=\"(max-width: 561px) 100vw, 561px\" \/><\/a><\/span><\/h2>\r\n<hr class=\"wp-block-separator has-text-color has-background has-very-dark-gray-background-color has-very-dark-gray-color is-style-wide\" \/>\r\n<h4><span style=\"color: #000080\"><a style=\"color: #000080\" href=\"https:\/\/site.ifes.edu.br\/lab-instrumentacao\/alavancas-2\/\"><strong>2 &#8211; Alavancas<\/strong><\/a><\/span><\/h4>\r\n<h2><span style=\"color: #000080\"><a style=\"color: #000080\" href=\"https:\/\/site.ifes.edu.br\/lab-instrumentacao\/wp-content\/uploads\/sites\/15\/2024\/04\/2024-04-26-at-15.05.21.jpeg\"><img decoding=\"async\" class=\"alignnone  wp-image-1528\" src=\"https:\/\/site.ifes.edu.br\/lab-instrumentacao\/wp-content\/uploads\/sites\/15\/2024\/04\/2024-04-26-at-15.05.21.jpeg\" alt=\"\" width=\"492\" height=\"374\" srcset=\"https:\/\/site.ifes.edu.br\/lab-instrumentacao\/wp-content\/uploads\/sites\/15\/2024\/04\/2024-04-26-at-15.05.21.jpeg 900w, https:\/\/site.ifes.edu.br\/lab-instrumentacao\/wp-content\/uploads\/sites\/15\/2024\/04\/2024-04-26-at-15.05.21-300x228.jpeg 300w, https:\/\/site.ifes.edu.br\/lab-instrumentacao\/wp-content\/uploads\/sites\/15\/2024\/04\/2024-04-26-at-15.05.21-768x584.jpeg 768w, https:\/\/site.ifes.edu.br\/lab-instrumentacao\/wp-content\/uploads\/sites\/15\/2024\/04\/2024-04-26-at-15.05.21-79x60.jpeg 79w\" sizes=\"(max-width: 492px) 100vw, 492px\" \/><\/a><\/span><\/h2>\r\n<hr class=\"wp-block-separator has-text-color has-background has-very-dark-gray-background-color has-very-dark-gray-color is-style-wide\" \/>\r\n<h4><span style=\"color: #000080\"><a style=\"color: #000080\" href=\"https:\/\/site.ifes.edu.br\/lab-instrumentacao\/cinematica-rotacional\/\"><strong>3 &#8211; Cinem\u00e1tica Rotacional<\/strong><\/a><\/span><\/h4>\r\n<h2><span style=\"color: #000080\"><a style=\"color: #000080\" href=\"https:\/\/site.ifes.edu.br\/lab-instrumentacao\/wp-content\/uploads\/sites\/15\/2024\/04\/WhatsApp-Image-2024-04-26-at-10.23.24.jpeg\"><img decoding=\"async\" class=\"alignnone  wp-image-1486\" src=\"https:\/\/site.ifes.edu.br\/lab-instrumentacao\/wp-content\/uploads\/sites\/15\/2024\/04\/WhatsApp-Image-2024-04-26-at-10.23.24.jpeg\" alt=\"\" width=\"484\" height=\"370\" srcset=\"https:\/\/site.ifes.edu.br\/lab-instrumentacao\/wp-content\/uploads\/sites\/15\/2024\/04\/WhatsApp-Image-2024-04-26-at-10.23.24.jpeg 891w, https:\/\/site.ifes.edu.br\/lab-instrumentacao\/wp-content\/uploads\/sites\/15\/2024\/04\/WhatsApp-Image-2024-04-26-at-10.23.24-300x229.jpeg 300w, https:\/\/site.ifes.edu.br\/lab-instrumentacao\/wp-content\/uploads\/sites\/15\/2024\/04\/WhatsApp-Image-2024-04-26-at-10.23.24-768x587.jpeg 768w, https:\/\/site.ifes.edu.br\/lab-instrumentacao\/wp-content\/uploads\/sites\/15\/2024\/04\/WhatsApp-Image-2024-04-26-at-10.23.24-79x60.jpeg 79w\" sizes=\"(max-width: 484px) 100vw, 484px\" \/><\/a><\/span><\/h2>\r\n<hr class=\"wp-block-separator has-text-color has-background has-very-dark-gray-background-color has-very-dark-gray-color is-style-wide\" \/>\r\n<h2><span style=\"color: #000080\">\r\n\r\n<\/span><\/h2>\r\n<div class=\"wp-block-media-text__content\"><span style=\"color: #000080\"><\/span>\r\n<h4 style=\"font-size: 22px\"><span style=\"color: #000080\"><a style=\"color: #000080\" href=\"https:\/\/site.ifes.edu.br\/lab-instrumentacao\/atrito-entre-corpos-e-superficies-pendulo-e-forcas-concentradas-em-um-ponto-do-corpo\/\"><strong>5 &#8211; Atrito entre corpos e superf\u00edcies, P\u00eandulo e<br \/>for\u00e7as concentrad<\/strong><\/a><\/span><a style=\"color: #000080\" href=\"https:\/\/site.ifes.edu.br\/lab-instrumentacao\/atrito-entre-corpos-e-superficies-pendulo-e-forcas-concentradas-em-um-ponto-do-corpo\/\"><strong>as em um ponto do corpo<\/strong><\/a><\/h4>\r\n<\/div>\r\n<h2><span style=\"color: #000080\">\r\n\r\n<\/span><\/h2>\r\n<p><img loading=\"lazy\" decoding=\"async\" width=\"287\" height=\"389\" class=\"wp-image-563\" style=\"font-weight: bold;color: #000080\" src=\"https:\/\/site.ifes.edu.br\/lab-instrumentacao\/wp-content\/uploads\/sites\/15\/2022\/12\/Sem-t\u00edtulo-1.png\" alt=\"\" srcset=\"https:\/\/site.ifes.edu.br\/lab-instrumentacao\/wp-content\/uploads\/sites\/15\/2022\/12\/Sem-t\u00edtulo-1.png 287w, https:\/\/site.ifes.edu.br\/lab-instrumentacao\/wp-content\/uploads\/sites\/15\/2022\/12\/Sem-t\u00edtulo-1-221x300.png 221w, https:\/\/site.ifes.edu.br\/lab-instrumentacao\/wp-content\/uploads\/sites\/15\/2022\/12\/Sem-t\u00edtulo-1-44x60.png 44w\" sizes=\"(max-width: 287px) 100vw, 287px\" \/><\/p>\r\n<hr class=\"wp-block-separator has-text-color has-background has-very-dark-gray-background-color has-very-dark-gray-color is-style-wide\" \/>\r\n<h2><span style=\"color: #000080\">\r\n\r\n<\/span><\/h2>\r\n<div class=\"wp-block-media-text__content\"><span style=\"color: #000080\"><\/span>\r\n<h4 style=\"font-size: 22px\"><span style=\"color: #000080\">6 &#8211;\u00a0<a style=\"color: #000080\" href=\"https:\/\/site.ifes.edu.br\/lab-instrumentacao\/atividade-baseada-em-videos-produto-didatico-roteiro-do-trabalho-adla-medeiros-e-raynara-souza\/\"><strong>Introdu\u00e7\u00e3o \u00e0 Mec\u00e2nica<\/strong><\/a><\/span><\/h4>\r\n<span style=\"color: #000080\"><\/span><\/div>\r\n<h2><span style=\"color: #000080\">\r\n\r\n<\/span><\/h2>\r\n<h2><img loading=\"lazy\" decoding=\"async\" width=\"1024\" height=\"741\" class=\"wp-image-618\" style=\"font-size: 16px;color: #000080\" src=\"https:\/\/site.ifes.edu.br\/lab-instrumentacao\/wp-content\/uploads\/sites\/15\/2022\/12\/intro-mec-2-1024x741.png\" alt=\"\" srcset=\"https:\/\/site.ifes.edu.br\/lab-instrumentacao\/wp-content\/uploads\/sites\/15\/2022\/12\/intro-mec-2-1024x741.png 1024w, https:\/\/site.ifes.edu.br\/lab-instrumentacao\/wp-content\/uploads\/sites\/15\/2022\/12\/intro-mec-2-300x217.png 300w, https:\/\/site.ifes.edu.br\/lab-instrumentacao\/wp-content\/uploads\/sites\/15\/2022\/12\/intro-mec-2-768x556.png 768w, https:\/\/site.ifes.edu.br\/lab-instrumentacao\/wp-content\/uploads\/sites\/15\/2022\/12\/intro-mec-2-83x60.png 83w, https:\/\/site.ifes.edu.br\/lab-instrumentacao\/wp-content\/uploads\/sites\/15\/2022\/12\/intro-mec-2.png 1199w\" sizes=\"(max-width: 1024px) 100vw, 1024px\" \/><\/h2>\r\n<h2><span style=\"color: #000080\">\r\n\r\n<\/span><\/h2>\r\n<hr class=\"wp-block-separator has-text-color has-background has-very-dark-gray-background-color has-very-dark-gray-color is-style-wide\" \/>\r\n<h2><span style=\"color: #000080\">\r\n\r\n<\/span><\/h2>\r\n<div class=\"wp-block-media-text__content\"><span style=\"color: #000080\"><\/span>\r\n<h4 style=\"font-size: 22px\"><span style=\"color: #000080\"><a style=\"color: #000080\" href=\"https:\/\/site.ifes.edu.br\/lab-instrumentacao\/produto-didatico-baseado-em-videos-experimentos-sobre-os-diferentes-tipos-de-colisoes\/\" target=\"_blank\" rel=\"noreferrer noopener\"><strong>7 &#8211; Momento linear de corpos em colis\u00e3o<\/strong><\/a><\/span><\/h4>\r\n<span style=\"color: #000080\"><\/span><\/div>\r\n<h2><span style=\"color: #000080\">\r\n\r\n<\/span><\/h2>\r\n<h2><img loading=\"lazy\" decoding=\"async\" width=\"627\" height=\"476\" class=\"wp-image-530\" style=\"color: #000080\" src=\"https:\/\/site.ifes.edu.br\/lab-instrumentacao\/wp-content\/uploads\/sites\/15\/2022\/12\/bolas_que_colidem.png\" alt=\"\" srcset=\"https:\/\/site.ifes.edu.br\/lab-instrumentacao\/wp-content\/uploads\/sites\/15\/2022\/12\/bolas_que_colidem.png 627w, https:\/\/site.ifes.edu.br\/lab-instrumentacao\/wp-content\/uploads\/sites\/15\/2022\/12\/bolas_que_colidem-300x228.png 300w, https:\/\/site.ifes.edu.br\/lab-instrumentacao\/wp-content\/uploads\/sites\/15\/2022\/12\/bolas_que_colidem-79x60.png 79w\" sizes=\"(max-width: 627px) 100vw, 627px\" \/><\/h2>\r\n<h2><span style=\"color: #000080\">\r\n\r\n<\/span><\/h2>\r\n<hr class=\"wp-block-separator has-text-color has-background has-very-dark-gray-background-color has-very-dark-gray-color is-style-wide\" \/>\r\n<h2><span style=\"color: #000080\">\r\n\r\n<\/span><\/h2>\r\n<div class=\"wp-block-media-text__content\"><span style=\"color: #000080\"><\/span>\r\n<h4 style=\"font-size: 22px\"><span style=\"color: #000080\"><a style=\"color: #000080\" href=\"https:\/\/site.ifes.edu.br\/lab-instrumentacao\/cinematica\/\" target=\"_blank\" rel=\"noreferrer noopener\"><strong>8 &#8211; Cinem\u00e1tica<\/strong><\/a><\/span><\/h4>\r\n<span style=\"color: #000080\"><\/span><\/div>\r\n<h2><span style=\"color: #000080\">\r\n\r\n<\/span><\/h2>\r\n<h2><img loading=\"lazy\" decoding=\"async\" width=\"639\" height=\"478\" class=\"wp-image-710\" style=\"color: #000080\" src=\"https:\/\/site.ifes.edu.br\/lab-instrumentacao\/wp-content\/uploads\/sites\/15\/2022\/12\/zaraba.png\" alt=\"\" srcset=\"https:\/\/site.ifes.edu.br\/lab-instrumentacao\/wp-content\/uploads\/sites\/15\/2022\/12\/zaraba.png 639w, https:\/\/site.ifes.edu.br\/lab-instrumentacao\/wp-content\/uploads\/sites\/15\/2022\/12\/zaraba-300x224.png 300w, https:\/\/site.ifes.edu.br\/lab-instrumentacao\/wp-content\/uploads\/sites\/15\/2022\/12\/zaraba-80x60.png 80w\" sizes=\"(max-width: 639px) 100vw, 639px\" \/><\/h2>\r\n<h2><span style=\"color: #000080\">\r\n\r\n<\/span><\/h2>\r\n<hr class=\"wp-block-separator has-text-color has-background has-very-dark-gray-background-color has-very-dark-gray-color is-style-wide\" \/>\r\n<h2><span style=\"color: #000080\">\r\n\r\n<\/span><\/h2>\r\n<div class=\"wp-block-media-text__content\"><span style=\"color: #000080\"><\/span>\r\n<h4 style=\"font-size: 22px\"><span style=\"color: #000080\"><a style=\"color: #000080\" href=\"https:\/\/site.ifes.edu.br\/lab-instrumentacao\/produto-didatico-baseado-em-videos-circuitos-eletricos-e-suas-grandezas\/\" target=\"_blank\" rel=\"noreferrer noopener\"><strong>9 &#8211; Circuitos el\u00e9tricos<\/strong><\/a><\/span><\/h4>\r\n<span style=\"color: #000080\">\r\n\r\n<\/span>\r\n<p><img loading=\"lazy\" decoding=\"async\" width=\"404\" height=\"278\" class=\"wp-image-862\" style=\"color: #000080\" src=\"https:\/\/site.ifes.edu.br\/lab-instrumentacao\/wp-content\/uploads\/sites\/15\/2023\/06\/imagem_2023-06-29_062942834.png\" alt=\"\" srcset=\"https:\/\/site.ifes.edu.br\/lab-instrumentacao\/wp-content\/uploads\/sites\/15\/2023\/06\/imagem_2023-06-29_062942834.png 404w, https:\/\/site.ifes.edu.br\/lab-instrumentacao\/wp-content\/uploads\/sites\/15\/2023\/06\/imagem_2023-06-29_062942834-300x206.png 300w, https:\/\/site.ifes.edu.br\/lab-instrumentacao\/wp-content\/uploads\/sites\/15\/2023\/06\/imagem_2023-06-29_062942834-87x60.png 87w\" sizes=\"(max-width: 404px) 100vw, 404px\" \/><\/p>\r\n<\/div>\r\n<h2><span style=\"color: #000080\">\r\n\r\n<\/span><\/h2>\r\n<hr class=\"wp-block-separator has-text-color has-background has-very-dark-gray-background-color has-very-dark-gray-color is-style-wide\" \/>\r\n<h2><span style=\"color: #000080\">\r\n\r\n<\/span><\/h2>\r\n<div class=\"wp-block-media-text__content\"><span style=\"color: #000080\"><\/span>\r\n<h4 style=\"font-size: 22px\"><span style=\"color: #000080\"><strong><a style=\"color: #000080\" href=\"https:\/\/site.ifes.edu.br\/lab-instrumentacao\/produto-didatico-baseado-em-videos\/atividade-baseada-em-videos-produto-didatico-roteiro-do-trabalho-savio-heringer-e-roger-broetto\/\" target=\"_blank\" rel=\"noreferrer noopener\">10 &#8211; Capacitores<\/a><\/strong><\/span><\/h4>\r\n<span style=\"color: #000080\"><\/span><\/div>\r\n<h2><span style=\"color: #000080\">\r\n\r\n<\/span><\/h2>\r\n<p><img loading=\"lazy\" decoding=\"async\" class=\"wp-image-894\" style=\"color: #000080;font-size: 24px;font-weight: bold\" src=\"https:\/\/site.ifes.edu.br\/lab-instrumentacao\/wp-content\/uploads\/sites\/15\/2023\/07\/image.png\" alt=\"\" width=\"624\" height=\"803\" srcset=\"https:\/\/site.ifes.edu.br\/lab-instrumentacao\/wp-content\/uploads\/sites\/15\/2023\/07\/image.png 668w, https:\/\/site.ifes.edu.br\/lab-instrumentacao\/wp-content\/uploads\/sites\/15\/2023\/07\/image-233x300.png 233w, https:\/\/site.ifes.edu.br\/lab-instrumentacao\/wp-content\/uploads\/sites\/15\/2023\/07\/image-47x60.png 47w\" sizes=\"(max-width: 624px) 100vw, 624px\" \/><\/p>\r\n<hr class=\"wp-block-separator is-style-wide\" \/>\r\n<h2><span style=\"color: #000080\">\r\n\r\n<\/span><\/h2>\r\n<div class=\"wp-block-media-text__content\">\r\n<h4 style=\"font-size: 22px\"><span style=\"color: #000080\"><a style=\"color: #000080\" href=\"https:\/\/site.ifes.edu.br\/lab-instrumentacao\/eletromagnetismo\/\" target=\"_blank\" rel=\"noreferrer noopener\"><strong>11 &#8211; Eletromagnetismo<\/strong><\/a><\/span><\/h4>\r\n<img loading=\"lazy\" decoding=\"async\" width=\"636\" height=\"361\" class=\"wp-image-911\" style=\"color: #000080\" src=\"https:\/\/site.ifes.edu.br\/lab-instrumentacao\/wp-content\/uploads\/sites\/15\/2023\/07\/image-3.png\" alt=\"\" srcset=\"https:\/\/site.ifes.edu.br\/lab-instrumentacao\/wp-content\/uploads\/sites\/15\/2023\/07\/image-3.png 636w, https:\/\/site.ifes.edu.br\/lab-instrumentacao\/wp-content\/uploads\/sites\/15\/2023\/07\/image-3-300x170.png 300w, https:\/\/site.ifes.edu.br\/lab-instrumentacao\/wp-content\/uploads\/sites\/15\/2023\/07\/image-3-106x60.png 106w\" sizes=\"(max-width: 636px) 100vw, 636px\" \/><hr class=\"wp-block-separator is-style-wide\" \/>\r\n<h4><span style=\"color: #000080\"><a style=\"color: #000080\" href=\"https:\/\/site.ifes.edu.br\/lab-instrumentacao\/produto-didatico-baseado-em-videos\/sequencia-didatica-baseada-em-videos-disco-8-trabalho-energia-e-potencia-maria-alice-ribeiro-dias-e-bernardo-machado\/\">12 &#8211; Energia mec\u00e2nica e trabalho<\/a><\/span><\/h4>\r\n<a style=\"color: #000080\" href=\"https:\/\/site.ifes.edu.br\/lab-instrumentacao\/wp-content\/uploads\/sites\/15\/2024\/07\/Captura-de-tela-2024-07-12-190201.jpg\"><img loading=\"lazy\" decoding=\"async\" class=\"alignnone  wp-image-1602\" src=\"https:\/\/site.ifes.edu.br\/lab-instrumentacao\/wp-content\/uploads\/sites\/15\/2024\/07\/Captura-de-tela-2024-07-12-190201.jpg\" alt=\"videos\" width=\"398\" height=\"272\" srcset=\"https:\/\/site.ifes.edu.br\/lab-instrumentacao\/wp-content\/uploads\/sites\/15\/2024\/07\/Captura-de-tela-2024-07-12-190201.jpg 322w, https:\/\/site.ifes.edu.br\/lab-instrumentacao\/wp-content\/uploads\/sites\/15\/2024\/07\/Captura-de-tela-2024-07-12-190201-300x205.jpg 300w, https:\/\/site.ifes.edu.br\/lab-instrumentacao\/wp-content\/uploads\/sites\/15\/2024\/07\/Captura-de-tela-2024-07-12-190201-88x60.jpg 88w\" sizes=\"(max-width: 398px) 100vw, 398px\" \/><\/a><hr \/><\/div>\r\n<h4><a href=\"https:\/\/site.ifes.edu.br\/lab-instrumentacao\/?page_id=1764&amp;preview=true\">13 &#8211; Ensino de Eletrost\u00e1tica com a Metodologia Peer Instruction<\/a><\/h4>\r\n<p><a href=\"https:\/\/site.ifes.edu.br\/lab-instrumentacao\/wp-content\/uploads\/sites\/15\/2024\/12\/40cf8fdd81817603e3e5e3efa8dd4c08.png\"><img loading=\"lazy\" decoding=\"async\" class=\"alignnone  wp-image-1785\" src=\"https:\/\/site.ifes.edu.br\/lab-instrumentacao\/wp-content\/uploads\/sites\/15\/2024\/12\/40cf8fdd81817603e3e5e3efa8dd4c08.png\" alt=\"\" width=\"510\" height=\"180\" srcset=\"https:\/\/site.ifes.edu.br\/lab-instrumentacao\/wp-content\/uploads\/sites\/15\/2024\/12\/40cf8fdd81817603e3e5e3efa8dd4c08.png 908w, https:\/\/site.ifes.edu.br\/lab-instrumentacao\/wp-content\/uploads\/sites\/15\/2024\/12\/40cf8fdd81817603e3e5e3efa8dd4c08-300x106.png 300w, https:\/\/site.ifes.edu.br\/lab-instrumentacao\/wp-content\/uploads\/sites\/15\/2024\/12\/40cf8fdd81817603e3e5e3efa8dd4c08-768x271.png 768w\" sizes=\"(max-width: 510px) 100vw, 510px\" \/><\/a><\/p>\r\n<p>&nbsp;<\/p>\r\n<p>&nbsp;<\/p>\r\n<p>&nbsp;<\/p>\r\n<hr class=\"wp-block-separator is-style-wide\" \/>\r\n<h4><strong><a href=\"https:\/\/site.ifes.edu.br\/lab-instrumentacao\/atividade-efeito-joule\/\">14 &#8211; Atividade efeito joule.\u00a0<\/a><\/strong><\/h4>\r\n<p><a href=\"https:\/\/site.ifes.edu.br\/lab-instrumentacao\/wp-content\/uploads\/sites\/15\/2024\/12\/WhatsApp-Image-2024-12-02-at-19.44.55-1.jpeg\"><img loading=\"lazy\" decoding=\"async\" class=\"alignnone  wp-image-1793\" src=\"https:\/\/site.ifes.edu.br\/lab-instrumentacao\/wp-content\/uploads\/sites\/15\/2024\/12\/WhatsApp-Image-2024-12-02-at-19.44.55-1.jpeg\" alt=\"\" width=\"523\" height=\"299\" srcset=\"https:\/\/site.ifes.edu.br\/lab-instrumentacao\/wp-content\/uploads\/sites\/15\/2024\/12\/WhatsApp-Image-2024-12-02-at-19.44.55-1.jpeg 1512w, https:\/\/site.ifes.edu.br\/lab-instrumentacao\/wp-content\/uploads\/sites\/15\/2024\/12\/WhatsApp-Image-2024-12-02-at-19.44.55-1-300x171.jpeg 300w, https:\/\/site.ifes.edu.br\/lab-instrumentacao\/wp-content\/uploads\/sites\/15\/2024\/12\/WhatsApp-Image-2024-12-02-at-19.44.55-1-1024x584.jpeg 1024w, https:\/\/site.ifes.edu.br\/lab-instrumentacao\/wp-content\/uploads\/sites\/15\/2024\/12\/WhatsApp-Image-2024-12-02-at-19.44.55-1-768x438.jpeg 768w\" sizes=\"(max-width: 523px) 100vw, 523px\" \/><\/a><\/p>\r\n<hr \/>\r\n<h4 class=\"wp-block-media-text__content\"><strong><a href=\"https:\/\/site.ifes.edu.br\/lab-instrumentacao\/2024\/12\/02\/ima-termoeletrico\/\">15 &#8211; Im\u00e3 Termoel\u00e9trico<\/a><\/strong><\/h4>\r\n<div><a href=\"https:\/\/site.ifes.edu.br\/lab-instrumentacao\/wp-content\/uploads\/sites\/15\/2024\/12\/Captura-de-tela-2024-12-02-195241.png\"><img loading=\"lazy\" decoding=\"async\" class=\"alignnone  wp-image-1795\" src=\"https:\/\/site.ifes.edu.br\/lab-instrumentacao\/wp-content\/uploads\/sites\/15\/2024\/12\/Captura-de-tela-2024-12-02-195241.png\" alt=\"\" width=\"515\" height=\"388\" srcset=\"https:\/\/site.ifes.edu.br\/lab-instrumentacao\/wp-content\/uploads\/sites\/15\/2024\/12\/Captura-de-tela-2024-12-02-195241.png 631w, https:\/\/site.ifes.edu.br\/lab-instrumentacao\/wp-content\/uploads\/sites\/15\/2024\/12\/Captura-de-tela-2024-12-02-195241-300x226.png 300w\" sizes=\"(max-width: 515px) 100vw, 515px\" \/><\/a><\/div>\r\n<hr \/>\r\n<h4><strong><a href=\"https:\/\/site.ifes.edu.br\/lab-instrumentacao\/?page_id=1803&amp;preview=true\">16 &#8211; For\u00e7a magn\u00e9tica<\/a><\/strong><\/h4>\r\n<h2><a href=\"https:\/\/site.ifes.edu.br\/lab-instrumentacao\/wp-content\/uploads\/sites\/15\/2024\/12\/atuadores_a02_g01.gif\"><img loading=\"lazy\" decoding=\"async\" class=\"alignnone  wp-image-1807\" src=\"https:\/\/site.ifes.edu.br\/lab-instrumentacao\/wp-content\/uploads\/sites\/15\/2024\/12\/atuadores_a02_g01.gif\" alt=\"\" width=\"514\" height=\"386\" \/><\/a><\/h2>\r\n<hr \/>\r\n<h4><span style=\"color: #000080\"><strong><a style=\"color: #000080\" href=\"https:\/\/site.ifes.edu.br\/lab-instrumentacao\/?page_id=1821&amp;preview=true\">17 &#8211; Blindagem eletrost\u00e1tica<\/a><\/strong><\/span><\/h4>\r\n<p><a href=\"https:\/\/site.ifes.edu.br\/lab-instrumentacao\/wp-content\/uploads\/sites\/15\/2024\/12\/WhatsApp-Image-2024-12-13-at-13.04.11.jpeg\"><img loading=\"lazy\" decoding=\"async\" class=\"alignnone  wp-image-1898\" src=\"https:\/\/site.ifes.edu.br\/lab-instrumentacao\/wp-content\/uploads\/sites\/15\/2024\/12\/WhatsApp-Image-2024-12-13-at-13.04.11.jpeg\" alt=\"\" width=\"335\" height=\"367\" srcset=\"https:\/\/site.ifes.edu.br\/lab-instrumentacao\/wp-content\/uploads\/sites\/15\/2024\/12\/WhatsApp-Image-2024-12-13-at-13.04.11.jpeg 636w, https:\/\/site.ifes.edu.br\/lab-instrumentacao\/wp-content\/uploads\/sites\/15\/2024\/12\/WhatsApp-Image-2024-12-13-at-13.04.11-274x300.jpeg 274w\" sizes=\"(max-width: 335px) 100vw, 335px\" \/><\/a><\/p>\r\n<hr \/>\r\n<h4><strong><a href=\"https:\/\/site.ifes.edu.br\/lab-instrumentacao\/wp-content\/uploads\/sites\/15\/2024\/12\/Uso-de-GIFs-para-ensinar-conceitos-de-campo-eletrico.pdf\">18 &#8211; Uso de Gifs para ensinar conceitos de campo el\u00e9trico<\/a><\/strong><\/h4>\r\n<p><a href=\"https:\/\/site.ifes.edu.br\/lab-instrumentacao\/wp-content\/uploads\/sites\/15\/2024\/12\/Captura-de-tela-2024-12-17-141346-1.png\"><img loading=\"lazy\" decoding=\"async\" class=\"alignnone  wp-image-1968\" src=\"https:\/\/site.ifes.edu.br\/lab-instrumentacao\/wp-content\/uploads\/sites\/15\/2024\/12\/Captura-de-tela-2024-12-17-141346-1.png\" alt=\"\" width=\"315\" height=\"288\" srcset=\"https:\/\/site.ifes.edu.br\/lab-instrumentacao\/wp-content\/uploads\/sites\/15\/2024\/12\/Captura-de-tela-2024-12-17-141346-1.png 567w, https:\/\/site.ifes.edu.br\/lab-instrumentacao\/wp-content\/uploads\/sites\/15\/2024\/12\/Captura-de-tela-2024-12-17-141346-1-300x275.png 300w\" sizes=\"(max-width: 315px) 100vw, 315px\" \/><\/a><\/p>\r\n<hr \/>\r\n<p><a href=\"https:\/\/site.ifes.edu.br\/lab-instrumentacao\/wp-content\/uploads\/sites\/15\/2024\/12\/Sequencia-Didatica-com-Videos.pdf\">19 &#8211; Campo el\u00e9trico com v\u00eddeos<\/a><\/p>\r\n<h4 style=\"text-align: left\"><a href=\"https:\/\/site.ifes.edu.br\/lab-instrumentacao\/wp-content\/uploads\/sites\/15\/2024\/12\/gaiola-de-faraday-scaled-1.jpg\"><img loading=\"lazy\" decoding=\"async\" class=\"wp-image-1989 alignnone\" src=\"https:\/\/site.ifes.edu.br\/lab-instrumentacao\/wp-content\/uploads\/sites\/15\/2024\/12\/gaiola-de-faraday-scaled-1.jpg\" alt=\"\" width=\"405\" height=\"227\" srcset=\"https:\/\/site.ifes.edu.br\/lab-instrumentacao\/wp-content\/uploads\/sites\/15\/2024\/12\/gaiola-de-faraday-scaled-1.jpg 2560w, https:\/\/site.ifes.edu.br\/lab-instrumentacao\/wp-content\/uploads\/sites\/15\/2024\/12\/gaiola-de-faraday-scaled-1-300x168.jpg 300w, https:\/\/site.ifes.edu.br\/lab-instrumentacao\/wp-content\/uploads\/sites\/15\/2024\/12\/gaiola-de-faraday-scaled-1-1024x574.jpg 1024w, https:\/\/site.ifes.edu.br\/lab-instrumentacao\/wp-content\/uploads\/sites\/15\/2024\/12\/gaiola-de-faraday-scaled-1-768x431.jpg 768w, https:\/\/site.ifes.edu.br\/lab-instrumentacao\/wp-content\/uploads\/sites\/15\/2024\/12\/gaiola-de-faraday-scaled-1-1536x862.jpg 1536w, https:\/\/site.ifes.edu.br\/lab-instrumentacao\/wp-content\/uploads\/sites\/15\/2024\/12\/gaiola-de-faraday-scaled-1-2048x1149.jpg 2048w\" sizes=\"(max-width: 405px) 100vw, 405px\" \/><\/a><\/h4>\r\n<hr \/>\r\n<h4><a href=\"https:\/\/site.ifes.edu.br\/lab-instrumentacao\/wp-content\/uploads\/sites\/15\/2024\/12\/Aula-com-Videos-Magnetismo-1.pdf\">20 &#8211; AULA COM V\u00cdDEOS (MAGNETISMO)<\/a><\/h4>\r\n<h4 style=\"text-align: left\"><a href=\"https:\/\/site.ifes.edu.br\/lab-instrumentacao\/wp-content\/uploads\/sites\/15\/2024\/12\/barra-magnetica-isolada-no-fundo-branco_1308-117757.avif\"><img loading=\"lazy\" decoding=\"async\" class=\"alignnone  wp-image-2013\" src=\"https:\/\/site.ifes.edu.br\/lab-instrumentacao\/wp-content\/uploads\/sites\/15\/2024\/12\/barra-magnetica-isolada-no-fundo-branco_1308-117757.avif\" alt=\"\" width=\"273\" height=\"348\" \/><\/a><\/h4>\r\n<hr \/>\r\n<h4 style=\"text-align: left\">\u00a0<\/h4>\r\n<p>&nbsp;<\/p>\r\n<p>&nbsp;<\/p>\r\n<p>&nbsp;<\/p>\r\n<p>&nbsp;<\/p>\r\n<p>&nbsp;<\/p>\r\n<p>&nbsp;<\/p>\r\n<p>&nbsp;<\/p>\r\n<h2><span style=\"color: #000080\"><\/span><\/h2>\r\n","protected":false},"excerpt":{"rendered":"","protected":false},"author":12,"featured_media":0,"parent":0,"menu_order":0,"comment_status":"open","ping_status":"closed","template":"","meta":{"footnotes":""},"class_list":["post-492","page","type-page","status-publish","hentry"],"_links":{"self":[{"href":"https:\/\/site.ifes.edu.br\/lab-instrumentacao\/wp-json\/wp\/v2\/pages\/492"}],"collection":[{"href":"https:\/\/site.ifes.edu.br\/lab-instrumentacao\/wp-json\/wp\/v2\/pages"}],"about":[{"href":"https:\/\/site.ifes.edu.br\/lab-instrumentacao\/wp-json\/wp\/v2\/types\/page"}],"author":[{"embeddable":true,"href":"https:\/\/site.ifes.edu.br\/lab-instrumentacao\/wp-json\/wp\/v2\/users\/12"}],"replies":[{"embeddable":true,"href":"https:\/\/site.ifes.edu.br\/lab-instrumentacao\/wp-json\/wp\/v2\/comments?post=492"}],"version-history":[{"count":56,"href":"https:\/\/site.ifes.edu.br\/lab-instrumentacao\/wp-json\/wp\/v2\/pages\/492\/revisions"}],"predecessor-version":[{"id":2016,"href":"https:\/\/site.ifes.edu.br\/lab-instrumentacao\/wp-json\/wp\/v2\/pages\/492\/revisions\/2016"}],"wp:attachment":[{"href":"https:\/\/site.ifes.edu.br\/lab-instrumentacao\/wp-json\/wp\/v2\/media?parent=492"}],"curies":[{"name":"wp","href":"https:\/\/api.w.org\/{rel}","templated":true}]}}