{"id":426,"date":"2022-07-27T17:55:15","date_gmt":"2022-07-27T20:55:15","guid":{"rendered":"https:\/\/site.ifes.edu.br\/lab-instrumentacao\/?page_id=426"},"modified":"2022-07-27T17:55:15","modified_gmt":"2022-07-27T20:55:15","slug":"tecido-espaco-tempo","status":"publish","type":"page","link":"https:\/\/site.ifes.edu.br\/lab-instrumentacao\/tecido-espaco-tempo\/","title":{"rendered":"Tecido Espa\u00e7o-tempo"},"content":{"rendered":"\n<h2 class=\"wp-block-heading\">Tecido Espa\u00e7o-tempo<\/h2>\n\n\n\n<p>O Experimento Consiste na utiliza\u00e7\u00e3o de um tecido preso \u00e0 uma estrutura de canos de P.V.C; para atrav\u00e9s deste tecido e com a utiliza\u00e7\u00e3o de esferas maci\u00e7as de metal; possamos simular no espa\u00e7o bidimensional, a deforma\u00e7\u00e3o que os corpos massivos causam no tecido &#8220;Espa\u00e7o-tempo&#8221;.<\/p>\n\n\n\n<div class=\"wp-block-file\"><a href=\"https:\/\/site.ifes.edu.br\/lab-instrumentacao\/wp-content\/uploads\/sites\/15\/2022\/07\/T\u00edtulo-do-Experimento-TECIDO-ESPA\u00c7O-TEMPO-\u201d.pdf\">T\u00edtulo-do-Experimento-TECIDO-ESPA\u00c7O-TEMPO-\u201d<\/a><a href=\"https:\/\/site.ifes.edu.br\/lab-instrumentacao\/wp-content\/uploads\/sites\/15\/2022\/07\/T\u00edtulo-do-Experimento-TECIDO-ESPA\u00c7O-TEMPO-\u201d.pdf\" class=\"wp-block-file__button\" download>Baixar<\/a><\/div>\n","protected":false},"excerpt":{"rendered":"<p>Tecido Espa\u00e7o-tempo O Experimento Consiste na utiliza\u00e7\u00e3o de um tecido preso \u00e0 uma estrutura de canos de P.V.C; para atrav\u00e9s deste tecido e com a utiliza\u00e7\u00e3o de esferas maci\u00e7as de metal; possamos simular no espa\u00e7o bidimensional, a deforma\u00e7\u00e3o que os corpos massivos causam no tecido &#8220;Espa\u00e7o-tempo&#8221;.<\/p>\n","protected":false},"author":12,"featured_media":0,"parent":0,"menu_order":0,"comment_status":"closed","ping_status":"closed","template":"","meta":{"footnotes":""},"class_list":["post-426","page","type-page","status-publish","hentry"],"_links":{"self":[{"href":"https:\/\/site.ifes.edu.br\/lab-instrumentacao\/wp-json\/wp\/v2\/pages\/426"}],"collection":[{"href":"https:\/\/site.ifes.edu.br\/lab-instrumentacao\/wp-json\/wp\/v2\/pages"}],"about":[{"href":"https:\/\/site.ifes.edu.br\/lab-instrumentacao\/wp-json\/wp\/v2\/types\/page"}],"author":[{"embeddable":true,"href":"https:\/\/site.ifes.edu.br\/lab-instrumentacao\/wp-json\/wp\/v2\/users\/12"}],"replies":[{"embeddable":true,"href":"https:\/\/site.ifes.edu.br\/lab-instrumentacao\/wp-json\/wp\/v2\/comments?post=426"}],"version-history":[{"count":1,"href":"https:\/\/site.ifes.edu.br\/lab-instrumentacao\/wp-json\/wp\/v2\/pages\/426\/revisions"}],"predecessor-version":[{"id":428,"href":"https:\/\/site.ifes.edu.br\/lab-instrumentacao\/wp-json\/wp\/v2\/pages\/426\/revisions\/428"}],"wp:attachment":[{"href":"https:\/\/site.ifes.edu.br\/lab-instrumentacao\/wp-json\/wp\/v2\/media?parent=426"}],"curies":[{"name":"wp","href":"https:\/\/api.w.org\/{rel}","templated":true}]}}