{"id":309,"date":"2022-07-25T15:34:41","date_gmt":"2022-07-25T18:34:41","guid":{"rendered":"https:\/\/site.ifes.edu.br\/lab-instrumentacao\/?page_id=309"},"modified":"2023-05-08T18:49:55","modified_gmt":"2023-05-08T21:49:55","slug":"enxergando-a-voz","status":"publish","type":"page","link":"https:\/\/site.ifes.edu.br\/lab-instrumentacao\/enxergando-a-voz\/","title":{"rendered":"P\u00eandulo Serpente  (P\u00eandulo Dan\u00e7ante)"},"content":{"rendered":"\n<h2 class=\"wp-block-heading\">P\u00eandulo Serpente  (P\u00eandulo Dan\u00e7ante)<\/h2>\n\n\n\n<p>Este experimento tem por objetivo analisar a rela\u00e7\u00e3o entre o comprimento do p\u00eandulo e o seu per\u00edodo.<\/p>\n\n\n\n<div class=\"wp-block-file\"><a href=\"https:\/\/site.ifes.edu.br\/lab-instrumentacao\/wp-content\/uploads\/sites\/15\/2023\/05\/P\u00eandulos-Dan\u00e7antes-Site.dotx-1.pdf\">P\u00eandulo Serpente (P\u00eandulo Dan\u00e7ante)<\/a><a href=\"https:\/\/site.ifes.edu.br\/lab-instrumentacao\/wp-content\/uploads\/sites\/15\/2023\/05\/P\u00eandulos-Dan\u00e7antes-Site.dotx-1.pdf\" class=\"wp-block-file__button\" download>Baixar<\/a><\/div>\n\n\n\n<p><\/p>\n","protected":false},"excerpt":{"rendered":"<p>P\u00eandulo Serpente (P\u00eandulo Dan\u00e7ante) Este experimento tem por objetivo analisar a rela\u00e7\u00e3o entre o comprimento do p\u00eandulo e o seu per\u00edodo.<\/p>\n","protected":false},"author":12,"featured_media":0,"parent":0,"menu_order":0,"comment_status":"closed","ping_status":"closed","template":"","meta":{"footnotes":""},"class_list":["post-309","page","type-page","status-publish","hentry"],"_links":{"self":[{"href":"https:\/\/site.ifes.edu.br\/lab-instrumentacao\/wp-json\/wp\/v2\/pages\/309"}],"collection":[{"href":"https:\/\/site.ifes.edu.br\/lab-instrumentacao\/wp-json\/wp\/v2\/pages"}],"about":[{"href":"https:\/\/site.ifes.edu.br\/lab-instrumentacao\/wp-json\/wp\/v2\/types\/page"}],"author":[{"embeddable":true,"href":"https:\/\/site.ifes.edu.br\/lab-instrumentacao\/wp-json\/wp\/v2\/users\/12"}],"replies":[{"embeddable":true,"href":"https:\/\/site.ifes.edu.br\/lab-instrumentacao\/wp-json\/wp\/v2\/comments?post=309"}],"version-history":[{"count":5,"href":"https:\/\/site.ifes.edu.br\/lab-instrumentacao\/wp-json\/wp\/v2\/pages\/309\/revisions"}],"predecessor-version":[{"id":785,"href":"https:\/\/site.ifes.edu.br\/lab-instrumentacao\/wp-json\/wp\/v2\/pages\/309\/revisions\/785"}],"wp:attachment":[{"href":"https:\/\/site.ifes.edu.br\/lab-instrumentacao\/wp-json\/wp\/v2\/media?parent=309"}],"curies":[{"name":"wp","href":"https:\/\/api.w.org\/{rel}","templated":true}]}}