{"id":1475,"date":"2024-04-02T13:51:34","date_gmt":"2024-04-02T16:51:34","guid":{"rendered":"https:\/\/site.ifes.edu.br\/lab-instrumentacao\/?page_id=1475"},"modified":"2024-04-02T13:53:57","modified_gmt":"2024-04-02T16:53:57","slug":"bolhas-confinadas","status":"publish","type":"page","link":"https:\/\/site.ifes.edu.br\/lab-instrumentacao\/bolhas-confinadas\/","title":{"rendered":"Bolhas Confinadas"},"content":{"rendered":"<p><strong>Descri\u00e7\u00e3o<\/strong>: Este experimento serve para mostrar que para um objeto que se move com velocidade constante, a dist\u00e2ncia percorrida em diferentes intervalos de tempo iguais e sucessivos \u00e9 sempre a mesma.<\/p>\n<p><strong>Roteiro de constru\u00e7\u00e3o<\/strong>: <a href=\"https:\/\/site.ifes.edu.br\/lab-instrumentacao\/wp-content\/uploads\/sites\/15\/2024\/04\/Roteiro-de-Constru\u00e7\u00e3o-do-Experimento-de-Bolhas-Confinadas.pdf\">Roteiro de Constru\u00e7\u00e3o do Experimento de Bolhas Confinadas<\/a><\/p>\n<p><strong>Plano de aula baseado no experimento<\/strong>: <a href=\"https:\/\/site.ifes.edu.br\/lab-instrumentacao\/wp-content\/uploads\/sites\/15\/2024\/04\/Roteiro-de-Aplica\u00e7\u00e3o-do-Experimento-das-Bolhas-Confinadas.pdf\">Roteiro de Aplica\u00e7\u00e3o do Experimento das Bolhas Confinadas<\/a><\/p>\n","protected":false},"excerpt":{"rendered":"<p>Descri\u00e7\u00e3o: Este experimento serve para mostrar que para um objeto que se move com velocidade constante, a dist\u00e2ncia percorrida em diferentes intervalos de tempo iguais e sucessivos \u00e9 sempre a mesma. Roteiro de constru\u00e7\u00e3o: Roteiro de Constru\u00e7\u00e3o do Experimento de Bolhas Confinadas Plano de aula baseado no experimento: Roteiro de &hellip; <\/p>\n","protected":false},"author":12,"featured_media":0,"parent":0,"menu_order":0,"comment_status":"closed","ping_status":"closed","template":"","meta":{"footnotes":""},"class_list":["post-1475","page","type-page","status-publish","hentry"],"_links":{"self":[{"href":"https:\/\/site.ifes.edu.br\/lab-instrumentacao\/wp-json\/wp\/v2\/pages\/1475"}],"collection":[{"href":"https:\/\/site.ifes.edu.br\/lab-instrumentacao\/wp-json\/wp\/v2\/pages"}],"about":[{"href":"https:\/\/site.ifes.edu.br\/lab-instrumentacao\/wp-json\/wp\/v2\/types\/page"}],"author":[{"embeddable":true,"href":"https:\/\/site.ifes.edu.br\/lab-instrumentacao\/wp-json\/wp\/v2\/users\/12"}],"replies":[{"embeddable":true,"href":"https:\/\/site.ifes.edu.br\/lab-instrumentacao\/wp-json\/wp\/v2\/comments?post=1475"}],"version-history":[{"count":2,"href":"https:\/\/site.ifes.edu.br\/lab-instrumentacao\/wp-json\/wp\/v2\/pages\/1475\/revisions"}],"predecessor-version":[{"id":1479,"href":"https:\/\/site.ifes.edu.br\/lab-instrumentacao\/wp-json\/wp\/v2\/pages\/1475\/revisions\/1479"}],"wp:attachment":[{"href":"https:\/\/site.ifes.edu.br\/lab-instrumentacao\/wp-json\/wp\/v2\/media?parent=1475"}],"curies":[{"name":"wp","href":"https:\/\/api.w.org\/{rel}","templated":true}]}}