{"id":1173,"date":"2023-12-04T09:10:17","date_gmt":"2023-12-04T12:10:17","guid":{"rendered":"https:\/\/site.ifes.edu.br\/lab-instrumentacao\/?page_id=1173"},"modified":"2023-12-18T20:08:25","modified_gmt":"2023-12-18T23:08:25","slug":"simulador-de-propagacao-de-ondas-mecanicas-em-meios-solidos","status":"publish","type":"page","link":"https:\/\/site.ifes.edu.br\/lab-instrumentacao\/simulador-de-propagacao-de-ondas-mecanicas-em-meios-solidos\/","title":{"rendered":"Simulador de propaga\u00e7\u00e3o de ondas mec\u00e2nicas em meios s\u00f3lidos &#8211; Julya e Arthur"},"content":{"rendered":"<p><span style=\"font-weight: 400\">Atrav\u00e9s do simulador de propaga\u00e7\u00e3o de ondas mec\u00e2nicas em meios s\u00f3lidos, temos o prop\u00f3sito de ilustrar conceitos <\/span><span style=\"font-weight: 400\">f\u00edsicos associados \u00e0 <\/span><span style=\"font-weight: 400\">propaga\u00e7\u00e3o<\/span><span style=\"font-weight: 400\"> de ondas longitudinais. Al\u00e9m disso, o simulador tem a finalidade de apresentar de forma fenomenol\u00f3gica a rela\u00e7\u00e3o entre a velocidade de propaga\u00e7\u00e3o e as propriedades inerciais e el\u00e1sticas de um meio s\u00f3lido.\u00a0<\/span><\/p>\n<p><span style=\"font-weight: 400\">Este recurso foi desenvolvido para aprimorar a compreens\u00e3o das propriedades das ondas mec\u00e2nicas, destacando a influ\u00eancia dessas propriedades no comportamento da velocidade de propaga\u00e7\u00e3o, facilitando assim, o processo de aprendizagem.<\/span><\/p>\n<p><a href=\"https:\/\/site.ifes.edu.br\/lab-instrumentacao\/simulador-de-propagacao-de-ondas-mecanicas-em-meios-solidos\/roteiro-de-intervencao-julya-e-arthur\/\" rel=\"attachment wp-att-1174\">Roteiro de interven\u00e7\u00e3o e constru\u00e7\u00e3o &#8211; Julya e Arthur<\/a><\/p>\n","protected":false},"excerpt":{"rendered":"<p>Atrav\u00e9s do simulador de propaga\u00e7\u00e3o de ondas mec\u00e2nicas em meios s\u00f3lidos, temos o prop\u00f3sito de ilustrar conceitos f\u00edsicos associados \u00e0 propaga\u00e7\u00e3o de ondas longitudinais. Al\u00e9m disso, o simulador tem a finalidade de apresentar de forma fenomenol\u00f3gica a rela\u00e7\u00e3o entre a velocidade de propaga\u00e7\u00e3o e as propriedades inerciais e el\u00e1sticas de &hellip; <\/p>\n","protected":false},"author":12,"featured_media":0,"parent":0,"menu_order":0,"comment_status":"closed","ping_status":"closed","template":"","meta":{"footnotes":""},"class_list":["post-1173","page","type-page","status-publish","hentry"],"_links":{"self":[{"href":"https:\/\/site.ifes.edu.br\/lab-instrumentacao\/wp-json\/wp\/v2\/pages\/1173"}],"collection":[{"href":"https:\/\/site.ifes.edu.br\/lab-instrumentacao\/wp-json\/wp\/v2\/pages"}],"about":[{"href":"https:\/\/site.ifes.edu.br\/lab-instrumentacao\/wp-json\/wp\/v2\/types\/page"}],"author":[{"embeddable":true,"href":"https:\/\/site.ifes.edu.br\/lab-instrumentacao\/wp-json\/wp\/v2\/users\/12"}],"replies":[{"embeddable":true,"href":"https:\/\/site.ifes.edu.br\/lab-instrumentacao\/wp-json\/wp\/v2\/comments?post=1173"}],"version-history":[{"count":5,"href":"https:\/\/site.ifes.edu.br\/lab-instrumentacao\/wp-json\/wp\/v2\/pages\/1173\/revisions"}],"predecessor-version":[{"id":1338,"href":"https:\/\/site.ifes.edu.br\/lab-instrumentacao\/wp-json\/wp\/v2\/pages\/1173\/revisions\/1338"}],"wp:attachment":[{"href":"https:\/\/site.ifes.edu.br\/lab-instrumentacao\/wp-json\/wp\/v2\/media?parent=1173"}],"curies":[{"name":"wp","href":"https:\/\/api.w.org\/{rel}","templated":true}]}}