{"id":1167,"date":"2023-12-04T08:48:22","date_gmt":"2023-12-04T11:48:22","guid":{"rendered":"https:\/\/site.ifes.edu.br\/lab-instrumentacao\/?page_id=1167"},"modified":"2023-12-04T10:15:56","modified_gmt":"2023-12-04T13:15:56","slug":"roteiro-de-otica-geometrica-principios-fundamentais-da-propagacao-da-luz","status":"publish","type":"page","link":"https:\/\/site.ifes.edu.br\/lab-instrumentacao\/roteiro-de-otica-geometrica-principios-fundamentais-da-propagacao-da-luz\/","title":{"rendered":"Roteiro de \u00d3tica Geom\u00e9trica, princ\u00edpios fundamentais da propaga\u00e7\u00e3o da luz &#8211; Julya e Arthur"},"content":{"rendered":"<p>Este roteiro tem como objetivo permitir que os alunos compreendam os princ\u00edpios fundamentais da \u00f3ptica, incluindo a propaga\u00e7\u00e3o retil\u00ednea da luz, a defini\u00e7\u00e3o de raio luminoso, raios divergentes e convergentes, fontes pontuais e extensas, meios transparentes e opacos, e a forma\u00e7\u00e3o de sombras e penumbras (sabendo relacionar com o eclipse).<\/p>\n<p>Foi utilizado Kits de \u00f3ptica, onde os alunos foram separados em grupos e cada grupo possui um kit, e ter\u00e1 temas de \u00d3tica Geom\u00e9trica para reproduzir com o Kit, e depois explicar o que foi feito para os demais grupos, visando explorar o protagonismo dos alunos.<\/p>\n<p><a href=\"https:\/\/site.ifes.edu.br\/lab-instrumentacao\/roteiro-de-otica-geometrica-principios-fundamentais-da-propagacao-da-luz\/roteiro-de-otica-julya-e-arthur\/\" rel=\"attachment wp-att-1168\">Roteiro de \u00f3tica &#8211; julya e arthur<\/a><\/p>\n","protected":false},"excerpt":{"rendered":"<p>Este roteiro tem como objetivo permitir que os alunos compreendam os princ\u00edpios fundamentais da \u00f3ptica, incluindo a propaga\u00e7\u00e3o retil\u00ednea da luz, a defini\u00e7\u00e3o de raio luminoso, raios divergentes e convergentes, fontes pontuais e extensas, meios transparentes e opacos, e a forma\u00e7\u00e3o de sombras e penumbras (sabendo relacionar com o eclipse). &hellip; <\/p>\n","protected":false},"author":12,"featured_media":0,"parent":0,"menu_order":0,"comment_status":"closed","ping_status":"closed","template":"","meta":{"footnotes":""},"class_list":["post-1167","page","type-page","status-publish","hentry"],"_links":{"self":[{"href":"https:\/\/site.ifes.edu.br\/lab-instrumentacao\/wp-json\/wp\/v2\/pages\/1167"}],"collection":[{"href":"https:\/\/site.ifes.edu.br\/lab-instrumentacao\/wp-json\/wp\/v2\/pages"}],"about":[{"href":"https:\/\/site.ifes.edu.br\/lab-instrumentacao\/wp-json\/wp\/v2\/types\/page"}],"author":[{"embeddable":true,"href":"https:\/\/site.ifes.edu.br\/lab-instrumentacao\/wp-json\/wp\/v2\/users\/12"}],"replies":[{"embeddable":true,"href":"https:\/\/site.ifes.edu.br\/lab-instrumentacao\/wp-json\/wp\/v2\/comments?post=1167"}],"version-history":[{"count":5,"href":"https:\/\/site.ifes.edu.br\/lab-instrumentacao\/wp-json\/wp\/v2\/pages\/1167\/revisions"}],"predecessor-version":[{"id":1191,"href":"https:\/\/site.ifes.edu.br\/lab-instrumentacao\/wp-json\/wp\/v2\/pages\/1167\/revisions\/1191"}],"wp:attachment":[{"href":"https:\/\/site.ifes.edu.br\/lab-instrumentacao\/wp-json\/wp\/v2\/media?parent=1167"}],"curies":[{"name":"wp","href":"https:\/\/api.w.org\/{rel}","templated":true}]}}