{"id":1075,"date":"2023-07-07T14:07:19","date_gmt":"2023-07-07T17:07:19","guid":{"rendered":"https:\/\/site.ifes.edu.br\/lab-instrumentacao\/?page_id=1075"},"modified":"2023-07-07T14:07:19","modified_gmt":"2023-07-07T17:07:19","slug":"experimento-luminopot-explorando-a-luminosidade-e-a-corrente-eletrica","status":"publish","type":"page","link":"https:\/\/site.ifes.edu.br\/lab-instrumentacao\/experimento-luminopot-explorando-a-luminosidade-e-a-corrente-eletrica\/","title":{"rendered":"Experimento: &#8220;LuminoPot: Explorando a Luminosidade e a Corrente El\u00e9trica&#8221;"},"content":{"rendered":"\n<div class=\"wp-block-media-text alignwide is-stacked-on-mobile\"><figure class=\"wp-block-media-text__media\"><img fetchpriority=\"high\" decoding=\"async\" width=\"1024\" height=\"768\" src=\"https:\/\/site.ifes.edu.br\/lab-instrumentacao\/wp-content\/uploads\/sites\/15\/2023\/07\/Imagem-do-WhatsApp-de-2023-07-06-\u00e0s-07.29.50-3-rotated.jpg\" alt=\"\" class=\"wp-image-1043\" srcset=\"https:\/\/site.ifes.edu.br\/lab-instrumentacao\/wp-content\/uploads\/sites\/15\/2023\/07\/Imagem-do-WhatsApp-de-2023-07-06-\u00e0s-07.29.50-3-rotated.jpg 1024w, https:\/\/site.ifes.edu.br\/lab-instrumentacao\/wp-content\/uploads\/sites\/15\/2023\/07\/Imagem-do-WhatsApp-de-2023-07-06-\u00e0s-07.29.50-3-300x225.jpg 300w, https:\/\/site.ifes.edu.br\/lab-instrumentacao\/wp-content\/uploads\/sites\/15\/2023\/07\/Imagem-do-WhatsApp-de-2023-07-06-\u00e0s-07.29.50-3-768x576.jpg 768w, https:\/\/site.ifes.edu.br\/lab-instrumentacao\/wp-content\/uploads\/sites\/15\/2023\/07\/Imagem-do-WhatsApp-de-2023-07-06-\u00e0s-07.29.50-3-80x60.jpg 80w\" sizes=\"(max-width: 1024px) 100vw, 1024px\" \/><\/figure><div class=\"wp-block-media-text__content\">\n<p style=\"font-size:21px\"><a href=\"https:\/\/site.ifes.edu.br\/lab-instrumentacao\/luminopot-explorando-o-brilho-com-controle\/\">Roteiro do Experimento<\/a><\/p>\n\n\n\n<p><a href=\"https:\/\/www.youtube.com\/watch?v=f-7-oLMCgvU\">Apresenta\u00e7\u00e3o do Experimento<\/a><\/p>\n<\/div><\/div>\n\n\n\n<p>V\u00eddeo produzido no canal do Youtube do laborat\u00f3rio de instrumenta\u00e7\u00e3o do IFES Campus Cariacica, onde foi explicado sobre o experimento &#8220;LuminoPot: Explorando a Luminosidade e a Corrente El\u00e9trica&#8221;.<\/p>\n","protected":false},"excerpt":{"rendered":"<p>Roteiro do Experimento Apresenta\u00e7\u00e3o do Experimento V\u00eddeo produzido no canal do Youtube do laborat\u00f3rio de instrumenta\u00e7\u00e3o do IFES Campus Cariacica, onde foi explicado sobre o experimento &#8220;LuminoPot: Explorando a Luminosidade e a Corrente El\u00e9trica&#8221;.<\/p>\n","protected":false},"author":12,"featured_media":0,"parent":0,"menu_order":0,"comment_status":"closed","ping_status":"closed","template":"","meta":{"footnotes":""},"class_list":["post-1075","page","type-page","status-publish","hentry"],"_links":{"self":[{"href":"https:\/\/site.ifes.edu.br\/lab-instrumentacao\/wp-json\/wp\/v2\/pages\/1075"}],"collection":[{"href":"https:\/\/site.ifes.edu.br\/lab-instrumentacao\/wp-json\/wp\/v2\/pages"}],"about":[{"href":"https:\/\/site.ifes.edu.br\/lab-instrumentacao\/wp-json\/wp\/v2\/types\/page"}],"author":[{"embeddable":true,"href":"https:\/\/site.ifes.edu.br\/lab-instrumentacao\/wp-json\/wp\/v2\/users\/12"}],"replies":[{"embeddable":true,"href":"https:\/\/site.ifes.edu.br\/lab-instrumentacao\/wp-json\/wp\/v2\/comments?post=1075"}],"version-history":[{"count":1,"href":"https:\/\/site.ifes.edu.br\/lab-instrumentacao\/wp-json\/wp\/v2\/pages\/1075\/revisions"}],"predecessor-version":[{"id":1077,"href":"https:\/\/site.ifes.edu.br\/lab-instrumentacao\/wp-json\/wp\/v2\/pages\/1075\/revisions\/1077"}],"wp:attachment":[{"href":"https:\/\/site.ifes.edu.br\/lab-instrumentacao\/wp-json\/wp\/v2\/media?parent=1075"}],"curies":[{"name":"wp","href":"https:\/\/api.w.org\/{rel}","templated":true}]}}