{"id":87,"date":"2020-10-25T18:13:49","date_gmt":"2020-10-25T21:13:49","guid":{"rendered":"https:\/\/site.ifes.edu.br\/grupem\/?page_id=87"},"modified":"2025-08-21T19:56:05","modified_gmt":"2025-08-21T22:56:05","slug":"publicacoes","status":"publish","type":"page","link":"https:\/\/site.ifes.edu.br\/grupem\/publicacoes\/","title":{"rendered":"Artigos em Peri\u00f3dicos"},"content":{"rendered":"\r\n<div class=\"wp-block-group\">\r\n<div class=\"wp-block-group__inner-container is-layout-flow wp-block-group-is-layout-flow\">\r\n<div class=\"wp-block-group\">\r\n<div class=\"wp-block-group__inner-container is-layout-flow wp-block-group-is-layout-flow\">\r\n<div class=\"wp-block-group\">\r\n<div class=\"wp-block-group__inner-container is-layout-flow wp-block-group-is-layout-flow\">\r\n<p>ROVETTA, O. M., Silva, S. A. F. da, &amp; C\u00f4co, D. <a href=\"https:\/\/doi.org\/10.14393\/OBv8.e2024-40\">Um movimento l\u00f3gico-hist\u00f3rico de geometria e a\u00e7\u00f5es formativas em um Clube de Matem\u00e1tica.<\/a> Obutch\u00e9nie. <strong>REVISTA DE DID\u00c1TICA E PSICOLOGIA PEDAG\u00d3GICA<\/strong>, 8(Cont\u00ednua), p.1-24, 2024.<\/p>\r\n<p>ROVETTA, O. M.; SILVA, Sandra Aparecida Fraga da. <a href=\"https:\/\/ojs.ifes.edu.br\/index.php\/saladeaula\/issue\/view\/82\/30\" target=\"_blank\" rel=\"noreferrer noopener\">Discuss\u00f5es sobre compreens\u00f5es de alunos acerca de formas planas e espaciais, suas representa\u00e7\u00f5es e nomenclaturas.<\/a> <strong>REVISTA ELETR\u00d4NICA SALA DE AULA EM FOCO<\/strong>. , v.1, p.79 &#8211; 89, 2022.<\/p>\r\n\r\n\r\n\r\n<p>GOMES, D. S.; TOREZANI, F. C. D.; C\u00d4CO, DILZA; SILVA, Sandra Aparecida Fraga da Silva<br \/><a href=\"https:\/\/ojs.ifes.edu.br\/index.php\/saladeaula\/issue\/view\/82\/30\" target=\"_blank\" rel=\"noreferrer noopener\">Forma\u00e7\u00e3o continuada de professores da educa\u00e7\u00e3o infantil e rela\u00e7\u00f5es com o trabalho pedag\u00f3gico: Ressignificando o ensino de n\u00famero. <\/a><strong>REVISTA ELETR\u00d4NICA SALA DE AULA EM FOCO<\/strong>. , v.1, p.276 &#8211; 287, 2022.<\/p>\r\n\r\n\r\n\r\n<p>SANTOS, YOLANDA PINTO DOS ; SILVA, Sandra Aparecida Fraga da ; C\u00d4CO, DILZA . <a href=\"https:\/\/rsdjournal.org\/index.php\/rsd\/article\/view\/20099\" target=\"_blank\" rel=\"noreferrer noopener\">Forma\u00e7\u00e3o continuada sobre multiplica\u00e7\u00e3o e divis\u00e3o para professores dos Anos Iniciais e o trabalho coletivo. <\/a><strong>RESEARCH, SOCIETY AND DEVELOPMENT<\/strong>, v. 10, p. e141101220099-13, 2021.<br \/><br \/>C\u00d4CO, Dilza; SANTOS, Mariana Dionizio Dos Santos; LEITE, Priscila De Souza Chist\u00e9; SILVA, Sandra Aparecida Fraga da Silva.<a href=\"https:\/\/doi.org\/10.14393\/OBv4n2.a2020-57496\" target=\"_blank\" rel=\"noreferrer noopener\"> Di\u00e1logos, viv\u00eancias e abordagens te\u00f3ricas sobre forma\u00e7\u00e3o de professores: Entrevista com Manoel Oriosvaldo de Moura.<\/a>\u00a0 <strong>Obutch\u00e9nie<\/strong>, v.4, p.562 &#8211; 582, 2020.<\/p>\r\n\r\n\r\n\r\n<p>C\u00d4CO, Dilza; SILVA, Sandra Aparecida Fraga da Silva. <a href=\"https:\/\/doi.org\/10.5216\/ia.v45i2.56960\" target=\"_blank\" rel=\"noreferrer noopener\">Est\u00e1gio curricular supervisionado e laborat\u00f3rio de ensino de matem\u00e1tica a\u00e7\u00f5es formativas compartilhadas com escolas de educa\u00e7\u00e3o b\u00e1sica.<\/a> <strong>INTER-A\u00c7\u00c3O (UFG. ONLINE),<\/strong> v.45, p.531 &#8211; 546, 2020.<\/p>\r\n\r\n\r\n\r\n<p>C\u00d4CO, Dilza; SILVA, Sandra Aparecida Fraga da; LOPES, Anemari R. L. V.; PERLIN, Patr\u00edcia. <a href=\"https:\/\/doi.org\/10.23925\/2358-4122.2020v7i2p25-47\" target=\"_blank\" rel=\"noreferrer noopener\">Forma\u00e7\u00e3o de professores dos anos iniciais sobre fra\u00e7\u00f5es: contribui\u00e7\u00f5es da teoria hist\u00f3rico-cultural.<\/a> <strong>Ensino Da Matem\u00e1tica Em Debate<\/strong>, v.7, p.25 &#8211; 47, 2020.<\/p>\r\n\r\n\r\n\r\n<p>TOREZANI, Fabiany Cez\u00e1rio Dias; GOMES, Dayane De Souza; C\u00d4CO, Dilza. <a href=\"https:\/\/doi.org\/10.37781\/vidya.v40i2.3375\" target=\"_blank\" rel=\"noreferrer noopener\">Educa\u00e7\u00e3o matem\u00e1tica e educa\u00e7\u00e3o infantil: uma proposta de forma\u00e7\u00e3o continuada na abordagem hist\u00f3rico-cultural.<\/a> <strong>Vidya (Santa Maria. Online<\/strong>). V.40, P.127 &#8211; 146, 2020.<\/p>\r\n\r\n\r\n\r\n<p>LOPES, Aparecida Ferreira; SILVA, Sandra Aparecida Fraga da. <a href=\"https:\/\/rsdjournal.org\/index.php\/rsd\/article\/download\/9179\/8062\/125508\" target=\"_blank\" rel=\"noreferrer noopener\">Movimento formativo de professores dos anos iniciais sobre fra\u00e7\u00e3o: o inteiro.<\/a> <strong>RESEARCH, SOCIETY AND DEVELOPMENT<\/strong>, v.9, p.e6549109179 &#8211; 29, 2020.<\/p>\r\n\r\n\r\n\r\n<p>SILVA, Sandra Aparecida Fraga da; MARAFIGA, Andressa Wiedenhoft; LOPES, Anemari Roesler Luersen Vieira. <a href=\"https:\/\/doi.org\/10.37781\/vidya.v40i2.3350\" target=\"_blank\" rel=\"noreferrer noopener\">Processo formativo de professoras da educa\u00e7\u00e3o infantil: analisando a\u00e7\u00f5es sobre a localiza\u00e7\u00e3o e percep\u00e7\u00e3o do espa\u00e7o com beb\u00eas.<\/a> <strong>Vidya (Santa Maria. ONLINE<\/strong>), v.40, p.107 &#8211; 126, 2020.<\/p>\r\n\r\n\r\n\r\n<p>ROVETTA, Organdi Mongin; SILVA, Sandra Aparecida Fraga da.<a href=\"https:\/\/doi.org\/10.37001\/EMR-RS.v.2n.21.2020.p.27-36\" target=\"_blank\" rel=\"noreferrer noopener\"> Reflex\u00f5es sobre uma trajet\u00f3ria de a\u00e7\u00f5es envolvendo perspectiva e fotografia.<\/a> <strong>Educa\u00e7\u00e3o matem\u00e1tica em revista-RS.<\/strong> v.2, p.27 &#8211; 36, 2020.<\/p>\r\n\r\n\r\n\r\n<p>SILVA, Sandra Aparecida Fraga da; LOPES, Anemari Roesler Luersen Vieira. <a href=\"https:\/\/doi.org\/10.5007\/1982-5153.2019v12n2p215\" target=\"_blank\" rel=\"noreferrer noopener\">Pesquisas brasileiras sobre geometria: contribui\u00e7\u00f5es da perspectiva hist\u00f3rico-cultural.<\/a> <strong>ALEXANDRIA<\/strong> (UFSC). , v.12, p.215 &#8211; 239, 2019.<\/p>\r\n\r\n\r\n\r\n<p>ROVETTA, Organdi M.; SILVA, Sandra Aparecida Fraga da. <a href=\"https:\/\/www.revistas.udesc.br\/index.php\/boem\/article\/view\/11905\" target=\"_blank\" rel=\"noreferrer noopener\">Potencialidades da rede social Facebook como um espa\u00e7o complementar \u00e0 sala de aula durante estudo de s\u00f3lidos geom\u00e9tricos: discuss\u00e3o de um produto educacional.<\/a> <strong>BOLETIM ONLINE DE EDUCA\u00c7\u00c3O MATEM\u00c1TICA<\/strong>. v.6, p.222 &#8211; , 2018.<\/p>\r\n\r\n\r\n\r\n<p>SILVA, Sandra Aparecida Fraga da; COCO, Dilza. <a href=\"http:\/\/dx.doi.org\/10.18764\/2178-2229.v24n.especialp68-88\" target=\"_blank\" rel=\"noreferrer noopener\">Forma\u00e7\u00e3o continuada de professores que ensinam matem\u00e1tica na inf\u00e2ncia: reflex\u00f5es conceituais e pr\u00e1ticas<\/a>. <strong>CADERNOS DE PESQUISA<\/strong>. v.24, p.68 &#8211; 88, 2017.<\/p>\r\n<\/div>\r\n<\/div>\r\n<\/div>\r\n<\/div>\r\n<\/div>\r\n<\/div>\r\n","protected":false},"excerpt":{"rendered":"<p>ROVETTA, O. M., Silva, S. A. F. da, &amp; C\u00f4co, D. Um movimento l\u00f3gico-hist\u00f3rico de geometria e a\u00e7\u00f5es formativas em um Clube de Matem\u00e1tica. Obutch\u00e9nie. REVISTA DE DID\u00c1TICA E PSICOLOGIA PEDAG\u00d3GICA, 8(Cont\u00ednua), p.1-24, 2024. ROVETTA, O. M.; SILVA, Sandra Aparecida Fraga da. Discuss\u00f5es sobre compreens\u00f5es de alunos acerca de formas planas e espaciais, suas representa\u00e7\u00f5es &hellip; <a href=\"https:\/\/site.ifes.edu.br\/grupem\/publicacoes\/\" class=\"more-link\">Continue lendo <span class=\"screen-reader-text\">Artigos em Peri\u00f3dicos<\/span> <span class=\"meta-nav\">&rarr;<\/span><\/a><\/p>\n","protected":false},"author":5,"featured_media":0,"parent":0,"menu_order":0,"comment_status":"closed","ping_status":"closed","template":"","meta":{"footnotes":""},"class_list":["post-87","page","type-page","status-publish","hentry"],"_links":{"self":[{"href":"https:\/\/site.ifes.edu.br\/grupem\/wp-json\/wp\/v2\/pages\/87"}],"collection":[{"href":"https:\/\/site.ifes.edu.br\/grupem\/wp-json\/wp\/v2\/pages"}],"about":[{"href":"https:\/\/site.ifes.edu.br\/grupem\/wp-json\/wp\/v2\/types\/page"}],"author":[{"embeddable":true,"href":"https:\/\/site.ifes.edu.br\/grupem\/wp-json\/wp\/v2\/users\/5"}],"replies":[{"embeddable":true,"href":"https:\/\/site.ifes.edu.br\/grupem\/wp-json\/wp\/v2\/comments?post=87"}],"version-history":[{"count":17,"href":"https:\/\/site.ifes.edu.br\/grupem\/wp-json\/wp\/v2\/pages\/87\/revisions"}],"predecessor-version":[{"id":997,"href":"https:\/\/site.ifes.edu.br\/grupem\/wp-json\/wp\/v2\/pages\/87\/revisions\/997"}],"wp:attachment":[{"href":"https:\/\/site.ifes.edu.br\/grupem\/wp-json\/wp\/v2\/media?parent=87"}],"curies":[{"name":"wp","href":"https:\/\/api.w.org\/{rel}","templated":true}]}}

Artigos em Periódicos

<div class="wp-block-group">
<div class="wp-block-group__inner-container is-layout-flow wp-block-group-is-layout-flow">
<div class="wp-block-group">
<div class="wp-block-group__inner-container is-layout-flow wp-block-group-is-layout-flow">
<div class="wp-block-group">
<div class="wp-block-group__inner-container is-layout-flow wp-block-group-is-layout-flow">
<p>ROVETTA, O. M., Silva, S. A. F. da, &amp; Côco, D. <a href="https://doi.org/10.14393/OBv8.e2024-40">Um movimento lógico-histórico de geometria e ações formativas em um Clube de Matemática.</a> Obutchénie. <strong>REVISTA DE DIDÁTICA E PSICOLOGIA PEDAGÓGICA</strong>, 8(Contínua), p.1-24, 2024.</p>
<p>ROVETTA, O. M.; SILVA, Sandra Aparecida Fraga da. <a href="https://ojs.ifes.edu.br/index.php/saladeaula/issue/view/82/30" target="_blank" rel="noreferrer noopener">Discussões sobre compreensões de alunos acerca de formas planas e espaciais, suas representações e nomenclaturas.</a> <strong>REVISTA ELETRÔNICA SALA DE AULA EM FOCO</strong>. , v.1, p.79 &#8211; 89, 2022.</p>



<p>GOMES, D. S.; TOREZANI, F. C. D.; CÔCO, DILZA; SILVA, Sandra Aparecida Fraga da Silva<br /><a href="https://ojs.ifes.edu.br/index.php/saladeaula/issue/view/82/30" target="_blank" rel="noreferrer noopener">Formação continuada de professores da educação infantil e relações com o trabalho pedagógico: Ressignificando o ensino de número. </a><strong>REVISTA ELETRÔNICA SALA DE AULA EM FOCO</strong>. , v.1, p.276 &#8211; 287, 2022.</p>



<p>SANTOS, YOLANDA PINTO DOS ; SILVA, Sandra Aparecida Fraga da ; CÔCO, DILZA . <a href="https://rsdjournal.org/index.php/rsd/article/view/20099" target="_blank" rel="noreferrer noopener">Formação continuada sobre multiplicação e divisão para professores dos Anos Iniciais e o trabalho coletivo. </a><strong>RESEARCH, SOCIETY AND DEVELOPMENT</strong>, v. 10, p. e141101220099-13, 2021.<br /><br />CÔCO, Dilza; SANTOS, Mariana Dionizio Dos Santos; LEITE, Priscila De Souza Chisté; SILVA, Sandra Aparecida Fraga da Silva.<a href="https://doi.org/10.14393/OBv4n2.a2020-57496" target="_blank" rel="noreferrer noopener"> Diálogos, vivências e abordagens teóricas sobre formação de professores: Entrevista com Manoel Oriosvaldo de Moura.</a>  <strong>Obutchénie</strong>, v.4, p.562 &#8211; 582, 2020.</p>



<p>CÔCO, Dilza; SILVA, Sandra Aparecida Fraga da Silva. <a href="https://doi.org/10.5216/ia.v45i2.56960" target="_blank" rel="noreferrer noopener">Estágio curricular supervisionado e laboratório de ensino de matemática ações formativas compartilhadas com escolas de educação básica.</a> <strong>INTER-AÇÃO (UFG. ONLINE),</strong> v.45, p.531 &#8211; 546, 2020.</p>



<p>CÔCO, Dilza; SILVA, Sandra Aparecida Fraga da; LOPES, Anemari R. L. V.; PERLIN, Patrícia. <a href="https://doi.org/10.23925/2358-4122.2020v7i2p25-47" target="_blank" rel="noreferrer noopener">Formação de professores dos anos iniciais sobre frações: contribuições da teoria histórico-cultural.</a> <strong>Ensino Da Matemática Em Debate</strong>, v.7, p.25 &#8211; 47, 2020.</p>



<p>TOREZANI, Fabiany Cezário Dias; GOMES, Dayane De Souza; CÔCO, Dilza. <a href="https://doi.org/10.37781/vidya.v40i2.3375" target="_blank" rel="noreferrer noopener">Educação matemática e educação infantil: uma proposta de formação continuada na abordagem histórico-cultural.</a> <strong>Vidya (Santa Maria. Online</strong>). V.40, P.127 &#8211; 146, 2020.</p>



<p>LOPES, Aparecida Ferreira; SILVA, Sandra Aparecida Fraga da. <a href="https://rsdjournal.org/index.php/rsd/article/download/9179/8062/125508" target="_blank" rel="noreferrer noopener">Movimento formativo de professores dos anos iniciais sobre fração: o inteiro.</a> <strong>RESEARCH, SOCIETY AND DEVELOPMENT</strong>, v.9, p.e6549109179 &#8211; 29, 2020.</p>



<p>SILVA, Sandra Aparecida Fraga da; MARAFIGA, Andressa Wiedenhoft; LOPES, Anemari Roesler Luersen Vieira. <a href="https://doi.org/10.37781/vidya.v40i2.3350" target="_blank" rel="noreferrer noopener">Processo formativo de professoras da educação infantil: analisando ações sobre a localização e percepção do espaço com bebês.</a> <strong>Vidya (Santa Maria. ONLINE</strong>), v.40, p.107 &#8211; 126, 2020.</p>



<p>ROVETTA, Organdi Mongin; SILVA, Sandra Aparecida Fraga da.<a href="https://doi.org/10.37001/EMR-RS.v.2n.21.2020.p.27-36" target="_blank" rel="noreferrer noopener"> Reflexões sobre uma trajetória de ações envolvendo perspectiva e fotografia.</a> <strong>Educação matemática em revista-RS.</strong> v.2, p.27 &#8211; 36, 2020.</p>



<p>SILVA, Sandra Aparecida Fraga da; LOPES, Anemari Roesler Luersen Vieira. <a href="https://doi.org/10.5007/1982-5153.2019v12n2p215" target="_blank" rel="noreferrer noopener">Pesquisas brasileiras sobre geometria: contribuições da perspectiva histórico-cultural.</a> <strong>ALEXANDRIA</strong> (UFSC). , v.12, p.215 &#8211; 239, 2019.</p>



<p>ROVETTA, Organdi M.; SILVA, Sandra Aparecida Fraga da. <a href="https://www.revistas.udesc.br/index.php/boem/article/view/11905" target="_blank" rel="noreferrer noopener">Potencialidades da rede social Facebook como um espaço complementar à sala de aula durante estudo de sólidos geométricos: discussão de um produto educacional.</a> <strong>BOLETIM ONLINE DE EDUCAÇÃO MATEMÁTICA</strong>. v.6, p.222 &#8211; , 2018.</p>



<p>SILVA, Sandra Aparecida Fraga da; COCO, Dilza. <a href="http://dx.doi.org/10.18764/2178-2229.v24n.especialp68-88" target="_blank" rel="noreferrer noopener">Formação continuada de professores que ensinam matemática na infância: reflexões conceituais e práticas</a>. <strong>CADERNOS DE PESQUISA</strong>. v.24, p.68 &#8211; 88, 2017.</p>
</div>
</div>
</div>
</div>
</div>
</div>

<p>ROVETTA, O. M., Silva, S. A. F. da, &amp; Côco, D. Um movimento lógico-histórico de geometria e ações formativas em um Clube de Matemática. Obutchénie. REVISTA DE DIDÁTICA E PSICOLOGIA PEDAGÓGICA, 8(Contínua), p.1-24, 2024. ROVETTA, O. M.; SILVA, Sandra Aparecida Fraga da. Discussões sobre compreensões de alunos acerca de formas planas e espaciais, suas representações &hellip; <a href="https://site.ifes.edu.br/grupem/publicacoes/" class="more-link">Continue lendo <span class="screen-reader-text">Artigos em Periódicos</span> <span class="meta-nav">&rarr;</span></a></p>
