{"id":406,"date":"2021-04-01T17:12:55","date_gmt":"2021-04-01T20:12:55","guid":{"rendered":"https:\/\/site.ifes.edu.br\/grupem\/?page_id=406"},"modified":"2025-08-21T19:39:17","modified_gmt":"2025-08-21T22:39:17","slug":"livros","status":"publish","type":"page","link":"https:\/\/site.ifes.edu.br\/grupem\/livros\/","title":{"rendered":"Livros"},"content":{"rendered":"\r\n<div class=\"wp-block-image\" style=\"text-align: center\">\r\n<figure><img fetchpriority=\"high\" decoding=\"async\" class=\"alignnone size-medium wp-image-717\" src=\"https:\/\/site.ifes.edu.br\/grupem\/wp-content\/uploads\/sites\/7\/2025\/03\/livro-grupem-209x300.png\" alt=\"\" width=\"209\" height=\"300\" srcset=\"https:\/\/site.ifes.edu.br\/grupem\/wp-content\/uploads\/sites\/7\/2025\/03\/livro-grupem-209x300.png 209w, https:\/\/site.ifes.edu.br\/grupem\/wp-content\/uploads\/sites\/7\/2025\/03\/livro-grupem.png 487w\" sizes=\"(max-width: 209px) 100vw, 209px\" \/><\/figure>\r\n<p>&nbsp;<\/p>\r\n<figure><\/figure>\r\n<figure><\/figure>\r\n<figure>Sandra Aparecida Fraga da Silva; Dilza C\u00f4co [Orgs.]<strong> Clube de Matem\u00e1tica: experi\u00eancias did\u00e1tico-formativas.<\/strong> S\u00e3o Carlos: Pedro &amp; Jo\u00e3o Editores e Edifes, 2023.<\/figure>\r\n<p>&nbsp;<\/p>\r\n<p>&nbsp;<\/p>\r\n<figure class=\"aligncenter size-large is-resized\"><a href=\"https:\/\/pedroejoaoeditores.com.br\/site\/formacao-de-professores-e-praticas-pedagogicas-em-matematica-vivencias-em-um-grupo-de-pesquisa\/\"><img decoding=\"async\" class=\"wp-image-391 aligncenter\" src=\"https:\/\/site.ifes.edu.br\/grupem\/wp-content\/uploads\/sites\/7\/2021\/04\/image-2.png\" alt=\"\" width=\"229\" height=\"332\" \/><\/a><\/figure>\r\n<\/div>\r\n\r\n\r\n\r\n\r\n\r\n<p style=\"text-align: center\">SILVA, Sandra A. Fraga; C\u00d4CO, Dilza (Org.).\u00a0 <strong>Forma\u00e7\u00e3o de professores e pr\u00e1ticas pedag\u00f3gicas em matem\u00e1tica:<\/strong> viv\u00eancias em um grupo de pesquisa. S\u00e3o Carlos: Pedro &amp; Jo\u00e3o Editores, 2021.<\/p>\r\n<p style=\"text-align: center\">\r\n\r\n<\/p>\r\n<p style=\"text-align: center\"><strong>Resumo:<\/strong> Este livro sintetiza uma trajet\u00f3ria de trabalho do Grupo de Pesquisa em Pr\u00e1tica Pedag\u00f3gica de Matem\u00e1tica (Grupem). Esse grupo conta com a participa\u00e7\u00e3o de licenciandos de matem\u00e1tica e pedagogia, mestrandos, doutorandos, professores da educa\u00e7\u00e3o b\u00e1sica e professores pesquisadores do Ifes. No ano de 2021, o grupo completou 10 anos de exist\u00eancia e como forma de comemorar essa data especial, decidiu apresentar parte de seus projetos mais recentes numa composi\u00e7\u00e3o dos cap\u00edtulos no presente livro que inicia com a hist\u00f3ria de constitui\u00e7\u00e3o do grupo. Ao longo do livro ser\u00e1 poss\u00edvel verificar o envolvimento dos integrantes do Grupem em a\u00e7\u00f5es de ensino, pesquisa e extens\u00e3o e o car\u00e1ter de coletividade presente nessas a\u00e7\u00f5es. Um processo cont\u00ednuo de aprendizagem e estudos visando aprimorar o trabalho docente, que se materializa nas rela\u00e7\u00f5es de ensino.<\/p>\r\n<p>&nbsp;<\/p>\r\n\r\n\r\n\r\n<div class=\"wp-block-image\">\r\n<figure class=\"aligncenter size-large is-resized\"><a href=\"https:\/\/edifes.ifes.edu.br\/images\/stories\/livros\/03_e_PDF_Laborat%C3%B3rio_de_ensino_de_matem%C3%A1tica_do_Ifes_Vit%C3%B3ria.pdf\"><img decoding=\"async\" class=\"wp-image-395 aligncenter\" src=\"https:\/\/site.ifes.edu.br\/grupem\/wp-content\/uploads\/sites\/7\/2021\/04\/image-5.png\" alt=\"\" width=\"232\" height=\"341\" srcset=\"https:\/\/site.ifes.edu.br\/grupem\/wp-content\/uploads\/sites\/7\/2021\/04\/image-5.png 379w, https:\/\/site.ifes.edu.br\/grupem\/wp-content\/uploads\/sites\/7\/2021\/04\/image-5-204x300.png 204w\" sizes=\"(max-width: 232px) 100vw, 232px\" \/><\/a><\/figure>\r\n<\/div>\r\n\r\n\r\n\r\n\r\n\r\n<p style=\"text-align: center\">SILVA, Sandra A. Fraga; C\u00d4CO, Dilza (Org.).\u00a0 <strong>Laborat\u00f3rio de ensino de matem\u00e1tica do IFES\/Vit\u00f3ria:<\/strong> hist\u00f3ria e reflex\u00f5es de experi\u00eancias formativas. Vit\u00f3ria, ES: Edifes, 2021.<\/p>\r\n<p style=\"text-align: center\">\r\n\r\n<\/p>\r\n<p style=\"text-align: center\"><strong>Resumo:<\/strong> O livro &#8220;Laborat\u00f3rio de ensino de matem\u00e1tica do IFES\/Vit\u00f3ria: hist\u00f3ria e reflex\u00f5es de experi\u00eancias formativas&#8221; foi organizado pelo Grupem em parceria com mestres formados pelo Educimat, licenciandos de matem\u00e1tica e professores pesquisadores. Temos realizado muitas a\u00e7\u00f5es no LEM e este livro retrata um pouco disso, traz um hist\u00f3rico do LEM, algumas pesquisas desenvolvidas neste \u00e2mbito e relatos de diversas experi\u00eancias nesse espa\u00e7o formativo que foram desenvolvidas com a educa\u00e7\u00e3o b\u00e1sica.<\/p>\r\n<p style=\"text-align: center\">\u00a0<\/p>\r\n\r\n\r\n\r\n<div class=\"wp-block-image\">\r\n<figure class=\"aligncenter size-large is-resized\"><a href=\"https:\/\/emep.ifes.edu.br\/images\/Documentos\/livro_roteiro_EduMat.pdf\"><img loading=\"lazy\" decoding=\"async\" class=\"wp-image-397 aligncenter\" src=\"https:\/\/site.ifes.edu.br\/grupem\/wp-content\/uploads\/sites\/7\/2021\/04\/image-7.png\" alt=\"\" width=\"236\" height=\"335\" srcset=\"https:\/\/site.ifes.edu.br\/grupem\/wp-content\/uploads\/sites\/7\/2021\/04\/image-7.png 395w, https:\/\/site.ifes.edu.br\/grupem\/wp-content\/uploads\/sites\/7\/2021\/04\/image-7-211x300.png 211w\" sizes=\"(max-width: 236px) 100vw, 236px\" \/><\/a><\/figure>\r\n<\/div>\r\n<p style=\"text-align: center\">S\u00c1, Lauro Chagas e; SILVA, Sandra Aparecida Fraga da; ESQUINCALHA,\u00a0Agnaldo da Concei\u00e7\u00e3o.\u00a0<em><strong>Roteiro para escrita de relatos de experi\u00eancia em Educa\u00e7\u00e3o Matem\u00e1tica<\/strong><\/em>. 1. ed. Vit\u00f3ria: Instituto Federal do Esp\u00edrito Santo, 2020.<\/p>\r\n<p style=\"text-align: center\">\r\n\r\n<\/p>\r\n<p style=\"text-align: center\"><strong>Resumo<\/strong>: Este material did\u00e1tico foi elaborado a partir de diversas experi\u00eancias de orienta\u00e7\u00e3o dos autores. Detalhamos nossas sugest\u00f5es para escrita de um relato de experi\u00eancia no campo da Educa\u00e7\u00e3o Matem\u00e1tica. Destacamos que n\u00e3o se trata de um \u00fanico modo no processo de escrita, mas trazemos uma possibilidade de caminho. Esperamos que o material possa ajud\u00e1-lo na inicia\u00e7\u00e3o da produ\u00e7\u00e3o de relatos de experi\u00eancias.<\/p>\r\n","protected":false},"excerpt":{"rendered":"<p>&nbsp; Sandra Aparecida Fraga da Silva; Dilza C\u00f4co [Orgs.] Clube de Matem\u00e1tica: experi\u00eancias did\u00e1tico-formativas. S\u00e3o Carlos: Pedro &amp; Jo\u00e3o Editores e Edifes, 2023. &nbsp; &nbsp; SILVA, Sandra A. Fraga; C\u00d4CO, Dilza (Org.).\u00a0 Forma\u00e7\u00e3o de professores e pr\u00e1ticas pedag\u00f3gicas em matem\u00e1tica: viv\u00eancias em um grupo de pesquisa. S\u00e3o Carlos: Pedro &amp; Jo\u00e3o Editores, 2021. Resumo: Este &hellip; <a href=\"https:\/\/site.ifes.edu.br\/grupem\/livros\/\" class=\"more-link\">Continue lendo <span class=\"screen-reader-text\">Livros<\/span> <span class=\"meta-nav\">&rarr;<\/span><\/a><\/p>\n","protected":false},"author":5,"featured_media":0,"parent":0,"menu_order":0,"comment_status":"closed","ping_status":"closed","template":"","meta":{"footnotes":""},"class_list":["post-406","page","type-page","status-publish","hentry"],"_links":{"self":[{"href":"https:\/\/site.ifes.edu.br\/grupem\/wp-json\/wp\/v2\/pages\/406"}],"collection":[{"href":"https:\/\/site.ifes.edu.br\/grupem\/wp-json\/wp\/v2\/pages"}],"about":[{"href":"https:\/\/site.ifes.edu.br\/grupem\/wp-json\/wp\/v2\/types\/page"}],"author":[{"embeddable":true,"href":"https:\/\/site.ifes.edu.br\/grupem\/wp-json\/wp\/v2\/users\/5"}],"replies":[{"embeddable":true,"href":"https:\/\/site.ifes.edu.br\/grupem\/wp-json\/wp\/v2\/comments?post=406"}],"version-history":[{"count":10,"href":"https:\/\/site.ifes.edu.br\/grupem\/wp-json\/wp\/v2\/pages\/406\/revisions"}],"predecessor-version":[{"id":989,"href":"https:\/\/site.ifes.edu.br\/grupem\/wp-json\/wp\/v2\/pages\/406\/revisions\/989"}],"wp:attachment":[{"href":"https:\/\/site.ifes.edu.br\/grupem\/wp-json\/wp\/v2\/media?parent=406"}],"curies":[{"name":"wp","href":"https:\/\/api.w.org\/{rel}","templated":true}]}}