{"id":16,"date":"2020-10-21T12:00:40","date_gmt":"2020-10-21T15:00:40","guid":{"rendered":"https:\/\/site.ifes.edu.br\/grupem\/?page_id=16"},"modified":"2023-10-25T17:23:20","modified_gmt":"2023-10-25T20:23:20","slug":"apresentacao","status":"publish","type":"page","link":"https:\/\/site.ifes.edu.br\/grupem\/","title":{"rendered":"Apresenta\u00e7\u00e3o"},"content":{"rendered":"\n<p class=\"has-medium-font-size\"><strong>Grupo de Pesquisa em Pr\u00e1ticas Pedag\u00f3gicas de<br>Matem\u00e1tica \u2013 Grupem<\/strong><\/p>\n\n\n\n<p>O Grupo de Pesquisa em Pr\u00e1ticas Pedag\u00f3gicas de Matem\u00e1tica (Grupem) est\u00e1 registrado no Diret\u00f3rio de grupos do CNPq desde o ano de 2011. Trata-se de um grupo do Instituto Federal do Esp\u00edrito Santo, sediado no Campus Vit\u00f3ria, que realiza encontros semanais com professores pesquisadores do Ifes, licenciandos de matem\u00e1tica e de pedagogia do Ifes, mestrandos e doutorandos do Programa de P\u00f3s-Gradua\u00e7\u00e3o em Educa\u00e7\u00e3o em Ci\u00eancias e Matem\u00e1tica (Educimat), al\u00e9m de egressos ligados ao magist\u00e9rio da rede p\u00fablica de ensino e com profissionais da \u00e1rea t\u00e9cnica do Ifes, campus Vit\u00f3ria. O Grupem desenvolve estudos coletivos, pesquisas relacionadas \u00e0 pr\u00e1tica de ensino de matem\u00e1tica, bem como na \u00e1rea de forma\u00e7\u00e3o inicial e continuada de professores da educa\u00e7\u00e3o b\u00e1sica que ensinam matem\u00e1tica, e tamb\u00e9m a\u00e7\u00f5es de extens\u00e3o. Toma como pressupostos te\u00f3ricos princ\u00edpios da abordagem Hist\u00f3rico-Cultural e do materialismo hist\u00f3rico-dial\u00e9tico, tendo alguns conceitos como basilares: coletividade, atividade pedag\u00f3gica, atividade orientadora de ensino (AOE) dentre outros. Em termos de parcerias acad\u00eamicas, integra o n\u00facleo UFSM\/UFG\/UFRN\/UFRGS\/IFES que constitui uma unidade de relacionamento da rede Gepape da Universidade de S\u00e3o Paulo, coordenada pelo professor Dr. Manoel Oriosvaldo de Moura.<\/p>\n\n\n\n<p class=\"has-medium-font-size\"><strong><a rel=\"noreferrer noopener\" href=\"https:\/\/youtu.be\/cq2fPk4JvFA\" target=\"_blank\">Entrevista SBEM Esp\u00edrito Santo<\/a><\/strong><\/p>\n\n\n\n<div class=\"wp-block-image\"><figure class=\"aligncenter\"><img decoding=\"async\" src=\"https:\/\/sbemcapixaba.files.wordpress.com\/2020\/07\/num_tem_grupem_faixa.png?w=571&amp;h=185\" alt=\"\" \/><\/figure><\/div>\n\n\n\n<p>Conhe\u00e7a mais sobre o GRUPEM atrav\u00e9s da entrevista realizada &nbsp;por Alex Jordane, da Diretoria Regional da Sociedade Brasileira de Educa\u00e7\u00e3o Matem\u00e1tica Esp\u00edrito Santo (SBEM) com pesquisadoras do projeto, Sandra Fraga e Dilza C\u00f4co. <\/p>\n\n\n\n<p class=\"has-medium-font-size\"><strong>A logo do Grupem<\/strong><\/p>\n\n\n\n<div class=\"wp-block-image\"><figure class=\"aligncenter size-large is-resized\"><img decoding=\"async\" src=\"https:\/\/site.ifes.edu.br\/grupem\/wp-content\/uploads\/sites\/7\/2020\/10\/LOGO-Grupem-png-1.png\" alt=\"\" class=\"wp-image-45\" width=\"201\" height=\"201\" srcset=\"https:\/\/site.ifes.edu.br\/grupem\/wp-content\/uploads\/sites\/7\/2020\/10\/LOGO-Grupem-png-1.png 711w, https:\/\/site.ifes.edu.br\/grupem\/wp-content\/uploads\/sites\/7\/2020\/10\/LOGO-Grupem-png-1-300x300.png 300w, https:\/\/site.ifes.edu.br\/grupem\/wp-content\/uploads\/sites\/7\/2020\/10\/LOGO-Grupem-png-1-150x150.png 150w\" sizes=\"(max-width: 201px) 100vw, 201px\" \/><\/figure><\/div>\n\n\n\n<p>Ap\u00f3s algumas propostas escolhemos a logo apresentada na imagem acima, com um c\u00edrculo para fazer refer\u00eancia ao processo de ensino e aprendizagem como um cont\u00ednuo. Os elos que se entrela\u00e7am ao c\u00edrculo representam as diferentes demandas que integram o processo educativo, como a necessidade de sele\u00e7\u00e3o de conte\u00fados, planejamento intencional da a\u00e7\u00e3o, escolha de instrumentos e recursos did\u00e1ticos, elabora\u00e7\u00e3o de tarefas, avalia\u00e7\u00e3o e outros aspectos.<\/p>\n","protected":false},"excerpt":{"rendered":"<p>Grupo de Pesquisa em Pr\u00e1ticas Pedag\u00f3gicas deMatem\u00e1tica \u2013 Grupem O Grupo de Pesquisa em Pr\u00e1ticas Pedag\u00f3gicas de Matem\u00e1tica (Grupem) est\u00e1 registrado no Diret\u00f3rio de grupos do CNPq desde o ano de 2011. Trata-se de um grupo do Instituto Federal do Esp\u00edrito Santo, sediado no Campus Vit\u00f3ria, que realiza encontros semanais com professores pesquisadores do Ifes, &hellip; <a href=\"https:\/\/site.ifes.edu.br\/grupem\/\" class=\"more-link\">Continue lendo <span class=\"screen-reader-text\">Apresenta\u00e7\u00e3o<\/span> <span class=\"meta-nav\">&rarr;<\/span><\/a><\/p>\n","protected":false},"author":5,"featured_media":0,"parent":0,"menu_order":0,"comment_status":"closed","ping_status":"closed","template":"","meta":{"footnotes":""},"class_list":["post-16","page","type-page","status-publish","hentry"],"_links":{"self":[{"href":"https:\/\/site.ifes.edu.br\/grupem\/wp-json\/wp\/v2\/pages\/16"}],"collection":[{"href":"https:\/\/site.ifes.edu.br\/grupem\/wp-json\/wp\/v2\/pages"}],"about":[{"href":"https:\/\/site.ifes.edu.br\/grupem\/wp-json\/wp\/v2\/types\/page"}],"author":[{"embeddable":true,"href":"https:\/\/site.ifes.edu.br\/grupem\/wp-json\/wp\/v2\/users\/5"}],"replies":[{"embeddable":true,"href":"https:\/\/site.ifes.edu.br\/grupem\/wp-json\/wp\/v2\/comments?post=16"}],"version-history":[{"count":13,"href":"https:\/\/site.ifes.edu.br\/grupem\/wp-json\/wp\/v2\/pages\/16\/revisions"}],"predecessor-version":[{"id":600,"href":"https:\/\/site.ifes.edu.br\/grupem\/wp-json\/wp\/v2\/pages\/16\/revisions\/600"}],"wp:attachment":[{"href":"https:\/\/site.ifes.edu.br\/grupem\/wp-json\/wp\/v2\/media?parent=16"}],"curies":[{"name":"wp","href":"https:\/\/api.w.org\/{rel}","templated":true}]}}

Apresentação

<p class="has-medium-font-size"><strong>Grupo de Pesquisa em Práticas Pedagógicas de<br>Matemática – Grupem</strong></p>



<p>O Grupo de Pesquisa em Práticas Pedagógicas de Matemática (Grupem) está registrado no Diretório de grupos do CNPq desde o ano de 2011. Trata-se de um grupo do Instituto Federal do Espírito Santo, sediado no Campus Vitória, que realiza encontros semanais com professores pesquisadores do Ifes, licenciandos de matemática e de pedagogia do Ifes, mestrandos e doutorandos do Programa de Pós-Graduação em Educação em Ciências e Matemática (Educimat), além de egressos ligados ao magistério da rede pública de ensino e com profissionais da área técnica do Ifes, campus Vitória. O Grupem desenvolve estudos coletivos, pesquisas relacionadas à prática de ensino de matemática, bem como na área de formação inicial e continuada de professores da educação básica que ensinam matemática, e também ações de extensão. Toma como pressupostos teóricos princípios da abordagem Histórico-Cultural e do materialismo histórico-dialético, tendo alguns conceitos como basilares: coletividade, atividade pedagógica, atividade orientadora de ensino (AOE) dentre outros. Em termos de parcerias acadêmicas, integra o núcleo UFSM/UFG/UFRN/UFRGS/IFES que constitui uma unidade de relacionamento da rede Gepape da Universidade de São Paulo, coordenada pelo professor Dr. Manoel Oriosvaldo de Moura.</p>



<p class="has-medium-font-size"><strong><a rel="noreferrer noopener" href="https://youtu.be/cq2fPk4JvFA" target="_blank">Entrevista SBEM Espírito Santo</a></strong></p>



<div class="wp-block-image"><figure class="aligncenter"><img decoding="async" src="https://sbemcapixaba.files.wordpress.com/2020/07/num_tem_grupem_faixa.png?w=571&amp;h=185" alt="" /></figure></div>



<p>Conheça mais sobre o GRUPEM através da entrevista realizada &nbsp;por Alex Jordane, da Diretoria Regional da Sociedade Brasileira de Educação Matemática Espírito Santo (SBEM) com pesquisadoras do projeto, Sandra Fraga e Dilza Côco. </p>



<p class="has-medium-font-size"><strong>A logo do Grupem</strong></p>



<div class="wp-block-image"><figure class="aligncenter size-large is-resized"><img decoding="async" src="https://site.ifes.edu.br/grupem/wp-content/uploads/sites/7/2020/10/LOGO-Grupem-png-1.png" alt="" class="wp-image-45" width="201" height="201" srcset="https://site.ifes.edu.br/grupem/wp-content/uploads/sites/7/2020/10/LOGO-Grupem-png-1.png 711w, https://site.ifes.edu.br/grupem/wp-content/uploads/sites/7/2020/10/LOGO-Grupem-png-1-300x300.png 300w, https://site.ifes.edu.br/grupem/wp-content/uploads/sites/7/2020/10/LOGO-Grupem-png-1-150x150.png 150w" sizes="(max-width: 201px) 100vw, 201px" /></figure></div>



<p>Após algumas propostas escolhemos a logo apresentada na imagem acima, com um círculo para fazer referência ao processo de ensino e aprendizagem como um contínuo. Os elos que se entrelaçam ao círculo representam as diferentes demandas que integram o processo educativo, como a necessidade de seleção de conteúdos, planejamento intencional da ação, escolha de instrumentos e recursos didáticos, elaboração de tarefas, avaliação e outros aspectos.</p>

<p>Grupo de Pesquisa em Práticas Pedagógicas deMatemática – Grupem O Grupo de Pesquisa em Práticas Pedagógicas de Matemática (Grupem) está registrado no Diretório de grupos do CNPq desde o ano de 2011. Trata-se de um grupo do Instituto Federal do Espírito Santo, sediado no Campus Vitória, que realiza encontros semanais com professores pesquisadores do Ifes, &hellip; <a href="https://site.ifes.edu.br/grupem/" class="more-link">Continue lendo <span class="screen-reader-text">Apresentação</span> <span class="meta-nav">&rarr;</span></a></p>
