{"id":2,"date":"2021-11-09T10:34:26","date_gmt":"2021-11-09T13:34:26","guid":{"rendered":"https:\/\/site.ifes.edu.br\/gem\/?page_id=2"},"modified":"2021-12-28T16:36:35","modified_gmt":"2021-12-28T19:36:35","slug":"pagina-exemplo","status":"publish","type":"page","link":"https:\/\/site.ifes.edu.br\/gem\/","title":{"rendered":"O grupo de pesquisa"},"content":{"rendered":"\n<p><strong>Sobre o grupo:<\/strong><\/p>\n\n\n\n<p>O Grupo de Pesquisa em Gest\u00e3o de Energia, M\u00e1quinas e Manuten\u00e7\u00e3o (GEM) foi criado em 2010, com os objetivos de buscar solu\u00e7\u00f5es tecnol\u00f3gicas para o uso eficiente de energia, desenvolver e testar metodologias e ferramentas para realiza\u00e7\u00e3o de diagn\u00f3stico energ\u00e9tico em instala\u00e7\u00f5es existentes e monitorar par\u00e2metros de qualidade de energia.<\/p>\n\n\n\n<p><strong>\u00c1reas de atua\u00e7\u00e3o\/Linhas de Pesquisa:<\/strong><\/p>\n\n\n\n<p>Efici\u00eancia Energ\u00e9tica e Qualidade de Energia: Buscar solu\u00e7\u00f5es tecnol\u00f3gicas para o uso eficiente de energia, desenvolver e testar metodologias e ferramentas para realiza\u00e7\u00e3o de diagn\u00f3stico energ\u00e9tico em instala\u00e7\u00f5es existentes e monitorar par\u00e2metros de qualidade de energia.<\/p>\n\n\n\n<p><br>Manuten\u00e7\u00e3o preditiva e pr\u00f3-ativa: Desenvolver novas aplica\u00e7\u00f5es e m\u00e9todos de diagn\u00f3stico de falhas em instala\u00e7\u00f5es el\u00e9tricas a partir de t\u00e9cnicas preditivas.<\/p>\n\n\n\n<p><br>Redes el\u00e9tricas inteligentes e energias renov\u00e1veis: Realizar estudos relacionados \u00e0s redes el\u00e9tricas inteligentes, bem como aplica\u00e7\u00f5es de energias renov\u00e1veis e seus efeitos no sistema el\u00e9trico.\u200b<\/p>\n","protected":false},"excerpt":{"rendered":"<p>Sobre o grupo: O Grupo de Pesquisa em Gest\u00e3o de Energia, M\u00e1quinas e Manuten\u00e7\u00e3o (GEM) foi criado em 2010, com os objetivos de buscar solu\u00e7\u00f5es tecnol\u00f3gicas para o uso eficiente de energia, desenvolver e testar metodologias e ferramentas para realiza\u00e7\u00e3o de diagn\u00f3stico energ\u00e9tico em instala\u00e7\u00f5es existentes e monitorar par\u00e2metros de qualidade de energia. \u00c1reas de [&hellip;]<\/p>\n","protected":false},"author":9,"featured_media":0,"parent":0,"menu_order":0,"comment_status":"closed","ping_status":"open","template":"","meta":{"footnotes":""},"class_list":["post-2","page","type-page","status-publish","hentry"],"_links":{"self":[{"href":"https:\/\/site.ifes.edu.br\/gem\/wp-json\/wp\/v2\/pages\/2"}],"collection":[{"href":"https:\/\/site.ifes.edu.br\/gem\/wp-json\/wp\/v2\/pages"}],"about":[{"href":"https:\/\/site.ifes.edu.br\/gem\/wp-json\/wp\/v2\/types\/page"}],"author":[{"embeddable":true,"href":"https:\/\/site.ifes.edu.br\/gem\/wp-json\/wp\/v2\/users\/9"}],"replies":[{"embeddable":true,"href":"https:\/\/site.ifes.edu.br\/gem\/wp-json\/wp\/v2\/comments?post=2"}],"version-history":[{"count":5,"href":"https:\/\/site.ifes.edu.br\/gem\/wp-json\/wp\/v2\/pages\/2\/revisions"}],"predecessor-version":[{"id":19,"href":"https:\/\/site.ifes.edu.br\/gem\/wp-json\/wp\/v2\/pages\/2\/revisions\/19"}],"wp:attachment":[{"href":"https:\/\/site.ifes.edu.br\/gem\/wp-json\/wp\/v2\/media?parent=2"}],"curies":[{"name":"wp","href":"https:\/\/api.w.org\/{rel}","templated":true}]}}