{"id":923,"date":"2024-10-28T17:14:21","date_gmt":"2024-10-28T20:14:21","guid":{"rendered":"https:\/\/site.ifes.edu.br\/cmvv\/?page_id=923"},"modified":"2024-11-04T15:26:17","modified_gmt":"2024-11-04T18:26:17","slug":"artigos-2024","status":"publish","type":"page","link":"https:\/\/site.ifes.edu.br\/cmvv\/artigos-2024\/","title":{"rendered":"Artigos 2024"},"content":{"rendered":"<p style=\"text-align: justify\">1. DOS SANTOS CONCEI\u00c7\u00c3O, NATH\u00c1LIA; FERNANDES SOUZA DOS SANTOS, GABRIEL ; GUILHERME AQUINO RODRIGUES, JOS\u00c9 ; DE BARROS GOMES JUNIOR, SIDNEI ; ROM\u00c3O, WANDERSON ; DE QUEIROZ FERREIRA, RAFAEL. <strong>Development of an electroanalytical methodology for the identification and <\/strong><strong>quantification of cocaine in samples seized using a carbon paste electrode modified with multi-walled carbon nanotubes<\/strong>. MICROCHEMICAL JOURNAL, v. 201, p. 110723, 2024. DOI: <a href=\"https:\/\/doi.org\/10.1016\/j.microc.2024.110723\" target=\"_blank\" rel=\"noopener\">https:\/\/doi.org\/10.1016\/j.microc.2024.110723<\/a><\/p>\r\n<p style=\"text-align: justify\">\u00a0<\/p>\r\n<p style=\"text-align: justify\">2. GOMES JUNIOR, SIDNEI B.; CONCEI\u00c7\u00c3O, NATH\u00c1LIA S. ; DOS SANTOS, GABRIEL F. S. ; RODRIGUES, JOS\u00c9 GUILHERME A. ; ROM\u00c3O, WANDERSON ; FERREIRA, RAFAEL Q. <strong>Determination of benzoylecgonine in synthetic urine <\/strong><strong>samples via square-wave voltammetry with boron-doped diamond electrode.<\/strong> JOURNAL OF SOLID STATE ELECTROCHEMISTRY, 2024. DOI: <a href=\"https:\/\/doi.org\/10.1007\/s10008-024-05922-6\" target=\"_blank\" rel=\"noopener\">https:\/\/doi.org\/10.1007\/s10008-024-05922-6<\/a><\/p>\r\n<p style=\"text-align: justify\">\u00a0<\/p>\r\n<p style=\"text-align: justify\">3. GOMES, F. M. ; PEREIRA, C. M. P. ; Mariotti, Kristiane C. ; PEREIRA, T. M. C. ; SANTOS, N. A. ; FRANCA, H. S. ; Rom\u00e3o, W. <strong style=\"font-size: 1rem\">Estudo de impress\u00f5es digitais latentes e novos reveladores por paper spray mass spectrometry (PS-MS)<\/strong><span style=\"font-size: 1rem\">. QU\u00cdMICA NOVA (ONLINE), v. 47, p. 1-11, 2024. DOI: <a href=\"http:\/\/dx.doi.org\/10.21577\/0100-4042.20230085\" target=\"_blank\" rel=\"noopener\">http:\/\/dx.doi.org\/10.21577\/0100-4042.20230085<\/a><\/span><\/p>\r\n<p style=\"text-align: justify\">\u00a0<\/p>\r\n<p style=\"text-align: justify\">4. FOLLI, GABRIELLY S. ; SOUZA, L. M. ; ZANONI, M. P. ; CHINELATTO JUNIOR, L. S. ; Rom\u00e3o, W. ; FILGUEIRAS, PAULO R . <strong>Petroleomics by design of experiments in ESI(\u00b1)FT-ICR MS analysis.<\/strong> FUEL, v. 355, p. 129391, 2024. DOI: <a href=\"http:\/\/dx.doi.org\/10.1016\/j.fuel.2023.129391\" target=\"_blank\" rel=\"noopener\">http:\/\/dx.doi.org\/10.1016\/j.fuel.2023.129391<\/a><\/p>\r\n<p style=\"text-align: justify\">\u00a0<\/p>\r\n<p style=\"text-align: justify\">5. FILHO, JO\u00c3O FRANCISCO ALLOCHIO; DOS SANTOS, NAYARA A. ; CONCEI\u00c7\u00c3O, NATH\u00c1LIA DOS S.; BAPTISTA, CLARA S.D.; BORGES, KEYLLER B. ; LACERDA J\u00daNIOR, VALDEMAR ; Rom\u00e3o, Wanderson . <strong>Synthesis, characterization, and application of a polymeric capillary fiber derived from methacrylic acid in the determination of cocaine in blood by FSI-MS.<\/strong> MICROCHEMICAL JOURNAL, v. 196, p. 109608, 2024. DOI: <a href=\"http:\/\/dx.doi.org\/10.1016\/j.microc.2023.109608\" target=\"_blank\" rel=\"noopener\">http:\/\/dx.doi.org\/10.1016\/j.microc.2023.109608<\/a><\/p>\r\n<p style=\"text-align: justify\">\u00a0<\/p>\r\n<p style=\"text-align: justify\">6. BRUN, BRUNA F. ; NASCIMENTO, MARCIA H.C. ; DIAS, PEDRO A.C. ; MARCARINI, WENA D. ; SINGH, MANEESH N. ; FILGUEIRAS, PAULO R. ; VASSALLO, PAULA F. ; Rom\u00e3o, Wanderson ; MILL, JOS\u00c9 G. ; MARTIN, FRANCIS L. ; BARAUNA, VALERIO G. <strong>Fast screening using attenuated total reflectance- fourier transform infrared (ATR-FTIR) spectroscopy of patients based on D-dimer threshold value.<\/strong> TALANTA, v. 269, p. 125482, 2024. DOI: <a href=\"http:\/\/dx.doi.org\/10.1016\/j.talanta.2023.125482\" target=\"_blank\" rel=\"noopener\">http:\/\/dx.doi.org\/10.1016\/j.talanta.2023.125482<\/a><\/p>\r\n<p>&nbsp;<\/p>\r\n<p style=\"text-align: justify\">7. PIMENTEL, ELIS\u00c2NGELA FL\u00c1VIA ; DE OLIVEIRA, BRUNO GOMES ; PEREIRA, ANA CLAUDIA HERTEL ; FIGUEIRA, MARIANA MOREIRA ; PORTES, DANIELLE BRAGA ; SCHERER, RODRIGO ; RUAS, FABIANA GOMES ; Rom\u00e3o, Wanderson ; FRONZA, M\u00c1RCIO ; ENDRINGER, DENISE COUTINHO . <strong>Polyphenols, Antioxidants, and Wound Healing of Lecythis pisonis Seed Coats.<\/strong> PLANTA MEDICA (INTERNET), v. 90, p. 243-251, 2024. DOI: <a href=\"http:\/\/dx.doi.org\/10.1055\/a-2212-0262\" target=\"_blank\" rel=\"noopener\">http:\/\/dx.doi.org\/10.1055\/a-2212-0262<\/a><\/p>\r\n<p>&nbsp;<\/p>\r\n<p style=\"text-align: justify\">8. MACRINO, C. J. ; SANTOS, N. A. ; CONCEICAO, N. S. ; BAPTISTA, C. S. D. ; C. NETO, A. ; Rom\u00e3o, W. <strong>Isolation and characterization of reference standard candidates for cocaine and benzoylecgonine obtained from illicit substances seized.<\/strong> JOURNAL OF FORENSIC SCIENCES, v. 69, p. 1025-1034, 2024. DOI: <a href=\"https:\/\/doi.org\/10.1111\/1556-4029.15502\" target=\"_blank\" rel=\"noopener\">https:\/\/doi.org\/10.1111\/1556-4029.15502<\/a><\/p>\r\n<p>&nbsp;<\/p>\r\n<p style=\"text-align: justify\">9. SIQUEIRA, BRUNO ; SILVA, ANDR\u00c9 ; FOLLI, GABRIELY ; ROSA, THALLES ; Rom\u00e3o, Wanderson ; LELIS, MARIA ; FILGUEIRAS, PAULO ; MOURA, PAULO . <strong>Aprendizagem da an\u00e1lise por componentes principais por meio da atividade experimental problematizada (AEP) com a utiliza\u00e7\u00e3o de um aplicativo de smartphone<\/strong>. QUIMICA NOVA, v. 47, p. 1-9, 2024. DOI: <a href=\"http:\/\/dx.doi.org\/10.21577\/0100-4042.20230138\" target=\"_blank\" rel=\"noopener\">http:\/\/dx.doi.org\/10.21577\/0100-4042.20230138<\/a><\/p>\r\n<p>&nbsp;<\/p>\r\n<p style=\"text-align: justify\">10. F\u00c1VERO, CAROLINNE ; DOS SANTOS, NAYARA ; Rom\u00e3o, Wanderson ; MOURA, RAISSA ; PORTO, CHRISTIANE ; VENTURA, JOS\u00c9 . <strong>Detec\u00e7\u00e3o de beauvericina em frutos de abacaxi infectados por Fusarium guttiforme por HPLC-DAD e MALDI-FT-ICR MS<\/strong>. QUIMICA NOVA, v. 47, p. e-20230138, 2024. DOI:<a href=\"http:\/\/dx.doi.org\/10.21577\/0100-4042.20230136\" target=\"_blank\" rel=\"noopener\"> http:\/\/dx.doi.org\/10.21577\/0100-4042.20230136<\/a><\/p>\r\n<p>&nbsp;<\/p>\r\n<p style=\"text-align: justify\">11. MADEIRA, NAT\u00c3 C.L. ; DE SOUZA, LINDAMARA M. ; REINKE PEREIRA, ALAN ; CHINELATTO, LUIZ S. ; CRAVO, MARGARETH C.C. ; HERRMANN DO NASCIMENTO, LUIS A. ; LACERDA, VALDEMAR ; Rom\u00e3o, Wanderson . <strong>Study of thermal and photochemical aging of saturates, naphtenic-aromatics, resins, and asphaltene fractions of asphalt cement by FTIR and FT-ICR MS.<\/strong> FUEL, v. 367, p. 131371, 2024. DOI: <a href=\"http:\/\/dx.doi.org\/10.1016\/j.fuel.2024.131371\" target=\"_blank\" rel=\"noopener\">http:\/\/dx.doi.org\/10.1016\/j.fuel.2024.131371<\/a><\/p>\r\n<p>&nbsp;<\/p>\r\n<p style=\"text-align: justify\">12. BORGES, ANA LUIZA SILVA ; BITTAR, VIN\u00cdCIUS PRADO ; JUSTINO, ALLISSON BENATTI ; CARRILLO, MARIA SOL PE\u00d1A ; DUARTE, RENER FRANCISCO MATEUS ; SILVA, NAGELA BERNADELLI SOUSA ; GON\u00c7ALVES, DANIELA SILVA ; PRADO, DIEGO GODINA ; ARA\u00daJO, IASMIN APARECIDA CUNHA ; MARTINS, M\u00c1RIO MACHADO ; MOTTA, LARISSA CAMPOS ; MARTINS, CARLOS HENRIQUE GOMES ; BOTELHO, FRAN\u00c7OISE VASCONCELOS ; SILVA, NEIDE MARIA ; DE OLIVEIRA, ALBERTO ; Rom\u00e3o, Wanderson ; ESP\u00cdNDOLA, FOUED SALMEN . <strong>Exploring the Composition and Properties of Centella asiatica metabolites and Investigating Their Impact on BSA Glycation, LDL Oxidation and \u03b1<\/strong><strong>-Amylase Inhibition.<\/strong> JOURNAL OF PHARMACEUTICAL AND BIOMEDICAL ANALYSIS, v. 246, p. 116143, 2024. DOI: <a href=\"http:\/\/dx.doi.org\/10.1016\/j.jpba.2024.116143\" target=\"_blank\" rel=\"noopener\">http:\/\/dx.doi.org\/10.1016\/j.jpba.2024.116143<\/a><\/p>\r\n<p>&nbsp;<\/p>\r\n<p style=\"text-align: justify\">13. LEIT\u00c3O, VAL\u00c9RIA MARIA SOUSA ; LYRIO, MARCOS VAL\u00c9RIO VIEIRA ; VANINI, GABRIELA ; CORDEIRO, CAROLINA BORGES ; DE OLIVEIRA, MATHEUS FILIPE LEIT\u00c3O ; DO NASCIMENTO, MATHEUS OLIVEIRA ; DE ANDRADE, MARCELO SOUZA ; CARVALHO, ANDR\u00c9 LUIS MENEZES ; FREITAS, ARLAN SILVA ; Rom\u00e3o, Wanderson ; VIDAL, FL\u00c1VIA CASTELLO BRANCO ; TELES, AMANDA MARA ; DO NASCIMENTO, MARIA DO DESTERRO SOARES BRAND\u00c3O . <strong>Pharmacological application of microemulsion formulated with rhizopus sp extract.<\/strong> OBSERVATORIO DE LA ECONOM\u00cdA LATINOAMERICANA, v. 22, p. e3334, 2024. DOI: <a href=\"http:\/\/dx.doi.org\/10.55905\/oelv22n2-157\" target=\"_blank\" rel=\"noopener\">http:\/\/dx.doi.org\/10.55905\/oelv22n2-157<\/a><\/p>\r\n<p>&nbsp;<\/p>\r\n<p style=\"text-align: justify\">15. ALMEIDA LIMA, \u00c2NGELA MARIA ; MOREIRA, LU\u00cdZA CARVALHEIRA ; GAZOLLA, POLIANA RODRIGUES ; OLIVEIRA, MARIANA BELIZARIO ; TEIXEIRA, R\u00d3BSON RICARDO ; QUEIROZ, VAGNER TEBALDI ; ROCHA, MATHEUS RICARDO ; MORAES, WILLIAN BUCKER ; DOS SANTOS, NAYARA ARA\u00daJO ; Rom\u00e3o, Wanderson ; LACERDA, VALDEMAR ; BEZERRA MORAIS, PEDRO ALVES ; OLIVEIRA, OSMAIR VITAL DE ; J\u00daNIOR, WALDIR CINTRA DE JESUS ; BARBOSA, LUIZ C. A. ; NASCIMENTO, CL\u00c1UDIA JORGE ; JUNKER, JOCHEN ; COSTA, ADILSON VIDAL . <strong>Design and Synthesis of Eugenol Derivatives Bearing a 1,2,3-Triazole Moiety for Papaya Protection against Colletotrichum gloeosporioides.<\/strong> JOURNAL OF AGRICULTURAL AND FOOD CHEMISTRY, v. 72, p. 12459-12468, 2024. DOI: <a href=\"http:\/\/dx.doi.org\/10.1021\/acs.jafc.4c00440\" target=\"_blank\" rel=\"noopener\">http:\/\/dx.doi.org\/10.1021\/acs.jafc.4c00440<\/a><\/p>\r\n<p>&nbsp;<\/p>\r\n<p style=\"text-align: justify\">16. FOLLI, GABRIELY S. ; NASCIMENTO, M\u00c1RCIA H.C. ; LOVATTI, BETINA P.O. ; Rom\u00e3o, Wanderson ; FILGUEIRAS, PAULO R. . <strong>A generation of synthetic samples and artificial outliers via principal component analysis and evaluation of predictive capability in binary classification models.<\/strong> CHEMOMETRICS AND INTELLIGENT LABORATORY SYSTEMS, v. 251, p. 105154, 2024. DOI: <a href=\"http:\/\/dx.doi.org\/10.1016\/j.chemolab.2024.105154\" target=\"_blank\" rel=\"noopener\">http:\/\/dx.doi.org\/10.1016\/j.chemolab.2024.105154<\/a><\/p>\r\n<!-- \/wp:paragraph -->\r\n\r\n<!-- wp:paragraph -->","protected":false},"excerpt":{"rendered":"<p>1. DOS SANTOS CONCEI\u00c7\u00c3O, NATH\u00c1LIA; FERNANDES SOUZA DOS SANTOS, GABRIEL ; GUILHERME AQUINO RODRIGUES, JOS\u00c9 ; DE BARROS GOMES JUNIOR, SIDNEI ; ROM\u00c3O, WANDERSON ; DE QUEIROZ FERREIRA, RAFAEL. Development of an electroanalytical methodology for the identification and quantification of cocaine in samples seized using a carbon paste electrode modified with multi-walled carbon nanotubes. MICROCHEMICAL &hellip; <\/p>\n<p class=\"link-more\"><a href=\"https:\/\/site.ifes.edu.br\/cmvv\/artigos-2024\/\" class=\"more-link\">Continue lendo<span class=\"screen-reader-text\"> &#8220;Artigos 2024&#8221;<\/span><\/a><\/p>\n","protected":false},"author":18,"featured_media":0,"parent":0,"menu_order":0,"comment_status":"closed","ping_status":"closed","template":"","meta":{"footnotes":""},"class_list":["post-923","page","type-page","status-publish","hentry"],"_links":{"self":[{"href":"https:\/\/site.ifes.edu.br\/cmvv\/wp-json\/wp\/v2\/pages\/923"}],"collection":[{"href":"https:\/\/site.ifes.edu.br\/cmvv\/wp-json\/wp\/v2\/pages"}],"about":[{"href":"https:\/\/site.ifes.edu.br\/cmvv\/wp-json\/wp\/v2\/types\/page"}],"author":[{"embeddable":true,"href":"https:\/\/site.ifes.edu.br\/cmvv\/wp-json\/wp\/v2\/users\/18"}],"replies":[{"embeddable":true,"href":"https:\/\/site.ifes.edu.br\/cmvv\/wp-json\/wp\/v2\/comments?post=923"}],"version-history":[{"count":13,"href":"https:\/\/site.ifes.edu.br\/cmvv\/wp-json\/wp\/v2\/pages\/923\/revisions"}],"predecessor-version":[{"id":1434,"href":"https:\/\/site.ifes.edu.br\/cmvv\/wp-json\/wp\/v2\/pages\/923\/revisions\/1434"}],"wp:attachment":[{"href":"https:\/\/site.ifes.edu.br\/cmvv\/wp-json\/wp\/v2\/media?parent=923"}],"curies":[{"name":"wp","href":"https:\/\/api.w.org\/{rel}","templated":true}]}}