{"id":1582,"date":"2024-11-11T11:27:05","date_gmt":"2024-11-11T14:27:05","guid":{"rendered":"https:\/\/site.ifes.edu.br\/cmvv\/?page_id=1582"},"modified":"2024-11-11T11:39:31","modified_gmt":"2024-11-11T14:39:31","slug":"entrevistas","status":"publish","type":"page","link":"https:\/\/site.ifes.edu.br\/cmvv\/entrevistas\/","title":{"rendered":"Entrevistas"},"content":{"rendered":"<div class=\"layout-cell layout-cell-1 text-align-right\">\n<h2 style=\"text-align: center\"><strong>2021<\/strong><\/h2>\n<\/div>\n<div><strong>Rom\u00e3o, W.<\/strong> Da \u00e1rea forense \u00e0s mol\u00e9culas do petr\u00f3leo: paix\u00e3o pela qu\u00edmica.\u00a0 <a href=\"https:\/\/www.abc.org.br\/2021\/06\/28\/perfil-wanderson-romao\/\" target=\"_blank\" rel=\"noopener\"><img decoding=\"async\" class=\"icone-video alignnone\" style=\"font-size: 1rem\" src=\"http:\/\/estatico.cnpq.br\/imagens\/ico_pw_video.png\" alt=\"\" width=\"20\" height=\"20\" \/><\/a><\/div>\n<div><\/div>\n<div><\/div>\n<div class=\"layout-cell layout-cell-1 text-align-right\"><strong>Rom\u00e3o, W<\/strong>. Vazamento de mon\u00f3xido de carbono \u00e9 impercept\u00edvel, diz professor da Ufes.. <a href=\"https:\/\/es360.com.br\/band-news-fm\/vazamento-de-monoxido-de-carbono-e-imperceptivel-diz-professor-de-quimica-da-ufes\" target=\"_blank\" rel=\"noopener\"><img decoding=\"async\" class=\"icone-video alignnone\" style=\"font-size: 1rem\" src=\"http:\/\/estatico.cnpq.br\/imagens\/ico_pw_video.png\" alt=\"\" width=\"20\" height=\"20\" \/><\/a><\/p>\n<h2 style=\"text-align: center\"><strong>2020<\/strong><\/h2>\n<div><\/div>\n<div class=\"layout-cell-pad-6 text-align-right\" style=\"text-align: justify\"><b style=\"font-size: 1rem\">Rom\u00e3o, W.<\/b><span style=\"font-size: 1rem\">. Professor do Campus Vila Velha \u00e9 eleito para a Academia Brasileira de Ci\u00eancias. . <\/span><a href=\"https:\/\/vilavelha.ifes.edu.br\/noticiasvv\/17394-eleicao-academia-brasileira-ciencias.html\" target=\"_blank\" rel=\"noopener\"><img decoding=\"async\" class=\"icone-video\" style=\"font-size: 1rem\" src=\"http:\/\/estatico.cnpq.br\/imagens\/ico_pw_video.png\" width=\"20\" height=\"20\" \/><\/a><\/div>\n<\/div>\n<p style=\"text-align: justify\"><br class=\"clear\" \/><br class=\"clear\" \/><\/p>\n<div class=\"layout-cell layout-cell-1 text-align-right\" style=\"text-align: justify\">\n<div class=\"layout-cell-pad-6 text-align-right\"><b style=\"font-size: 1rem\">Rom\u00e3o, W.<\/b><span style=\"font-size: 1rem\">. Qu\u00edmico Capixaba \u00e9 eleito para Academia Brasileira de Ci\u00eancias.\u00a0 <\/span><a href=\"https:\/\/tribunaonline.com.br\/cidades\/quimico-capixaba-eleito-para-academia-brasileira-de-ciencia-84723\" target=\"_blank\" rel=\"noopener\"><img decoding=\"async\" class=\"icone-video\" style=\"font-size: 1rem\" src=\"http:\/\/estatico.cnpq.br\/imagens\/ico_pw_video.png\" width=\"20\" height=\"20\" \/><\/a><\/div>\n<\/div>\n<p style=\"text-align: justify\"><br class=\"clear\" \/><br class=\"clear\" \/><\/p>\n<div class=\"layout-cell layout-cell-1 text-align-right\" style=\"text-align: justify\">\n<div class=\"layout-cell-pad-6 text-align-right\"><b style=\"font-size: 1rem\">Rom\u00e3o, W.<\/b><span style=\"font-size: 1rem\">; Jr, Valdemar Lacerda; <\/span><span style=\"font-size: 1rem\">Castro, E.V.R.<\/span><span style=\"font-size: 1rem\">; FILGUEIRAS, PAULO ROBERTO; SILVA, A. R. Ufes renova parceria com Pol\u00edcia Civil para colabora\u00e7\u00e3o na \u00e1rea de qu\u00edmica forense.. <\/span><a href=\"https:\/\/www.ufes.br\/conteudo\/ufes-renova-parceria-com-policia-civil-para-colaboracao-na-area-de-quimica-forense?fbclid=IwAR2A5UGcAD9JNhP4KMU19ul7PnmFLJ3p3hh1nYWlZ1FLIVzgoWRqBaDfCf4\" target=\"_blank\" rel=\"noopener\"><img decoding=\"async\" class=\"icone-video\" style=\"font-size: 1rem\" src=\"http:\/\/estatico.cnpq.br\/imagens\/ico_pw_video.png\" width=\"20\" height=\"20\" \/><\/a><\/div>\n<\/div>\n<p style=\"text-align: justify\"><br class=\"clear\" \/><br class=\"clear\" \/><\/p>\n<h2 style=\"text-align: center\"><strong>2016<\/strong><\/h2>\n<div class=\"layout-cell layout-cell-1 text-align-right\" style=\"text-align: justify\">\n<div class=\"layout-cell-pad-6 text-align-right\"><b style=\"font-size: 1rem\">Rom\u00e3o, W.<\/b><span style=\"font-size: 1rem\">;\u00a0<\/span><span style=\"font-size: 1rem\">VAZ, B. G<\/span><span style=\"font-size: 1rem\">. Pesquisa de professor do Campus Vila Velha desenvolve m\u00e9todo mais barato para detectar agrot\u00f3xico em vegetais.\u00a0 <\/span><a href=\"https:\/\/ifes.edu.br\/component\/content\/article?id=16705\" target=\"_blank\" rel=\"noopener\"><img decoding=\"async\" class=\"icone-video\" style=\"font-size: 1rem\" src=\"http:\/\/estatico.cnpq.br\/imagens\/ico_pw_video.png\" width=\"20\" height=\"20\" \/><\/a><\/div>\n<\/div>\n<p style=\"text-align: justify\"><br class=\"clear\" \/><br class=\"clear\" \/><\/p>\n<div class=\"layout-cell layout-cell-1 text-align-right\" style=\"text-align: justify\">\n<div class=\"layout-cell-pad-6 text-align-right\"><b style=\"font-size: 1rem\">Rom\u00e3o, W.<\/b><span style=\"font-size: 1rem\">; CHAMOUN, CARLOS A. Tese de doutorado e artigo de docentes do Ifes s\u00e3o premiados como melhores do Brasil na \u00e1rea forense.. <\/span><a href=\"https:\/\/ifes.edu.br\/noticias\/16695-tese-de-doutorado-e-artigo-de-docentes-do-ifes-sao-premiadas-como-melhores-do-brasil-na-area-forense\" target=\"_blank\" rel=\"noopener\"><img decoding=\"async\" class=\"icone-video\" style=\"font-size: 1rem\" src=\"http:\/\/estatico.cnpq.br\/imagens\/ico_pw_video.png\" width=\"20\" height=\"20\" \/><\/a><\/div>\n<\/div>\n<p style=\"text-align: justify\"><br class=\"clear\" \/><br class=\"clear\" \/><\/p>\n<div class=\"layout-cell layout-cell-1 text-align-right\" style=\"text-align: justify\">\n<div class=\"layout-cell-pad-6 text-align-right\"><b style=\"font-size: 1rem\">Rom\u00e3o, W.<\/b><span style=\"font-size: 1rem\">; Domingos, E.; <\/span><span style=\"font-size: 1rem\">SANTOS, H<\/span><span style=\"font-size: 1rem\">. Pesquisador capixaba desenvolve m\u00e9todo mais barato para detectar agrot\u00f3xicos em alimentos.\u00a0 <\/span><a href=\"https:\/\/www.dailymotion.com\/video\/x50pj21\" target=\"_blank\" rel=\"noopener\"><img decoding=\"async\" class=\"icone-video alignnone\" style=\"font-size: 1rem\" src=\"http:\/\/estatico.cnpq.br\/imagens\/ico_pw_video.png\" alt=\"\" width=\"20\" height=\"20\" \/><\/a><\/div>\n<\/div>\n<p style=\"text-align: justify\"><br class=\"clear\" \/><br class=\"clear\" \/><\/p>\n<h2 style=\"text-align: center\"><strong>2015<\/strong><\/h2>\n<div class=\"layout-cell layout-cell-1 text-align-right\" style=\"text-align: justify\">\n<div class=\"layout-cell-pad-6 text-align-right\"><b style=\"font-size: 1rem\">Rom\u00e3o, W.<\/b><span style=\"font-size: 1rem\">. Campus Vila Velha tem projeto aprovado em 1\u00ba lugar no Edital FAPES n\u00ba 02\/2015.\u00a0 <\/span><a href=\"https:\/\/vilavelha.ifes.edu.br\/noticias\/16374-campus-vila-velha-tem-projeto-aprovado-em-1-lugar-fapes.html\" target=\"_blank\" rel=\"noopener\"><img decoding=\"async\" class=\"icone-video\" style=\"font-size: 1rem\" src=\"http:\/\/estatico.cnpq.br\/imagens\/ico_pw_video.png\" width=\"20\" height=\"20\" \/><\/a><\/div>\n<\/div>\n<p style=\"text-align: justify\"><br class=\"clear\" \/><br class=\"clear\" \/><\/p>\n<div class=\"layout-cell layout-cell-1 text-align-right\" style=\"text-align: justify\">\n<div class=\"layout-cell-pad-6 text-align-right\"><b style=\"font-size: 1rem\">Rom\u00e3o, W.<\/b><span style=\"font-size: 1rem\">. Ifes recebe homenagens na abertura da 12\u00aa Semana Estadual de Ci\u00eancia e Tecnologia.\u00a0 \u00a0<\/span><a href=\"https:\/\/ifes.edu.br\/noticias\/16076-ifes-recebe-homenagens-na-abertura-da-12o-semana-estadual-de-ciencia-e-tecnologia\" target=\"_blank\" rel=\"noopener\"><img decoding=\"async\" class=\"icone-video\" style=\"font-size: 1rem\" src=\"http:\/\/estatico.cnpq.br\/imagens\/ico_pw_video.png\" width=\"20\" height=\"20\" \/><\/a><\/div>\n<\/div>\n<p style=\"text-align: justify\"><br class=\"clear\" \/><br class=\"clear\" \/><\/p>\n<h2 style=\"text-align: center\"><strong>2014<\/strong><\/h2>\n<div class=\"layout-cell layout-cell-1 text-align-right\" style=\"text-align: justify\">\n<div class=\"layout-cell-pad-6 text-align-right\"><b style=\"font-size: 1rem\">Rom\u00e3o, Wanderson<\/b><span style=\"font-size: 1rem\">;\u00a0<\/span><span style=\"font-size: 1rem\">DESTEFANI, C.<\/span><span style=\"font-size: 1rem\">;\u00a0<\/span><span style=\"font-size: 1rem\">Vanini, G.<\/span><span style=\"font-size: 1rem\"> Pesquisadora inovadora feita no ES poder\u00e1 ajudar a desvendar crimes.\u00a0 <\/span><a href=\"https:\/\/globoplay.globo.com\/v\/3315353\/\" target=\"_blank\" rel=\"noopener\"><img decoding=\"async\" class=\"icone-video\" style=\"font-size: 1rem\" src=\"http:\/\/estatico.cnpq.br\/imagens\/ico_pw_video.png\" width=\"20\" height=\"20\" \/><\/a><\/div>\n<\/div>\n<p style=\"text-align: justify\"><br class=\"clear\" \/><br class=\"clear\" \/><\/p>\n<div class=\"layout-cell layout-cell-1 text-align-right\" style=\"text-align: justify\">\n<div class=\"layout-cell-pad-6 text-align-right\"><b style=\"font-size: 1rem\">Rom\u00e3o, Wanderson<\/b><span style=\"font-size: 1rem\">;\u00a0<\/span><span style=\"font-size: 1rem\">VANINI, GABRIELA<\/span><span style=\"font-size: 1rem\">\u00a0;\u00a0<\/span><span style=\"font-size: 1rem\">DESTEFANI, C.<\/span><span style=\"font-size: 1rem\"> . Novo Teste para Desvendar Crimes.\u00a0<\/span><\/div>\n<\/div>\n<p style=\"text-align: justify\"><br class=\"clear\" \/><br class=\"clear\" \/><\/p>\n<div class=\"layout-cell layout-cell-1 text-align-right\" style=\"text-align: justify\">\n<div class=\"layout-cell-pad-6 text-align-right\"><b style=\"font-size: 1rem\">Rom\u00e3o, Wanderson<\/b><span style=\"font-size: 1rem\">. Pesquisa inovadora pode acelerar o resultado de an\u00e1lise de crimes cometidos com armas de fogo.\u00a0 \u00a0<\/span><\/div>\n<\/div>\n<p style=\"text-align: justify\"><br class=\"clear\" \/><br class=\"clear\" \/><\/p>\n<div class=\"layout-cell layout-cell-1 text-align-right\" style=\"text-align: justify\">\n<div class=\"layout-cell-pad-6 text-align-right\"><b style=\"font-size: 1rem\">Romao, Wanderson<\/b><span style=\"font-size: 1rem\">;\u00a0<\/span><span style=\"font-size: 1rem\">Vanini, G<\/span><span style=\"font-size: 1rem\">\u00a0;\u00a0<\/span><span style=\"font-size: 1rem\">DESTEFANI, C<\/span><span style=\"font-size: 1rem\">. UFES cria t\u00e9cnica para identificar com mais efic\u00e1cia arma usada em crime.\u00a0 <\/span><a href=\"https:\/\/g1.globo.com\/jornal-nacional\/noticia\/2014\/05\/ufes-cria-tecnica-para-identificar-com-mais-eficacia-arma-usada-em-crime.html\" target=\"_blank\" rel=\"noopener\"><img decoding=\"async\" class=\"icone-video\" style=\"font-size: 1rem\" src=\"http:\/\/estatico.cnpq.br\/imagens\/ico_pw_video.png\" width=\"20\" height=\"20\" \/><\/a><\/div>\n<\/div>\n<p style=\"text-align: justify\"><br class=\"clear\" \/><br class=\"clear\" \/><\/p>\n<div class=\"layout-cell layout-cell-1 text-align-right\" style=\"text-align: justify\">\n<div class=\"layout-cell-pad-6 text-align-right\"><span style=\"font-size: 1rem\">Vanini, G<\/span><span style=\"font-size: 1rem\">\u00a0; Carneiro, M. T. ;\u00a0<\/span><b style=\"font-size: 1rem\">Romao, Wanderson<\/b><span style=\"font-size: 1rem\"> . Novo teste identifica, com precis\u00e3o, autor de disparo de arma de fogo.\u00a0<\/span><\/div>\n<\/div>\n<p style=\"text-align: justify\"><br class=\"clear\" \/><br class=\"clear\" \/><\/p>\n<div class=\"layout-cell layout-cell-1 text-align-right\" style=\"text-align: justify\">\n<div class=\"layout-cell-pad-6 text-align-right\"><b style=\"font-size: 1rem\">Rom\u00e3o, Wanderson<\/b><span style=\"font-size: 1rem\">. Veja 10 pesquisas realizadas no Esp\u00edrito Santo que podem mudar o mundo.\u00a0<\/span><\/div>\n<\/div>\n<div style=\"text-align: justify\"><\/div>\n<div style=\"text-align: justify\"><\/div>\n<div><\/div>\n<h2 style=\"text-align: center\"><strong>2010<\/strong><\/h2>\n<div><\/div>\n<div class=\"layout-cell layout-cell-1 text-align-right\" style=\"text-align: justify\">\n<div class=\"layout-cell-pad-6 text-align-right\"><b style=\"font-size: 1rem\">Rom\u00e3o, Wanderson<\/b><span style=\"font-size: 1rem\">;\u00a0<\/span><span style=\"font-size: 1rem\">VAZ, B. G.<\/span><span style=\"font-size: 1rem\"> . M\u00e9todo pode ser aplicado no mercado ou pela pol\u00edcia.\u00a0<\/span> <a href=\"http:\/\/www.tvb.com.br\/sprecord\/videos-exibe.asp?v=2014\" target=\"_blank\" rel=\"noopener\"><img decoding=\"async\" class=\"icone-video\" style=\"font-size: 1rem\" src=\"http:\/\/estatico.cnpq.br\/imagens\/ico_pw_video.png\" width=\"20\" height=\"20\" \/><\/a><\/div>\n<\/div>\n<p style=\"text-align: justify\"><br class=\"clear\" \/><br class=\"clear\" \/><\/p>\n<div class=\"layout-cell layout-cell-1 text-align-right\">\n<div class=\"layout-cell-pad-6 text-align-right\" style=\"text-align: justify\"><span style=\"font-size: 1rem\">EBERLIN, M. N.<\/span><span style=\"font-size: 1rem\">\u00a0;\u00a0<\/span><b style=\"font-size: 1rem\">Rom\u00e3o, Wanderson<\/b><span style=\"font-size: 1rem\"> . Pesquisadores desenvolvem t\u00e9cnica contra produtos falsos.\u00a0 \u00a0<\/span><\/div>\n<\/div>\n","protected":false},"excerpt":{"rendered":"<p>2021 Rom\u00e3o, W. Da \u00e1rea forense \u00e0s mol\u00e9culas do petr\u00f3leo: paix\u00e3o pela qu\u00edmica.\u00a0 Rom\u00e3o, W. Vazamento de mon\u00f3xido de carbono \u00e9 impercept\u00edvel, diz professor da Ufes.. 2020 Rom\u00e3o, W.. Professor do Campus Vila Velha \u00e9 eleito para a Academia Brasileira de Ci\u00eancias. . Rom\u00e3o, W.. Qu\u00edmico Capixaba \u00e9 eleito para Academia Brasileira de Ci\u00eancias.\u00a0 Rom\u00e3o, &hellip; <\/p>\n<p class=\"link-more\"><a href=\"https:\/\/site.ifes.edu.br\/cmvv\/entrevistas\/\" class=\"more-link\">Continue lendo<span class=\"screen-reader-text\"> &#8220;Entrevistas&#8221;<\/span><\/a><\/p>\n","protected":false},"author":18,"featured_media":0,"parent":0,"menu_order":0,"comment_status":"closed","ping_status":"closed","template":"","meta":{"footnotes":""},"class_list":["post-1582","page","type-page","status-publish","hentry"],"_links":{"self":[{"href":"https:\/\/site.ifes.edu.br\/cmvv\/wp-json\/wp\/v2\/pages\/1582"}],"collection":[{"href":"https:\/\/site.ifes.edu.br\/cmvv\/wp-json\/wp\/v2\/pages"}],"about":[{"href":"https:\/\/site.ifes.edu.br\/cmvv\/wp-json\/wp\/v2\/types\/page"}],"author":[{"embeddable":true,"href":"https:\/\/site.ifes.edu.br\/cmvv\/wp-json\/wp\/v2\/users\/18"}],"replies":[{"embeddable":true,"href":"https:\/\/site.ifes.edu.br\/cmvv\/wp-json\/wp\/v2\/comments?post=1582"}],"version-history":[{"count":5,"href":"https:\/\/site.ifes.edu.br\/cmvv\/wp-json\/wp\/v2\/pages\/1582\/revisions"}],"predecessor-version":[{"id":1589,"href":"https:\/\/site.ifes.edu.br\/cmvv\/wp-json\/wp\/v2\/pages\/1582\/revisions\/1589"}],"wp:attachment":[{"href":"https:\/\/site.ifes.edu.br\/cmvv\/wp-json\/wp\/v2\/media?parent=1582"}],"curies":[{"name":"wp","href":"https:\/\/api.w.org\/{rel}","templated":true}]}}