{"id":116,"date":"2023-03-03T08:31:57","date_gmt":"2023-03-03T11:31:57","guid":{"rendered":"https:\/\/site.ifes.edu.br\/cmvv\/?page_id=116"},"modified":"2024-11-03T22:12:24","modified_gmt":"2024-11-04T01:12:24","slug":"premiacoes","status":"publish","type":"page","link":"https:\/\/site.ifes.edu.br\/cmvv\/premiacoes\/","title":{"rendered":"Premia\u00e7\u00f5es"},"content":{"rendered":"\r\n<h2>\u00a0<\/h2>\r\n<div style=\"width: 525px;\" class=\"wp-video\"><!--[if lt IE 9]><script>document.createElement('video');<\/script><![endif]-->\n<video class=\"wp-video-shortcode\" id=\"video-116-1\" width=\"525\" height=\"295\" loop=\"1\" autoplay=\"1\" preload=\"auto\" controls=\"controls\"><source type=\"video\/mp4\" src=\"https:\/\/site.ifes.edu.br\/cmvv\/wp-content\/uploads\/sites\/19\/2024\/11\/Video-sem-titulo-\u2010-Feito-com-o-Clipchamp-1.mp4?_=1\" \/><a href=\"https:\/\/site.ifes.edu.br\/cmvv\/wp-content\/uploads\/sites\/19\/2024\/11\/Video-sem-titulo-\u2010-Feito-com-o-Clipchamp-1.mp4\">https:\/\/site.ifes.edu.br\/cmvv\/wp-content\/uploads\/sites\/19\/2024\/11\/Video-sem-titulo-\u2010-Feito-com-o-Clipchamp-1.mp4<\/a><\/video><\/div>\r\n<h2 style=\"text-align: center\"><strong>2019<\/strong><\/h2>\r\n\r\n\r\n\r\n<p style=\"text-align: justify\">Premia\u00e7\u00e3o como o terceiro melhor p\u00f4ster do III Workshop de Aplica\u00e7\u00f5es de Pol\u00edmeros e Surfactantes em Solu\u00e7\u00e3o &#8211; III WAPSS do trabalho \u201cESTUDO DA ATIVIDADE INTERFACIAL DE PETR\u00d3LEO\/\u00c1GUA E CARACTERIZA\u00c7\u00c3O POR ESPECTROMETRIA DE MASSAS DE ALTA RESOLU\u00c7\u00c3O (FT-ICR MS)&#8221;,\u00a0no dia 14 de setembro de 2019, na PUC-Rio. Autores:\u00a0<strong>Wanderson Rom\u00e3o<\/strong>,\u00a0<strong>Heloisa P. Dias<\/strong>,\u00a0<strong>Eliane V. Barros<\/strong>,\u00a0<strong>Nat\u00e3 C. Madeira<\/strong>, Cristina M. S. Sad, Luiz S. Chinelato Jr, Marcia C. K. de Oliveira,\u00a0Zhenghe Xu, Alvaro C. Neto,\u00a0<strong>Paulo R. Filgueiras<\/strong>,\u00a0<strong>Valdemar Lacerda Jr<\/strong>.<\/p>\r\n\r\n\r\n\r\n<p style=\"text-align: justify\">Pr\u00eamio na categoria melhor trabalho PIBIT titulado &#8220;DESENVOLVIMENTO DE UM M\u00c9TODO PARA CONTROLAR A QUALIDADE DAS AREIAS DASPRAIAS DO LITORAL CAPIXABA USANDO UM MICRO ESPECTR\u00d4METRO PORT\u00c1TIL NA REGI\u00c3O DO INFRAVERMELHO PR\u00d3XIMO (MICRONIR)&#8221;, no Evento de Pesquisa intitulado &#8216;XVI SEMANA DE CI\u00caNCIA E TECNOLOGIA &amp; IV JORNADA INTEGRADA DE EDUCA\u00c7\u00c3O EM CI\u00caNCIAS &#8211; IFES VV&#8217;, realizado nesta Institui\u00e7\u00e3o, no dia 25 de outubro de 2019. Autores:\u00a0<strong>Mirelly Cesconetto Moreira<\/strong>\u00a0e<strong>\u00a0Dr.\u00a0Wanderson Rom\u00e3o<\/strong>.<\/p>\r\n<p>&nbsp;<\/p>\r\n\r\n\r\n\r\n<h2 style=\"text-align: center\"><strong>2018\u00a0<\/strong><\/h2>\r\n\r\n\r\n\r\n<p style=\"text-align: justify\">Pr\u00eamio melhor poster na \u00e1rea de outros t\u00f3picos em Qu\u00edmica Anal\u00edtica: &#8220;USO DE UM APLICATIVO DE SMARTPHONE NA QUANTIFICA\u00c7\u00c3O DE CANABIN\u00d3IDES EM AMOSTRAS APRENDIDAS DE MACONHA, 19\u00ba ENQA &#8211; Encontro Nacional de Qu\u00edmica Anal\u00edtica, Caldas Novas, GO. Autores:\u00a0<strong>Rayana Alvarenga Costa<\/strong>,\u00a0<strong>Nayara Araujo dos Santos<\/strong>,\u00a0<strong>Clebson de Jesus Macrino<\/strong>,\u00a0<strong>Thalles Ramon Rosa<\/strong>,\u00a0<strong>Wanderson Rom\u00e3o.<\/strong><\/p>\r\n<p>&nbsp;<\/p>\r\n\r\n\r\n\r\n<h2 style=\"text-align: center\"><strong>2017<\/strong><\/h2>\r\n\r\n\r\n\r\n<p style=\"text-align: justify\">Pr\u00eamio de melhor apresenta\u00e7\u00e3o de Painel &#8211; ESTUDO DO PERFIL QU\u00cdMICO DE SELOS DE DESIGNER DRUGS APREENDIDOS NO ES PELA T\u00c9CNICA DE FT-ICR MS, VI Encaqui \u2013 Encontro Capixaba de Qu\u00edmica 2017. Autores:\u00a0<strong>Gabriela Lima\u00a0R. Marinho<\/strong>,<strong>\u00a0Nayara\u00a0A. dos Santos,\u00a0Bianca\u00a0B. Merlo,\u00a0Wanderson Rom\u00e3o.<\/strong>\u00a0<\/p>\r\n\r\n\r\n\r\n<p style=\"text-align: justify\">Pr\u00eamio de melhor apresenta\u00e7\u00e3o oral no VI ENCAQUI 2017 &#8211; AUTENTICIDADE EM C\u00c9DULAS DE REAIS USANDO UM ESPECTOFOT\u00d4METRO PORT\u00c1TIL, VI Encaqui \u2013 Encontro Capixaba de Qu\u00edmica 2017. Autores:\u00a0<strong>Fl\u00e1via Tosato Borghi\u00a0<\/strong>e\u00a0<strong>Wanderson Rom\u00e3o<\/strong>.<\/p>\r\n\r\n\r\n\r\n<p style=\"text-align: justify\">Pr\u00eamio de melhor apresenta\u00e7\u00e3o painel &#8211; QUANTIFICANDO OS ADULTERANTES (AMIDO, H2O2 E NACLO) PRESENTES EM LEITE HDT A PARTIR DE UM APLICATIVO DE CELULAR, VI ENCAQUI &#8211; ENCONTRO CAPIXABA DE QU\u00cdMICA &#8211; SBQ\/ES. Autores:\u00a0<strong>Thalles R. Rosa<\/strong>,\u00a0<strong>Rayana A. Costa<\/strong>,\u00a0<strong>Gabriela l. R. Marinho<\/strong>,\u00a0<strong>Daniele D. Sales<\/strong>,\u00a0<strong>Paulo R. Filgueiras<\/strong>, Camilo Moraes, Kassio M. G. Lima,\u00a0<strong>Wanderson Rom\u00e3o.<\/strong><\/p>\r\n<p>&nbsp;<\/p>\r\n\r\n\r\n\r\n<h2 style=\"text-align: center\"><strong>2016<\/strong><\/h2>\r\n\r\n\r\n\r\n<p style=\"text-align: justify\">Pr\u00eamio destaque forense de melhor artigo em Ci\u00eancias Forenses no bi\u00eanio 2014-2015, Sociedade Brasileira de Ci\u00eancias Forenses. Autores:\u00a0<strong>Destefani, Caline A.<\/strong>;\u00a0<strong>Motta, Larissa C<\/strong>.;\u00a0<strong>Vanini, Gabriela<\/strong>;\u00a0<strong>Souza, Lindamara M<\/strong>.;\u00a0<strong>Filho, Jo\u00e3o Francisco A<\/strong>.;\u00a0<strong>Macrino, Clebson J.<\/strong>\u00a0Silva, Elias M.;\u00a0Greco, Sandro J.;\u00a0Endringer, Denise C.;\u00a0<strong>Rom\u00e3o, Wanderson.\u00a0<\/strong>EUROPIUM-ORGANIC COMPLEX AS LUMINESCENT MARKER FOR THE VISUAL IDENTIFICATION OF GUNSHOT RESIDUE AND CHARACTERIZATION BY ELECTROSPRAY IONIZATION FT-ICR MASS SPECTROMETRY. Microchemical Journal (Print), v. 116, p. 216-224, 2014.<a href=\"https:\/\/doi.org\/10.1016\/j.microc.2014.05.009\" target=\"_blank\" rel=\"noreferrer noopener\">https:\/\/doi.org\/10.1016\/j.microc.2014.05.009(link is external)<\/a><\/p>\r\n<p>&nbsp;<\/p>\r\n\r\n\r\n\r\n<h2 style=\"text-align: center\"><strong>2015<\/strong><\/h2>\r\n\r\n\r\n\r\n<p style=\"text-align: justify\">Men\u00e7\u00e3o Honrosa ao Prof. Dr.\u00a0<strong>Wanderson Rom\u00e3o<\/strong>\u00a0em Reconhecimento \u00e0s Contribui\u00e7\u00f5es ao Desenvolvimento Cient\u00edfico e Tecnol\u00f3gico do Esp\u00edrito Santo, Governo do Estado do Esp\u00edrito Santo.<\/p>\r\n","protected":false},"excerpt":{"rendered":"<p>\u00a0 2019 Premia\u00e7\u00e3o como o terceiro melhor p\u00f4ster do III Workshop de Aplica\u00e7\u00f5es de Pol\u00edmeros e Surfactantes em Solu\u00e7\u00e3o &#8211; III WAPSS do trabalho \u201cESTUDO DA ATIVIDADE INTERFACIAL DE PETR\u00d3LEO\/\u00c1GUA E CARACTERIZA\u00c7\u00c3O POR ESPECTROMETRIA DE MASSAS DE ALTA RESOLU\u00c7\u00c3O (FT-ICR MS)&#8221;,\u00a0no dia 14 de setembro de 2019, na PUC-Rio. Autores:\u00a0Wanderson Rom\u00e3o,\u00a0Heloisa P. Dias,\u00a0Eliane V. Barros,\u00a0Nat\u00e3 &hellip; <\/p>\n<p class=\"link-more\"><a href=\"https:\/\/site.ifes.edu.br\/cmvv\/premiacoes\/\" class=\"more-link\">Continue lendo<span class=\"screen-reader-text\"> &#8220;Premia\u00e7\u00f5es&#8221;<\/span><\/a><\/p>\n","protected":false},"author":18,"featured_media":0,"parent":0,"menu_order":0,"comment_status":"closed","ping_status":"closed","template":"","meta":{"footnotes":""},"class_list":["post-116","page","type-page","status-publish","hentry"],"_links":{"self":[{"href":"https:\/\/site.ifes.edu.br\/cmvv\/wp-json\/wp\/v2\/pages\/116"}],"collection":[{"href":"https:\/\/site.ifes.edu.br\/cmvv\/wp-json\/wp\/v2\/pages"}],"about":[{"href":"https:\/\/site.ifes.edu.br\/cmvv\/wp-json\/wp\/v2\/types\/page"}],"author":[{"embeddable":true,"href":"https:\/\/site.ifes.edu.br\/cmvv\/wp-json\/wp\/v2\/users\/18"}],"replies":[{"embeddable":true,"href":"https:\/\/site.ifes.edu.br\/cmvv\/wp-json\/wp\/v2\/comments?post=116"}],"version-history":[{"count":8,"href":"https:\/\/site.ifes.edu.br\/cmvv\/wp-json\/wp\/v2\/pages\/116\/revisions"}],"predecessor-version":[{"id":1401,"href":"https:\/\/site.ifes.edu.br\/cmvv\/wp-json\/wp\/v2\/pages\/116\/revisions\/1401"}],"wp:attachment":[{"href":"https:\/\/site.ifes.edu.br\/cmvv\/wp-json\/wp\/v2\/media?parent=116"}],"curies":[{"name":"wp","href":"https:\/\/api.w.org\/{rel}","templated":true}]}}