{"id":111,"date":"2023-03-03T08:31:57","date_gmt":"2023-03-03T11:31:57","guid":{"rendered":"https:\/\/site.ifes.edu.br\/cmvv\/?page_id=111"},"modified":"2024-11-03T22:45:26","modified_gmt":"2024-11-04T01:45:26","slug":"area-de-estudos","status":"publish","type":"page","link":"https:\/\/site.ifes.edu.br\/cmvv\/area-de-estudos\/","title":{"rendered":"\u00c1rea de Estudos"},"content":{"rendered":"\r\n<h2 class=\"wp-block-heading\" style=\"text-align: center\"><strong>Espectrometria de Massas Ambiente<\/strong><\/h2>\r\n\r\n\r\n\r\n<p style=\"text-align: justify\">A espectrometria de massas ambiente (do ingl\u00eas, Ambient Mass Spectrometry \u2013 AMS) \u00e9 uma \u00e1rea que abrange in\u00fameras t\u00e9cnicas de ioniza\u00e7\u00e3o para formar \u00edons de maneira simples, r\u00e1pida e com a m\u00ednima interfer\u00eancia na amostra. A AMS se desenvolveu a partir de 2004 com o intuito de viabilizar a detec\u00e7\u00e3o e quantifica\u00e7\u00e3o de compostos qu\u00edmicos presentes em amostras complexas diretamente de seu estado natural, sem a utiliza\u00e7\u00e3o de m\u00e9todos de separa\u00e7\u00e3o ou extra\u00e7\u00e3o. Uma t\u00e9cnica de AMS importante e muito utilizada \u00e9 a Paper Spray Ionization (PSI). A PSI utiliza um substrato de papel celulose que acomoda a amostra e ao mesmo tempo permite a ioniza\u00e7\u00e3o dos analitos ap\u00f3s a adi\u00e7\u00e3o de solvente e a aplica\u00e7\u00e3o de um alto potencial no papel. Em nosso laborat\u00f3rio utilizamos a PSI e desenvolvemos novos m\u00e9todos de ioniza\u00e7\u00e3o ambiente, como a Fiber Spray Ionization (FSI), para detec\u00e7\u00e3o e quantifica\u00e7\u00e3o de drogas de abuso, toxicologia forense, controle de qualidade de alimentos e bebidas, dentre outros estudos.<\/p>\r\n\r\n\r\n\r\n<div class=\"wp-block-image\" style=\"text-align: justify\">\r\n<p class=\"aligncenter\" style=\"text-align: justify\"><img decoding=\"async\" class=\"aligncenter\" src=\"https:\/\/petroforense.ufes.br\/sites\/petroforense.ufes.br\/files\/imagem\/1.jpg\" alt=\"\" \/><\/p>\r\n<strong>Figura 1<\/strong>. Ilustra\u00e7\u00e3o de detec\u00e7\u00e3o de diversas matrizes por FT-ICR MS por J. F. A. Filho, N. A. Santos, K. B. Borges, V. Lacerda, F. S. Peli\u00e7\u00e3o, W. Rom\u00e3o, Rapid Commun. Mass Spectrom. 2020.<\/div>\r\n<div class=\"wp-block-image\" style=\"text-align: justify\"><br \/>\r\n<p class=\"has-small-font-size\">Acesso em: <u><a href=\"https:\/\/doi.org\/10.1002\/rcm.8747\" target=\"_blank\" rel=\"noreferrer noopener\">Fiber spray ionization mass spectrometry in forensic chemistry: A screening of drugs of abuse and direct determination of cocaine in urine<\/a><\/u><\/p>\r\n<p>&nbsp;<\/p>\r\n<\/div>\r\n\r\n\r\n\r\n<p>&nbsp;<\/p>\r\n\r\n\r\n\r\n<h2 class=\"wp-block-heading\" style=\"text-align: center\"><strong>Petrole\u00f4mica<\/strong><\/h2>\r\n\r\n\r\n\r\n<p style=\"text-align: justify\">Desenvolvimento de processos e metodologias de caracteriza\u00e7\u00e3o de petr\u00f3leos, derivados e fra\u00e7\u00f5es. Pesquisas nesta \u00e1rea s\u00e3o de suma import\u00e2ncia, visto que petr\u00f3leo ainda \u00e9 a matriz energ\u00e9tica mais utilizada no mundo. Entre os exemplos de linhas de pesquisa em petrole\u00f4mica pode-se destacar a caracteriza\u00e7\u00e3o de parafinas, asfaltenos, hidratos e naftenatos, A forma\u00e7\u00e3o de dep\u00f3sitos na ind\u00fastria do petr\u00f3leo \u00e9 decorrente de ac\u00famulos destas mat\u00e9rias org\u00e2nicas. Por ser um problema complexo e caro para a ind\u00fastria petrol\u00edfera, mediante a poss\u00edveis paradas na produ\u00e7\u00e3o, estas esp\u00e9cies s\u00e3o amplamente estudadas. Al\u00e9m disso, a composi\u00e7\u00e3o do petr\u00f3leo e suas fra\u00e7\u00f5es \u00e9 vari\u00e1vel de acordo com a origem, fato que contribui para a complexidade desta matriz e justifica o grande n\u00famero de estudos em petr\u00f3leo. Atualmente s\u00e3o linhas de pesquisa dentro de petrole\u00f4mica no Laborat\u00f3rio de Petrole\u00f4mica e Forense: metodologias de separa\u00e7\u00e3o para isolamentos de \u00e1cidos naft\u00eanicos tetrapr\u00f3ticos, conhecidos como ARNs; estudos de ioniza\u00e7\u00e3o de parafinas, sufracionamento de asfaltenos e estudos com cimento asf\u00e1ltico de petr\u00f3leo (CAP). Todos visam o alcance de uma compreens\u00e3o detalhada da composi\u00e7\u00e3o, fornecendo informa\u00e7\u00f5es como f\u00f3rmulas moleculares (CcHhOoNn), perfil isotop\u00f3logo, classes de compostos, grau de insatura\u00e7\u00e3o (DBE e diagrama de van Krevelen), grau de alquila\u00e7\u00e3o (distribui\u00e7\u00e3o de n\u00famero de carbono) e distribui\u00e7\u00e3o da massa molecular m\u00e1ssica m\u00e9dia (Mw).<\/p>\r\n\r\n\r\n\r\n<div class=\"wp-block-image\">\r\n<p class=\"aligncenter\"><img decoding=\"async\" class=\"aligncenter\" src=\"https:\/\/petroforense.ufes.br\/sites\/petroforense.ufes.br\/files\/imagem\/2.jpg\" alt=\"\" \/><\/p>\r\n<p class=\"aligncenter\"><strong>Figura 2.<\/strong>\u00a0Ilustra\u00e7\u00e3o de an\u00e1lises em petrole\u00f4mica e resultados obtidos pelo processamento.<\/p>\r\n<\/div>\r\n<p>&nbsp;<\/p>\r\n<p>&nbsp;<\/p>\r\n\r\n\r\n\r\n<h2 class=\"wp-block-heading\" style=\"text-align: center\"><strong>Qu\u00edmica Forense<\/strong><\/h2>\r\n\r\n\r\n\r\n<p style=\"text-align: justify\">A qu\u00edmica forense \u00e9 o ramo das ci\u00eancias forenses voltado para a produ\u00e7\u00e3o de provas materiais para a justi\u00e7a, atrav\u00e9s da an\u00e1lise de subst\u00e2ncias diversas em matrizes, tais como drogas l\u00edcitas e il\u00edcitas, venenos, acelerantes e res\u00edduos de inc\u00eandio, explosivos, res\u00edduos de disparo de armas de fogo, combust\u00edveis, tintas, fibras, dentre outros.(Qu\u00edmica Nova, 34, 1717, 2011) Dentro desta linha de pesquisa, destaca-se trabalhos em Bal\u00edstica, Documentoscopia, Toxicologia Forense, controle e qualidade de combust\u00edveis e seguran\u00e7a alimentar. O laborat\u00f3rio de Petrole\u00f4mica &amp; Forense faz uso de espectrometria de massas e diferentes t\u00e9cnicas de ioniza\u00e7\u00e3o ambiente (ELI, PSI e outras), de an\u00e1lises por imagem digital (RGB) e tamb\u00e9m de espectroscopia vibracional infravermelho e Raman.<\/p>\r\n\r\n\r\n\r\n<div class=\"wp-block-image\">\r\n<p class=\"aligncenter\" style=\"text-align: justify\"><img decoding=\"async\" class=\"aligncenter\" src=\"https:\/\/petroforense.ufes.br\/sites\/petroforense.ufes.br\/files\/imagem\/3.jpg\" alt=\"\" \/><\/p>\r\n<strong>Figura 3.\u00a0<\/strong>Ilustra\u00e7\u00e3o de detec\u00e7\u00e3o de adultera\u00e7\u00e3o de petr\u00f3leo e combust\u00edveis por microNIR e Quimiometria por Radigya M.Correia\u00a0<em>et al<\/em>.\u00a0<em>Talanta<\/em>\u00a0<strong>2018<\/strong>,\u00a0<em>176<\/em>, 26.<\/div>\r\n<div class=\"wp-block-image\"><br \/>\r\n<p class=\"has-small-font-size\">Acesso em: <u><a href=\"https:\/\/doi.org\/10.1016\/j.talanta.2017.07.094\" target=\"_blank\" rel=\"noreferrer noopener\">Portable near infrared spectroscopy applied to fuel quality control<\/a><\/u><\/p>\r\n<p>&nbsp;<\/p>\r\n<\/div>\r\n\r\n\r\n\r\n<div class=\"wp-block-image\">\r\n<p class=\"aligncenter\" style=\"text-align: justify\"><img decoding=\"async\" class=\"aligncenter\" src=\"https:\/\/petroforense.ufes.br\/sites\/petroforense.ufes.br\/files\/imagem\/5.jpg\" alt=\"\" \/><\/p>\r\n<strong>Figura 4.\u00a0<\/strong>Ilustra\u00e7\u00e3o de An\u00e1lise de drogas de abuso e medicamentos por espectroscopia port\u00e1til de infravermelho pr\u00f3ximo por Radigya M.Correia\u00a0<em>et al<\/em>.\u00a0<em>Analytical Methods<\/em>, 2018, 10(6), 593-603.<br \/><br \/>\r\n<p class=\"has-small-font-size\">Acesso em: <u><a href=\"https:\/\/doi.org\/10.1039\/C7AY02998E\" target=\"_blank\" rel=\"noreferrer noopener\">Portable near infrared spectroscopy applied to abuse drugs and medicine analyses<\/a><\/u><\/p>\r\n<p>&nbsp;<\/p>\r\n<\/div>\r\n\r\n\r\n\r\n<p>&nbsp;<\/p>\r\n\r\n\r\n\r\n<h2 class=\"wp-block-heading\" style=\"text-align: center\"><strong>Agroneg\u00f3cio e qu\u00edmica dos alimentos<\/strong><\/h2>\r\n\r\n\r\n\r\n<p style=\"text-align: justify\">A produ\u00e7\u00e3o de alimentos em v\u00e1rios segmentos define o Brasil como competitivo, inovador e sustent\u00e1vel, sendo o pa\u00eds reconhecido internacionalmente por ser autossuficiente e um dos principais exportadores de produtos aliment\u00edcios. Dentre as \u00e1reas encontram-se a cafeicultura e a fruticultura. A qualidade dos caf\u00e9s e das frutas (sendo o primeiro principal produto de exporta\u00e7\u00e3o do Brasil e do estado do Esp\u00edrito Santo) est\u00e1 diretamente relacionada a sua composi\u00e7\u00e3o qu\u00edmica. O processo de colheita, sistema de cultivo, esp\u00e9cie e adultera\u00e7\u00f5es afetam as caracter\u00edsticas do produto final. Para tais discrimina\u00e7\u00f5es s\u00e3o necess\u00e1rias t\u00e9cnicas anal\u00edticas que apresentem resultados confi\u00e1veis, seletivos e apresentem pouco ou nenhum preparo de amostra. Desta maneira, atrav\u00e9s dos resultados por ESI-MS s\u00e3o constru\u00eddos protocolos de ensaios a fim de monitorar o controle de qualidade de caf\u00e9s.<\/p>\r\n\r\n\r\n\r\n<div class=\"wp-block-image\">\r\n<p class=\"aligncenter\" style=\"text-align: justify\"><img decoding=\"async\" class=\"aligncenter\" src=\"https:\/\/petroforense.ufes.br\/sites\/petroforense.ufes.br\/files\/imagem\/6.png\" alt=\"\" \/><\/p>\r\n<strong>Figura 5.<\/strong>\u00a0Ilustra\u00e7\u00e3o de estudo sobre perfis qu\u00edmicos de caf\u00e9 Robusta e Ar\u00e1bica por ESI (-) FT-ICR MS e ATR-FTIR por Radigya M.Correia\u00a0<em>et al<\/em>.\u00a0<em>Analytical Methods<\/em>, 2016,8, 7678-7688.<br \/><br \/>\r\n<p class=\"has-small-font-size\">Acesso em: <u><a href=\"https:\/\/doi.org\/10.1039\/C6AY02501C\" target=\"_blank\" rel=\"noreferrer noopener\">Chemical profiles of Robusta and Arabica coffee by ESI(\u2212)FT-ICR MS and ATR-FTIR: a quantitative approach<\/a><\/u><\/p>\r\n<\/div>\r\n<p>&nbsp;<\/p>\r\n<p>&nbsp;<\/p>\r\n\r\n\r\n\r\n<h2 class=\"wp-block-heading\" style=\"text-align: center\"><strong>Imageamento\u00a0Qu\u00edmico<\/strong><\/h2>\r\n\r\n\r\n\r\n<p style=\"text-align: justify\">A imagem por espectrometria de massa tem o potencial de fornecer novos insights sobre a an\u00e1lise molecular de diversas matrizes, fornecendo informa\u00e7\u00f5es sobre a distribui\u00e7\u00e3o espacial de mol\u00e9culas presentes na superf\u00edcie analisada. O presente grupo de pesquisa tem desenvolvido estudos utilizando o imageamento por espectrometria de massas em drogas naturais Cannabis e Erythroxylum coca, Desing drugs, cruzamento de tra\u00e7os de caneta (documentoscopia) e metab\u00f3litos diretamente de tecidos animais.<\/p>\r\n\r\n\r\n\r\n<div class=\"wp-block-image\">\r\n<p class=\"aligncenter\" style=\"text-align: justify\"><img decoding=\"async\" class=\"aligncenter\" src=\"https:\/\/petroforense.ufes.br\/sites\/petroforense.ufes.br\/files\/imagem\/7.png\" alt=\"\" \/><\/p>\r\n<strong>Figura 6.<\/strong>\u00a0Ilustra\u00e7\u00e3o de estudo de imageamento por MALDI-FT-ICR MS.\u00a0\r\n<p>&nbsp;<\/p>\r\n<\/div>\r\n\r\n\r\n\r\n<p>&nbsp;<\/p>\r\n","protected":false},"excerpt":{"rendered":"<p>Espectrometria de Massas Ambiente A espectrometria de massas ambiente (do ingl\u00eas, Ambient Mass Spectrometry \u2013 AMS) \u00e9 uma \u00e1rea que abrange in\u00fameras t\u00e9cnicas de ioniza\u00e7\u00e3o para formar \u00edons de maneira simples, r\u00e1pida e com a m\u00ednima interfer\u00eancia na amostra. A AMS se desenvolveu a partir de 2004 com o intuito de viabilizar a detec\u00e7\u00e3o e &hellip; <\/p>\n<p class=\"link-more\"><a href=\"https:\/\/site.ifes.edu.br\/cmvv\/area-de-estudos\/\" class=\"more-link\">Continue lendo<span class=\"screen-reader-text\"> &#8220;\u00c1rea de Estudos&#8221;<\/span><\/a><\/p>\n","protected":false},"author":18,"featured_media":0,"parent":0,"menu_order":0,"comment_status":"closed","ping_status":"closed","template":"","meta":{"footnotes":""},"class_list":["post-111","page","type-page","status-publish","hentry"],"_links":{"self":[{"href":"https:\/\/site.ifes.edu.br\/cmvv\/wp-json\/wp\/v2\/pages\/111"}],"collection":[{"href":"https:\/\/site.ifes.edu.br\/cmvv\/wp-json\/wp\/v2\/pages"}],"about":[{"href":"https:\/\/site.ifes.edu.br\/cmvv\/wp-json\/wp\/v2\/types\/page"}],"author":[{"embeddable":true,"href":"https:\/\/site.ifes.edu.br\/cmvv\/wp-json\/wp\/v2\/users\/18"}],"replies":[{"embeddable":true,"href":"https:\/\/site.ifes.edu.br\/cmvv\/wp-json\/wp\/v2\/comments?post=111"}],"version-history":[{"count":12,"href":"https:\/\/site.ifes.edu.br\/cmvv\/wp-json\/wp\/v2\/pages\/111\/revisions"}],"predecessor-version":[{"id":1417,"href":"https:\/\/site.ifes.edu.br\/cmvv\/wp-json\/wp\/v2\/pages\/111\/revisions\/1417"}],"wp:attachment":[{"href":"https:\/\/site.ifes.edu.br\/cmvv\/wp-json\/wp\/v2\/media?parent=111"}],"curies":[{"name":"wp","href":"https:\/\/api.w.org\/{rel}","templated":true}]}}