{"id":109,"date":"2023-03-03T08:31:57","date_gmt":"2023-03-03T11:31:57","guid":{"rendered":"https:\/\/site.ifes.edu.br\/cmvv\/?page_id=109"},"modified":"2026-04-06T15:47:54","modified_gmt":"2026-04-06T18:47:54","slug":"colaboradores","status":"publish","type":"page","link":"https:\/\/site.ifes.edu.br\/cmvv\/colaboradores\/","title":{"rendered":"Colaboradores"},"content":{"rendered":"\r\n<p><strong>Dr. Valdemar Lacerda J\u00fanior<\/strong><\/p>\r\n<p><img decoding=\"async\" class=\"wp-image-1236 size-thumbnail alignleft\" src=\"https:\/\/site.ifes.edu.br\/cmvv\/wp-content\/uploads\/sites\/19\/2024\/10\/WhatsApp-Image-2024-10-31-at-09.08.42-150x150.jpeg\" alt=\"\" width=\"150\" height=\"150\" srcset=\"https:\/\/site.ifes.edu.br\/cmvv\/wp-content\/uploads\/sites\/19\/2024\/10\/WhatsApp-Image-2024-10-31-at-09.08.42-150x150.jpeg 150w, https:\/\/site.ifes.edu.br\/cmvv\/wp-content\/uploads\/sites\/19\/2024\/10\/WhatsApp-Image-2024-10-31-at-09.08.42-100x100.jpeg 100w\" sizes=\"(max-width: 150px) 100vw, 150px\" \/><\/p>\r\n<p style=\"text-align: justify\">Bacharel em Qu\u00edmica pela Universidade Federal de Goi\u00e1s (1997), Mestre em Ci\u00eancias: \u00c1rea Qu\u00edmica, pela Universidade de S\u00e3o Paulo (2000), Doutor em Ci\u00eancias: \u00c1rea Qu\u00edmica, pela Universidade de S\u00e3o Paulo (2004), P\u00f3s-Doutor em Qu\u00edmica Org\u00e2nica, pela Universidade de S\u00e3o Paulo (2006). Professor Titular da Universidade Federal do Esp\u00edrito Santo desde 2006. Chefe do Departamento de Qu\u00edmica por 2 mandatos consecutivos de 2007-2011. Coordenador do Programa de P\u00f3s-Gradua\u00e7\u00e3o em Qu\u00edmica do Centro de Ci\u00eancias Exatas da Universidade Federal do Esp\u00edrito Santo por 4 mandatos consecutivos (2011-2019). Diretor de P\u00f3s-Gradua\u00e7\u00e3o da PRPPG\/UFES (2019-2020). Pr\u00f3-Reitor de Pesquisa e P\u00f3s-Gradua\u00e7\u00e3o da UFES (2020-atual). Bolsista de Produtividade 2 do CNPq de 2009-2022 e Bolsista de Produtividade do CNPq 1D desde 2022-atual. Membro do Comit\u00ea de Assessoramento da \u00c1rea de Ci\u00eancias Exatas da FAPES (2012-2014). Membro do Conselho Cient\u00edfico Administrativo da FAPES &#8211; CCAF (2013-2016) e (2024-atual). Membro do Conselho Universit\u00e1rio da Ufes (2012-2014), Membro do Conselho de Ensino, Pesquisa e Extens\u00e3o da Ufes (2020-atual), Membro do Conselho Municipal de Ci\u00eancia e Tecnologia da Prefeitura de Vit\u00f3ria (2015-atual), Membro do CDE\/SEBRAE-ES (2020-2024), Membro do Conselho Estadual de Ci\u00eancia e Tecnologia do Esp\u00edrito Santo-Concitec (2023-atual). Tem experi\u00eancia na \u00e1rea de Qu\u00edmica Org\u00e2nica, com \u00eanfase em Resson\u00e2ncia Magn\u00e9tica Nuclear e espectrometria de massas, C\u00e1lculos Te\u00f3ricos, S\u00edntese Org\u00e2nica e Qu\u00edmica do Petr\u00f3leo. Supervisionou 8 est\u00e1gios de p\u00f3s-doutoramento. Orientou 15 teses de doutorado, 24 disserta\u00e7\u00f5es de mestrado, 54 trabalhos de orienta\u00e7\u00e3o de inicia\u00e7\u00e3o cient\u00edfica e 19 trabalhos de conclus\u00e3o de curso. Publicou 6 livros 11 cap\u00edtulos de livros, 7 pedidos de dep\u00f3sito de patentes, 169 artigos em peri\u00f3dicos internacionais de alto fator de impacto, com Fator H 27.<\/p>\r\n<p>Curr\u00edculo lattes:\u00a0<a href=\"http:\/\/lattes.cnpq.br\/9819471276433138\">http:\/\/lattes.cnpq.br\/9819471276433138<\/a><\/p>\r\n<p>&nbsp;<\/p>\r\n<p>&nbsp;<\/p>\r\n<p><strong>Dr. Paulo Roberto Filgueiras<\/strong><\/p>\r\n<p><img decoding=\"async\" class=\"wp-image-1235 size-thumbnail alignleft\" src=\"https:\/\/site.ifes.edu.br\/cmvv\/wp-content\/uploads\/sites\/19\/2024\/10\/WhatsApp-Image-2024-10-31-at-09.08.29-150x150.jpeg\" alt=\"\" width=\"150\" height=\"150\" srcset=\"https:\/\/site.ifes.edu.br\/cmvv\/wp-content\/uploads\/sites\/19\/2024\/10\/WhatsApp-Image-2024-10-31-at-09.08.29-150x150.jpeg 150w, https:\/\/site.ifes.edu.br\/cmvv\/wp-content\/uploads\/sites\/19\/2024\/10\/WhatsApp-Image-2024-10-31-at-09.08.29-100x100.jpeg 100w\" sizes=\"(max-width: 150px) 100vw, 150px\" \/><\/p>\r\n<p style=\"text-align: justify\">Possui gradua\u00e7\u00e3o em Matem\u00e1tica pela Faculdade de Filosofia, Ci\u00eancias e Letras de Alegre (2004), gradua\u00e7\u00e3o em Qu\u00edmica pela Universidade Federal do Esp\u00edrito Santo (2008), mestrado em Qu\u00edmica pela Universidade Federal do Esp\u00edrito Santo (2011) e doutorado em Doutorado em Quimica &#8211; UNICAMP pela Universidade Estadual de Campinas (2014). Atualmente \u00e9 professor do magist\u00e9rio superior da Universidade Federal do Esp\u00edrito Santo. Tem experi\u00eancia na \u00e1rea de Qu\u00edmica, com \u00eanfase em Qu\u00edmica de Petr\u00f3leo, atuando principalmente nos seguintes temas: crude oil, chemometrics, petroleum e pls. No per\u00eddo de mar\u00e7o de 2019 a mar\u00e7o de 2021 foi coordenador do Programa de P\u00f3s-Gradua\u00e7\u00e3o em Qu\u00edmica da UFES.<\/p>\r\n<p>Curr\u00edculo lattes:\u00a0<a href=\"http:\/\/lattes.cnpq.br\/1907915547207861\">http:\/\/lattes.cnpq.br\/1907915547207861<\/a><\/p>\r\n<p>&nbsp;<\/p>\r\n<p>&nbsp;<\/p>\r\n<p><strong>Dra. Denise Coutinho Endringer<\/strong><\/p>\r\n<p><img decoding=\"async\" class=\"wp-image-1557 size-thumbnail alignleft\" src=\"https:\/\/site.ifes.edu.br\/cmvv\/wp-content\/uploads\/sites\/19\/2024\/11\/denise-150x150.jpg\" alt=\"\" width=\"150\" height=\"150\" srcset=\"https:\/\/site.ifes.edu.br\/cmvv\/wp-content\/uploads\/sites\/19\/2024\/11\/denise-150x150.jpg 150w, https:\/\/site.ifes.edu.br\/cmvv\/wp-content\/uploads\/sites\/19\/2024\/11\/denise-100x100.jpg 100w\" sizes=\"(max-width: 150px) 100vw, 150px\" \/><\/p>\r\n<p style=\"text-align: justify\">Denise Coutinho Endringer possui gradua\u00e7\u00e3o em Farm\u00e1cia pela Universidade Federal do Esp\u00edrito Santo (2000), mestrado e doutorado em Ci\u00eancias Farmac\u00eauticas pela Universidade Federal de Minas Gerais (2002; 2007), com est\u00e1gio na Purdue University, EUA, onde desenvolveu ensaios de quimiopreven\u00e7\u00e3o do c\u00e2ncer com o Instituto Nacional de C\u00e2ncer dos EUA. \u00c9 professora titular e Reitora da Universidade Vila Velha (UVV), orientando nos Programas de P\u00f3s-Gradua\u00e7\u00e3o em Ci\u00eancias Farmac\u00eauticas e Assist\u00eancia Farmac\u00eautica e atuando como Pesquisadora S\u00eanior no Instituto Capixaba de Ci\u00eancias e Administra\u00e7\u00e3o. Sua produ\u00e7\u00e3o cient\u00edfica se concentra em fitoqu\u00edmica, avaliando alimentos, algas e plantas medicinais. Realiza an\u00e1lises qu\u00edmicas e biol\u00f3gicas de produtos naturais, incluindo ensaios de indu\u00e7\u00e3o de quinona redutase, inibi\u00e7\u00e3o de NF-kB e aromatase (CYP19). Na Assist\u00eancia Farmac\u00eautica, foca-se na sa\u00fade mental e em cuidados farmac\u00eauticos para reduzir complica\u00e7\u00f5es em doen\u00e7as cr\u00f4nicas.Com mais de 150 publica\u00e7\u00f5es, contribui para a inova\u00e7\u00e3o e o uso racional de produtos naturais e destaca-se pelo compromisso com a pesquisa aplicada e a forma\u00e7\u00e3o de profissionais em sa\u00fade.<\/p>\r\n<p>Curr\u00edculo lattes:\u00a0<a href=\"http:\/\/lattes.cnpq.br\/6424432214565576\" target=\"_blank\" rel=\"noopener\">http:\/\/lattes.cnpq.br\/6424432214565576<\/a><\/p>\r\n<p>\r\n\r\n\r\n\r\n\r\n\r\n\r\n\r\n\r\n<p>&nbsp;<\/p>\r\n<p>&nbsp;<\/p>\r\n\r\n\r\n\r\n\r\n\r\n\r\n\r\n<p><strong>Dr. Jos\u00e9 Aires Ventura<\/strong><\/p>\r\n\r\n\r\n\r\n<figure class=\"wp-block-image\"><img decoding=\"async\" class=\"alignleft\" src=\"https:\/\/petroforense.ufes.br\/sites\/petroforense.ufes.br\/files\/imagem\/medium_fig_profjose.jpg\" alt=\"\" \/><\/figure>\r\n\r\n\r\n\r\n<p style=\"text-align: justify\">Tem gradua\u00e7\u00e3o (B.Sc.) em Agronomia (1973), especializa\u00e7\u00e3o em Micologia (1975), Mestrado em Fitopatologia (Agronomia), na \u00e1rea de concentra\u00e7\u00e3o em Epidemiologia, pela Universidade Federal de Vi\u00e7osa (1984) e Doutorado em Fitopatologia pela Universidade Federal de Vi\u00e7osa em 1993. \u00c9 Pesquisador do Instituto Capixaba de Pesquisa Assist\u00eancia T\u00e9cnica e Extens\u00e3o Rural &#8211; Incaper, desde 1976, tendo ocupado a ger\u00eancia do Laborat\u00f3rio de Fitopatologia de 1976 a 1989; foi Chefe do Departamento de Planejamento e Opera\u00e7\u00f5es T\u00e9cnicas de 1988 a 1989, Diretor T\u00e9cnico de 1995 a 1999 e Chefe da \u00c1rea de Pesquisa do Incaper de 2000 a 2016. \u00c9 orientador credenciado nos programas de p\u00f3s-gradua\u00e7\u00e3o em Biotecnologia e em Produ\u00e7\u00e3o Vegetal da Universidade Federal do Esp\u00edrito Santo-UFES e do programa de Doutorado em Biotecnologia da RENORBIO. Tem uma produ\u00e7\u00e3o bibliogr\u00e1fica superior a 640 trabalhos incluindo artigos em peri\u00f3dicos nacionais e internacionais, livros e cap\u00edtulos de livro, resumos em per\u00edodicos e anais de eventos cient\u00edficos. Possui 15 produtos tecnol\u00f3gicos, 6 patentes e registros depositados, 2 software, 1 processo ou t\u00e9cnica e outros 318 itens de produ\u00e7\u00e3o t\u00e9cnica e cient\u00edfica. Recebeu mais de 15 pr\u00eamios e\/ou homenagens, com destaque para o Pr\u00eamio Frederico de Meneses Veiga, da Embrapa. Atua na \u00e1rea de Fitopatologia e Biotecnologia. Interagiu com a Empresa Brasileira de Ensino Pesquisa e Extens\u00e3o como professor e orientador de estudantes de gradua\u00e7\u00e3o. Atualmente tem colabora\u00e7\u00e3o com a Universidade Federal do Esp\u00edrito Santo (UFES) na execu\u00e7\u00e3o de pesquisas e na orienta\u00e7\u00e3o de estudantes dos cursos de Mestrado e Doutorado em Biologia Vegetal e em Biotecnologia e no Mestrado da Escola Superior de Ci\u00eancias da Santa Casa de Miseric\u00f3rdia de Vit\u00f3ria. \u00c9 consultor ad hoc junto a v\u00e1rias institui\u00e7\u00f5es de ensino, pesquisa e fomento, sendo coordenador de 7 projetos de Pesquisa em Fitopatologia e Inova\u00e7\u00e3o. Em seu curr\u00edculo Lattes os termos mais freq\u00fcentes na contextualiza\u00e7\u00e3o da produ\u00e7\u00e3o cient\u00edfica e tecnol\u00f3gica s\u00e3o: Doen\u00e7as de Plantas, Controle, Manejo, Fitopatologia, Biotecnologia, Abacaxi, Banana, Mam\u00e3o, Fusarium, Fungos e Resist\u00eancia.<\/p>\r\n\r\n\r\n\r\n<p>Curr\u00edculo lattes:\u00a0<a href=\"http:\/\/lattes.cnpq.br\/8687116881326074\" target=\"_blank\" rel=\"noreferrer noopener\">http:\/\/lattes.cnpq.br\/8687116881326074<\/a><\/p>\r\n\r\n\r\n\r\n<p>&nbsp;<\/p>\r\n<p>&nbsp;<\/p>\r\n\r\n\r\n\r\n<p><strong>Dr. Jose Geraldo Mill<\/strong><\/p>\r\n\r\n\r\n\r\n<figure class=\"wp-block-image\"><img decoding=\"async\" class=\"alignleft\" src=\"https:\/\/petroforense.ufes.br\/sites\/petroforense.ufes.br\/files\/imagem\/medium_fig_profmil.jpg\" alt=\"\" \/><\/figure>\r\n\r\n\r\n\r\n<p style=\"text-align: justify\">Possui gradua\u00e7\u00e3o em Medicina pela Universidade Federal do Esp\u00edrito Santo (1975), Mestrado em Biof\u00edsica pela Universidade Federal do Rio de Janeiro (1980) e Doutorado em Farmacologia pela Faculdade de Medicina de Ribeir\u00e3o Preto da Universidade de S\u00e3o Paulo (1987). \u00c9 Professor Titular de Fisiologia do Departamento de Ci\u00eancias Fisiol\u00f3gicas e docente permanente dos Programas de P\u00f3s-Gradua\u00e7\u00e3o em Ci\u00eancias Fisiol\u00f3gicas e Sa\u00fade Coletiva do Centro de Ci\u00eancias da Sa\u00fade da UFES. \u00c9 s\u00f3cio titular da Sociedade Brasileira de Fisiologia (SBFis) e da Sociedade Brasileira para o Progresso da Ci\u00eancia (SBPC). Coordena as linhas de pesquisa em &#8216;Epidemiologia das Doen\u00e7as Cardiovasculares&#8217; e &#8216;Fisiopatologia Cardiovascular&#8217;, com \u00eanfase em estudos nas \u00e1reas de infarto do mioc\u00e1rdio e hipertens\u00e3o arterial. \u00c9 pesquisador 1A do CNPq e coordenador do Centro de Investiga\u00e7\u00e3o ELSA (Estudo Longitudinal de Sa\u00fade do Adulto) no Esp\u00edrito Santo. Atualmente ocupa o cargo de Gerente de Ensino e Pesquisa no Hospital Universit\u00e1rio Cassiano Antonio Moraes (HUCAM-Ebserh) da UFES.<\/p>\r\n\r\n\r\n\r\n<p>Curr\u00edculo lattes:\u00a0<a href=\"http:\/\/lattes.cnpq.br\/2497419234600362\" target=\"_blank\" rel=\"noreferrer noopener\">http:\/\/lattes.cnpq.br\/2497419234600362<\/a><\/p>\r\n\r\n\r\n\r\n<p>&nbsp;<\/p>\r\n\r\n\r\n\r\n\r\n\r\n<p>&nbsp;<\/p>\r\n\r\n\r\n\r\n<p><strong>Dr. Valerio Garrone Barauna<\/strong><\/p>\r\n\r\n\r\n\r\n<figure class=\"wp-block-image is-resized\"><img loading=\"lazy\" decoding=\"async\" class=\"alignleft\" src=\"http:\/\/servicosweb.cnpq.br\/wspessoa\/servletrecuperafoto?tipo=1&amp;id=K4701108A9\" alt=\"\" width=\"133\" height=\"148\" \/><\/figure>\r\n\r\n\r\n\r\n<p style=\"text-align: justify\">Possui gradua\u00e7\u00e3o em Educa\u00e7\u00e3o F\u00edsica pela Universidade de S\u00e3o Paulo (EEFE-USP, 2003), mestrado em Educa\u00e7\u00e3o F\u00edsica pela Universidade de S\u00e3o Paulo (EEFE-USP, 2006), doutorado em Ci\u00eancias (\u00eanfase em cardiologia) pela Faculdade de Medicina da Universidade de S\u00e3o Paulo no Laborat\u00f3rio de Gen\u00e9tica e Cardiologia Molecular (FM-USP, 2009) e p\u00f3s-doutorado pela Johns Hopkins Hospital em Baltimore, EUA e pelo Laborat\u00f3rio de Gen\u00e9tica e Cardiologia Molecular do InCor-FM\/USP. Atualmente \u00e9 professor de Fisiologia Humana e do Exerc\u00edcio F\u00edsico no Dept. de Ci\u00eancias Fisiol\u00f3gicas (UFES). Tem experi\u00eancia na \u00e1rea de fisiologia cardiovascular e biologia molecular. Investiga principalmente nos seguintes temas: Fisiologia e Biologia Molecular do Exerc\u00edcio F\u00edsico, cfDNA, Espectroscopia Vibracional e Biomarcadores na Doen\u00e7a e no Exerc\u00edcio F\u00edsico. \u00c9 orientador de mestrado e doutorado no Programa de P\u00f3s-Gradua\u00e7\u00e3o em Ci\u00eancias Fisiol\u00f3gicas\/UFES.\u00a0<\/p>\r\n\r\n\r\n\r\n<p>Curr\u00edculo lattes: <a href=\"http:\/\/lattes.cnpq.br\/158388256444742\">http:\/\/lattes.cnpq.br\/158388256444742<\/a><\/p>\r\n<p style=\"text-align: left\">\u00a0<\/p>\r\n<p>&nbsp;<\/p>\r\n<p><strong>Centro de Pesquisa e Desenvolvimento Leopoldo Am\u00e9rico Migu\u00eaz de Mello (CENPES)<\/strong><\/p>\r\n<p><img loading=\"lazy\" decoding=\"async\" class=\"wp-image-1334 size-thumbnail alignleft\" src=\"https:\/\/site.ifes.edu.br\/cmvv\/wp-content\/uploads\/sites\/19\/2024\/11\/CONFIES-RIO-CENPS-13abril2023-600x342-1-150x150.jpeg\" alt=\"\" width=\"150\" height=\"150\" srcset=\"https:\/\/site.ifes.edu.br\/cmvv\/wp-content\/uploads\/sites\/19\/2024\/11\/CONFIES-RIO-CENPS-13abril2023-600x342-1-150x150.jpeg 150w, https:\/\/site.ifes.edu.br\/cmvv\/wp-content\/uploads\/sites\/19\/2024\/11\/CONFIES-RIO-CENPS-13abril2023-600x342-1-100x100.jpeg 100w\" sizes=\"(max-width: 150px) 100vw, 150px\" \/><\/p>\r\n<p style=\"text-align: justify\">CENPES \u00e9 uma refer\u00eancia global ao integrar tecnologia, pesquisa aplicada e sustentabilidade \u00e0 ind\u00fastria petroleira, consolidando-se como um dos maiores complexos de pesquisa para o setor energ\u00e9tico no mundo. A colabora\u00e7\u00e3o atual com o CENPES visa adquirir, instalar e implementar equipamentos anal\u00edticos avan\u00e7ados para aprimorar a infraestrutura necess\u00e1ria ao estudo das propriedades f\u00edsico-qu\u00edmicas do petr\u00f3leo e de suas fra\u00e7\u00f5es.<\/p>\r\n<p>Site:\u00a0<a href=\"https:\/\/www.petrobras.com.br\/\" target=\"_blank\" rel=\"noopener\">Petrobras<\/a><\/p>\r\n<p>&nbsp;<\/p>\r\n<p>&nbsp;<\/p>\r\n<p><strong>Pol\u00edcia Civil do Estado do Esp\u00edrito Santo (PCES)<\/strong><\/p>\r\n<p><img loading=\"lazy\" decoding=\"async\" class=\"wp-image-1339 alignleft\" src=\"https:\/\/site.ifes.edu.br\/cmvv\/wp-content\/uploads\/sites\/19\/2024\/11\/WhatsApp_Image_2024-11-03_at_14.28.20-removebg-preview.png\" alt=\"\" width=\"150\" height=\"198\" \/><\/p>\r\n<p style=\"text-align: justify\">Acordo de Coopera\u00e7\u00e3o T\u00e9cnica entre a Pol\u00edcia Civil do Estado do Esp\u00edrito Santo, a Universidade Federal do Estado do Esp\u00edrito Santo e o Instituto Federal de Educa\u00e7\u00e3o, Ci\u00eancia e Tecnologia do Esp\u00edrito Santo. O presente instrumento tem por objetivo a coopera\u00e7\u00e3o t\u00e9cnica entre os part\u00edcipes, com vistas ao desenvolvimento de projetos e a\u00e7\u00f5es de interesse comum, voltados para o ensino, pesquisa e extens\u00e3o, treinamento de recursos humanos, desenvolvimento e compartilhamento de tecnologias e conhecimentos, bem como planejamento e desenvolvimento institucional.<\/p>\r\n<p>Site:\u00a0<a href=\"https:\/\/pc.es.gov.br\/\" target=\"_blank\" rel=\"noopener\">PCES<\/a><\/p>\r\n<p>&nbsp;<\/p>\r\n<p>&nbsp;<\/p>\r\n<p><strong>Pol\u00edcia Cient\u00edfica do Estado do Esp\u00edrito Santo (PCIES)<\/strong><\/p>\r\n<p><img loading=\"lazy\" decoding=\"async\" class=\" wp-image-1335 alignleft\" src=\"https:\/\/site.ifes.edu.br\/cmvv\/wp-content\/uploads\/sites\/19\/2024\/11\/1.png\" alt=\"\" width=\"150\" height=\"176\" \/><\/p>\r\n<p style=\"text-align: justify\">A PCIES colabora no projeto de pesquisa para o Desenvolvimento do N\u00facleo de Excel\u00eancia em Ci\u00eancias Forenses e Qu\u00edmica dos Alimentos do Esp\u00edrito Santo, com o objetivo de estabelecer um centro de excel\u00eancia voltado para o estudo e cria\u00e7\u00e3o de metodologias anal\u00edticas inovadoras. Este n\u00facleo busca facilitar a resolu\u00e7\u00e3o de desafios na \u00e1rea de Qu\u00edmica Forense e Qu\u00edmica de Alimentos, utilizando t\u00e9cnicas avan\u00e7adas, como espectrometria, espectroscopia e m\u00e9todos eletroanal\u00edticos.<\/p>\r\n<p>Site:\u00a0<a href=\"https:\/\/pci.es.gov.br\/\" target=\"_blank\" rel=\"noopener\">PCIES<\/a><\/p>\r\n<p>&nbsp;<\/p>\r\n<p>&nbsp;<\/p>\r\n<p><strong>Georgia Institute of Technology &#8211; Fern\u00e1ndez Group<\/strong><\/p>\r\n<p><img loading=\"lazy\" decoding=\"async\" class=\"wp-image-1549  alignleft\" src=\"https:\/\/site.ifes.edu.br\/cmvv\/wp-content\/uploads\/sites\/19\/2024\/11\/images-1-150x150.png\" alt=\"\" width=\"150\" height=\"150\" srcset=\"https:\/\/site.ifes.edu.br\/cmvv\/wp-content\/uploads\/sites\/19\/2024\/11\/images-1-150x150.png 150w, https:\/\/site.ifes.edu.br\/cmvv\/wp-content\/uploads\/sites\/19\/2024\/11\/images-1-100x100.png 100w, https:\/\/site.ifes.edu.br\/cmvv\/wp-content\/uploads\/sites\/19\/2024\/11\/images-1.png 225w\" sizes=\"(max-width: 150px) 100vw, 150px\" \/><\/p>\r\n<p style=\"text-align: justify\">O Laborat\u00f3rio Fern\u00e1ndez, liderado pelo Prof. Facundo Fern\u00e1ndez no Instituto de Tecnologia da Ge\u00f3rgia, \u00e9 reconhecido por sua expertise em espectrometria de massas bioanal\u00edtica, metabol\u00f4mica e desenvolvimento de instrumenta\u00e7\u00e3o anal\u00edtica. Sua colabora\u00e7\u00e3o com o CMVV fortalece pesquisas em qu\u00edmica forense e diagn\u00f3stico cl\u00ednico, integrando t\u00e9cnicas avan\u00e7adas de an\u00e1lise qu\u00edmica.<\/p>\r\n<p>Site:\u00a0<a href=\"https:\/\/sites.gatech.edu\/fernandez\/\" target=\"_blank\" rel=\"noopener\">Fern\u00e1ndez Lab<\/a><\/p>\r\n<p>&nbsp;<\/p>\r\n<p>&nbsp;<\/p>\r\n<p><strong>Universidade Federal de Goi\u00e1s &#8211; Grupo CEMEP<\/strong><\/p>\r\n<p><img loading=\"lazy\" decoding=\"async\" class=\"wp-image-1553 alignleft\" src=\"https:\/\/site.ifes.edu.br\/cmvv\/wp-content\/uploads\/sites\/19\/2024\/11\/logo_ufg.png\" alt=\"\" width=\"150\" height=\"106\" \/><\/p>\r\n<p style=\"text-align: justify\">A <strong>Universidade Federal de Goi\u00e1s (UFG)<\/strong> atua como um importante polo de pesquisa nas \u00e1reas de cromatografia e espectrometria de massas, com foco em aplica\u00e7\u00f5es para petrole\u00f4mica, metabol\u00f4mica, lipid\u00f4mica e qu\u00edmica forense. Em colabora\u00e7\u00e3o com o CMVV, contribui para o avan\u00e7o de projetos conjuntos que impulsionam o progresso cient\u00edfico e tecnol\u00f3gico em an\u00e1lises qu\u00edmicas complexas.<\/p>\r\n<p>Site:\u00a0<a href=\"https:\/\/cemep.quimica.ufg.br\/\" target=\"_blank\" rel=\"noopener\">CEMEP<\/a><\/p>\r\n<p>&nbsp;<\/p>\r\n","protected":false},"excerpt":{"rendered":"<p>Dr. Valdemar Lacerda J\u00fanior Bacharel em Qu\u00edmica pela Universidade Federal de Goi\u00e1s (1997), Mestre em Ci\u00eancias: \u00c1rea Qu\u00edmica, pela Universidade de S\u00e3o Paulo (2000), Doutor em Ci\u00eancias: \u00c1rea Qu\u00edmica, pela Universidade de S\u00e3o Paulo (2004), P\u00f3s-Doutor em Qu\u00edmica Org\u00e2nica, pela Universidade de S\u00e3o Paulo (2006). Professor Titular da Universidade Federal do Esp\u00edrito Santo desde 2006. &hellip; <\/p>\n<p class=\"link-more\"><a href=\"https:\/\/site.ifes.edu.br\/cmvv\/colaboradores\/\" class=\"more-link\">Continue lendo<span class=\"screen-reader-text\"> &#8220;Colaboradores&#8221;<\/span><\/a><\/p>\n","protected":false},"author":18,"featured_media":0,"parent":0,"menu_order":0,"comment_status":"closed","ping_status":"closed","template":"","meta":{"footnotes":""},"class_list":["post-109","page","type-page","status-publish","hentry"],"_links":{"self":[{"href":"https:\/\/site.ifes.edu.br\/cmvv\/wp-json\/wp\/v2\/pages\/109"}],"collection":[{"href":"https:\/\/site.ifes.edu.br\/cmvv\/wp-json\/wp\/v2\/pages"}],"about":[{"href":"https:\/\/site.ifes.edu.br\/cmvv\/wp-json\/wp\/v2\/types\/page"}],"author":[{"embeddable":true,"href":"https:\/\/site.ifes.edu.br\/cmvv\/wp-json\/wp\/v2\/users\/18"}],"replies":[{"embeddable":true,"href":"https:\/\/site.ifes.edu.br\/cmvv\/wp-json\/wp\/v2\/comments?post=109"}],"version-history":[{"count":31,"href":"https:\/\/site.ifes.edu.br\/cmvv\/wp-json\/wp\/v2\/pages\/109\/revisions"}],"predecessor-version":[{"id":2078,"href":"https:\/\/site.ifes.edu.br\/cmvv\/wp-json\/wp\/v2\/pages\/109\/revisions\/2078"}],"wp:attachment":[{"href":"https:\/\/site.ifes.edu.br\/cmvv\/wp-json\/wp\/v2\/media?parent=109"}],"curies":[{"name":"wp","href":"https:\/\/api.w.org\/{rel}","templated":true}]}}